{"id":1455,"date":"2023-06-20T08:58:21","date_gmt":"2023-06-20T05:58:21","guid":{"rendered":"https:\/\/me.yrittajat.fi\/karjalove\/?page_id=1455"},"modified":"2023-07-31T15:20:51","modified_gmt":"2023-07-31T12:20:51","slug":"saimaan-siivoustukku","status":"publish","type":"page","link":"https:\/\/me.yrittajat.fi\/karjalove\/saimaan-siivoustukku\/","title":{"rendered":"Saimaan Siivoustukku"},"content":{"rendered":"\n<p>Saimaan\u00a0Siivoustukku on Etel\u00e4-Karjalainen\u00a0siivousaineita, -v\u00e4lineit\u00e4 ja<br>-koneita myyv\u00e4 yritys.<br>Valikoimiimme kuuluvat my\u00f6s kerta-astiat, hoiva-, hygienia-ja<br>pehmopaperituotteet sek\u00e4 j\u00e4teastiat.<\/p>\n\n\n\n<p>Palvelemme julkista sektoria, yrityksi\u00e4 sek\u00e4 kotitalouksia<\/p>\n\n\n\n<p>Liikkeemme on avoinna ma \u2013 pe 8.30 \u2013 16.00<\/p>\n\n\n\n<p><\/p>\n\n\n\n<h3 class=\"wp-block-heading\">Yhteystiedot<\/h3>\n\n\n\n<p>Kaakkoiskaari 18 A 26,(sis\u00e4piha)<br>53500 Lappeenranta<\/p>\n\n\n\n<p>Tavoitat meid\u00e4t puhelimitse 0104701905<br>S\u00e4hk\u00f6postiosoitteemme tilaus@saimaansiivoustukku<br><a href=\"http:\/\/www.saimaansiivoustukku.fi\/\" target=\"_blank\" rel=\"noreferrer noopener\">www.saimaansiivoustukku.fi<\/a><br>Instagram @saimaan_siivoustukku<\/p>\n","protected":false},"excerpt":{"rendered":"<p>Saimaan\u00a0Siivoustukku on Etel\u00e4-Karjalainen\u00a0siivousaineita, -v\u00e4lineit\u00e4 ja-koneita myyv\u00e4 yritys.Valikoimiimme kuuluvat my\u00f6s kerta-astiat, hoiva-, hygienia-japehmopaperituotteet sek\u00e4 j\u00e4teastiat. Palvelemme julkista sektoria, yrityksi\u00e4 sek\u00e4 kotitalouksia Liikkeemme on avoinna ma \u2013 pe 8.30 \u2013 16.00 Yhteystiedot Kaakkoiskaari 18 A 26,(sis\u00e4piha)53500 Lappeenranta Tavoitat meid\u00e4t puhelimitse 0104701905S\u00e4hk\u00f6postiosoitteemme tilaus@saimaansiivoustukkuwww.saimaansiivoustukku.fiInstagram @saimaan_siivoustukku<\/p>\n","protected":false},"author":23,"featured_media":0,"parent":0,"menu_order":0,"comment_status":"closed","ping_status":"closed","template":"","meta":{"_acf_changed":false,"footnotes":""},"class_list":["post-1455","page","type-page","status-publish","hentry"],"acf":[],"_links":{"self":[{"href":"https:\/\/me.yrittajat.fi\/karjalove\/wp-json\/wp\/v2\/pages\/1455","targetHints":{"allow":["GET"]}}],"collection":[{"href":"https:\/\/me.yrittajat.fi\/karjalove\/wp-json\/wp\/v2\/pages"}],"about":[{"href":"https:\/\/me.yrittajat.fi\/karjalove\/wp-json\/wp\/v2\/types\/page"}],"author":[{"embeddable":true,"href":"https:\/\/me.yrittajat.fi\/karjalove\/wp-json\/wp\/v2\/users\/23"}],"replies":[{"embeddable":true,"href":"https:\/\/me.yrittajat.fi\/karjalove\/wp-json\/wp\/v2\/comments?post=1455"}],"version-history":[{"count":2,"href":"https:\/\/me.yrittajat.fi\/karjalove\/wp-json\/wp\/v2\/pages\/1455\/revisions"}],"predecessor-version":[{"id":1695,"href":"https:\/\/me.yrittajat.fi\/karjalove\/wp-json\/wp\/v2\/pages\/1455\/revisions\/1695"}],"wp:attachment":[{"href":"https:\/\/me.yrittajat.fi\/karjalove\/wp-json\/wp\/v2\/media?parent=1455"}],"curies":[{"name":"wp","href":"https:\/\/api.w.org\/{rel}","templated":true}]}}