{"id":1587,"date":"2023-06-28T14:00:19","date_gmt":"2023-06-28T11:00:19","guid":{"rendered":"https:\/\/me.yrittajat.fi\/karjalove\/?page_id=1587"},"modified":"2023-06-28T14:03:24","modified_gmt":"2023-06-28T11:03:24","slug":"karoliina-kynttila","status":"publish","type":"page","link":"https:\/\/me.yrittajat.fi\/karjalove\/karoliina-kynttila\/","title":{"rendered":"Karoliina Kynttil\u00e4"},"content":{"rendered":"\n<p>Nyky\u00e4\u00e4n Karoliinat valan min\u00e4 Riia, toisen sukupolven kynttil\u00e4nvalaja.<br>Paja sijaitsee Lappeenrannassa Yllikk\u00e4l\u00e4n kyl\u00e4ss\u00e4 upeissa tiloissa<br>pihapiiriss\u00e4mme olevassa vanhassa navettassa.<br>Samassa tilassa toimii my\u00f6s tunnelmallinen pajamyym\u00e4l\u00e4.<br>J\u00e4rjest\u00e4n pajalla my\u00f6s suosittuja kynttil\u00e4kursseja<br>esimerkiksi Tyhy-p\u00e4ivien, syntt\u00e4reiden ja polttareiden ohjelmaksi.<\/p>\n\n\n\n<p>Kynttil\u00f6ill\u00e4 on uskomattoman suuri vaikutus tunnelmaan.<br>Hehkuva, kauniisti palava kynttil\u00e4 tuo tilaan l\u00e4mmint\u00e4 tunnelmaa,<br>l\u00e4mp\u00f6\u00e4 ja kaunista valoa.<br>Kynttil\u00e4ll\u00e4 on helppo tehd\u00e4 arkisestakin hetkest\u00e4 juhlava.<\/p>\n\n\n\n<p>Haluan Karoliinojen v\u00e4lityksell\u00e4 jakaa l\u00e4mp\u00f6\u00e4, iloa, valoa!<\/p>\n\n\n\n<p>L\u00e4mpim\u00e4sti tervetuloa tutustumaan valikoimaan!<\/p>\n\n\n\n<p>Tunnelmallisin terveisin, Riia \u2764\ufe0f<\/p>\n\n\n<div class=\"wp-block-image\">\n<figure class=\"alignright size-large is-resized\"><img loading=\"lazy\" decoding=\"async\" src=\"https:\/\/me.yrittajat.fi\/karjalove\/app\/uploads\/sites\/65\/2023\/06\/karoliina-kynttila-kuva-1024x347.jpg\" alt=\"\" class=\"wp-image-1591\" width=\"429\" height=\"144\" srcset=\"https:\/\/me.yrittajat.fi\/app\/uploads\/sites\/65\/2023\/06\/karoliina-kynttila-kuva-1024x347.jpg 1024w, https:\/\/me.yrittajat.fi\/app\/uploads\/sites\/65\/2023\/06\/karoliina-kynttila-kuva-300x102.jpg 300w, https:\/\/me.yrittajat.fi\/app\/uploads\/sites\/65\/2023\/06\/karoliina-kynttila-kuva-768x260.jpg 768w, https:\/\/me.yrittajat.fi\/app\/uploads\/sites\/65\/2023\/06\/karoliina-kynttila-kuva-1536x520.jpg 1536w, https:\/\/me.yrittajat.fi\/app\/uploads\/sites\/65\/2023\/06\/karoliina-kynttila-kuva-2048x694.jpg 2048w\" sizes=\"auto, (max-width: 429px) 100vw, 429px\" \/><\/figure><\/div>\n\n\n<h2 class=\"wp-block-heading\">Yhteystiedot<\/h2>\n\n\n\n<p>Riia Laitinen<br>Karoliina Kynttil\u00e4<br>050 511 4792<br>karoliina.kynttila@kolumbus.fi<br><a rel=\"noreferrer noopener\" href=\"http:\/\/www.kynttila.fi\/\" target=\"_blank\">www.kynttila.fi<\/a><\/p>\n","protected":false},"excerpt":{"rendered":"<p>Nyky\u00e4\u00e4n Karoliinat valan min\u00e4 Riia, toisen sukupolven kynttil\u00e4nvalaja.Paja sijaitsee Lappeenrannassa Yllikk\u00e4l\u00e4n kyl\u00e4ss\u00e4 upeissa tiloissapihapiiriss\u00e4mme olevassa vanhassa navettassa.Samassa tilassa toimii my\u00f6s tunnelmallinen pajamyym\u00e4l\u00e4.J\u00e4rjest\u00e4n pajalla my\u00f6s suosittuja kynttil\u00e4kurssejaesimerkiksi Tyhy-p\u00e4ivien, syntt\u00e4reiden ja polttareiden ohjelmaksi. Kynttil\u00f6ill\u00e4 on uskomattoman suuri vaikutus tunnelmaan.Hehkuva, kauniisti palava kynttil\u00e4 tuo tilaan l\u00e4mmint\u00e4 tunnelmaa,l\u00e4mp\u00f6\u00e4 ja kaunista valoa.Kynttil\u00e4ll\u00e4 on helppo tehd\u00e4 arkisestakin hetkest\u00e4 juhlava. Haluan Karoliinojen &hellip; <a href=\"https:\/\/me.yrittajat.fi\/karjalove\/karoliina-kynttila\/\">Lue lis\u00e4\u00e4<\/a><\/p>\n","protected":false},"author":23,"featured_media":0,"parent":0,"menu_order":0,"comment_status":"closed","ping_status":"closed","template":"","meta":{"_acf_changed":false,"footnotes":""},"class_list":["post-1587","page","type-page","status-publish","hentry"],"acf":[],"_links":{"self":[{"href":"https:\/\/me.yrittajat.fi\/karjalove\/wp-json\/wp\/v2\/pages\/1587","targetHints":{"allow":["GET"]}}],"collection":[{"href":"https:\/\/me.yrittajat.fi\/karjalove\/wp-json\/wp\/v2\/pages"}],"about":[{"href":"https:\/\/me.yrittajat.fi\/karjalove\/wp-json\/wp\/v2\/types\/page"}],"author":[{"embeddable":true,"href":"https:\/\/me.yrittajat.fi\/karjalove\/wp-json\/wp\/v2\/users\/23"}],"replies":[{"embeddable":true,"href":"https:\/\/me.yrittajat.fi\/karjalove\/wp-json\/wp\/v2\/comments?post=1587"}],"version-history":[{"count":4,"href":"https:\/\/me.yrittajat.fi\/karjalove\/wp-json\/wp\/v2\/pages\/1587\/revisions"}],"predecessor-version":[{"id":1594,"href":"https:\/\/me.yrittajat.fi\/karjalove\/wp-json\/wp\/v2\/pages\/1587\/revisions\/1594"}],"wp:attachment":[{"href":"https:\/\/me.yrittajat.fi\/karjalove\/wp-json\/wp\/v2\/media?parent=1587"}],"curies":[{"name":"wp","href":"https:\/\/api.w.org\/{rel}","templated":true}]}}