{"id":1597,"date":"2023-06-28T14:11:03","date_gmt":"2023-06-28T11:11:03","guid":{"rendered":"https:\/\/me.yrittajat.fi\/karjalove\/?page_id=1597"},"modified":"2023-06-28T15:13:43","modified_gmt":"2023-06-28T12:13:43","slug":"keskustan-fysioterapia","status":"publish","type":"page","link":"https:\/\/me.yrittajat.fi\/karjalove\/keskustan-fysioterapia\/","title":{"rendered":"Keskustan Fysioterapia"},"content":{"rendered":"\n<p>Monipuoliset ja yksil\u00f6lliset fysio- ja lymfaterapiapalvelut kokonaisvaltaisesti aivan Lappeenrannan ydinkeskustasta!<\/p>\n\n\n\n<p>Palvelut:<\/p>\n\n\n\n<ul class=\"wp-block-list\">\n<li>Tuki- ja liikuntaelin fysioterapia<\/li>\n\n\n\n<li>Fysioterapian suoravastaanotto<\/li>\n\n\n\n<li>Purenta- ja leukanivelten toimintah\u00e4iri\u00f6t (TMD)<\/li>\n\n\n\n<li>Voicemassage<\/li>\n\n\n\n<li>Faskiak\u00e4sittelyt- ja teippaukset<\/li>\n\n\n\n<li>Ik\u00e4\u00e4ntyvien ja muistisairaiden kuntoutus (geriatr. ft)<\/li>\n\n\n\n<li>Lymfaterapia<\/li>\n\n\n\n<li>L\u00e4\u00e4kinn\u00e4llisten kompressiotuotteiden, hoitosukkien- ja hihojen mittaus ja myynti<\/li>\n\n\n\n<li>Spiraalistabilaatio yksil\u00f6ohjaus<\/li>\n\n\n\n<li>Kuumakivihieronta<\/li>\n\n\n\n<li>Hieronta<\/li>\n\n\n\n<li>Parafiinihoidot<\/li>\n\n\n\n<li>epassi ja smartum k\u00e4yv\u00e4t maksuv\u00e4linein\u00e4. Olemme EKHVA:N hyv\u00e4ksym\u00e4 palveluseteliyritys. <\/li>\n<\/ul>\n\n\n\n<h2 class=\"wp-block-heading\">Yhteystiedot<\/h2>\n\n\n<div class=\"wp-block-image\">\n<figure class=\"alignright size-full is-resized\"><img loading=\"lazy\" decoding=\"async\" src=\"https:\/\/me.yrittajat.fi\/karjalove\/app\/uploads\/sites\/65\/2023\/06\/keskustan-fysioterapia-karjalove.jpg\" alt=\"\" class=\"wp-image-1601\" width=\"376\" height=\"250\" srcset=\"https:\/\/me.yrittajat.fi\/app\/uploads\/sites\/65\/2023\/06\/keskustan-fysioterapia-karjalove.jpg 900w, https:\/\/me.yrittajat.fi\/app\/uploads\/sites\/65\/2023\/06\/keskustan-fysioterapia-karjalove-300x200.jpg 300w, https:\/\/me.yrittajat.fi\/app\/uploads\/sites\/65\/2023\/06\/keskustan-fysioterapia-karjalove-768x513.jpg 768w, https:\/\/me.yrittajat.fi\/app\/uploads\/sites\/65\/2023\/06\/keskustan-fysioterapia-karjalove-668x445.jpg 668w\" sizes=\"auto, (max-width: 376px) 100vw, 376px\" \/><\/figure><\/div>\n\n\n<p>Valtakatu 37 C 24<br>53100 Lappeenranta<br>puh. 054 514 844\u00a0<br>satu.pankka@keskustanfysioterapia.fi <br><a rel=\"noreferrer noopener\" href=\"https:\/\/www.assigroup.fi\" target=\"_blank\">www.keskustanfysioterapia.fi<\/a><\/p>\n\n\n\n<p><br><\/p>\n","protected":false},"excerpt":{"rendered":"<p>Monipuoliset ja yksil\u00f6lliset fysio- ja lymfaterapiapalvelut kokonaisvaltaisesti aivan Lappeenrannan ydinkeskustasta! Palvelut: Yhteystiedot Valtakatu 37 C 2453100 Lappeenrantapuh. 054 514 844\u00a0satu.pankka@keskustanfysioterapia.fi www.keskustanfysioterapia.fi<\/p>\n","protected":false},"author":23,"featured_media":0,"parent":0,"menu_order":0,"comment_status":"closed","ping_status":"closed","template":"","meta":{"_acf_changed":false,"footnotes":""},"class_list":["post-1597","page","type-page","status-publish","hentry"],"acf":[],"_links":{"self":[{"href":"https:\/\/me.yrittajat.fi\/karjalove\/wp-json\/wp\/v2\/pages\/1597","targetHints":{"allow":["GET"]}}],"collection":[{"href":"https:\/\/me.yrittajat.fi\/karjalove\/wp-json\/wp\/v2\/pages"}],"about":[{"href":"https:\/\/me.yrittajat.fi\/karjalove\/wp-json\/wp\/v2\/types\/page"}],"author":[{"embeddable":true,"href":"https:\/\/me.yrittajat.fi\/karjalove\/wp-json\/wp\/v2\/users\/23"}],"replies":[{"embeddable":true,"href":"https:\/\/me.yrittajat.fi\/karjalove\/wp-json\/wp\/v2\/comments?post=1597"}],"version-history":[{"count":3,"href":"https:\/\/me.yrittajat.fi\/karjalove\/wp-json\/wp\/v2\/pages\/1597\/revisions"}],"predecessor-version":[{"id":1602,"href":"https:\/\/me.yrittajat.fi\/karjalove\/wp-json\/wp\/v2\/pages\/1597\/revisions\/1602"}],"wp:attachment":[{"href":"https:\/\/me.yrittajat.fi\/karjalove\/wp-json\/wp\/v2\/media?parent=1597"}],"curies":[{"name":"wp","href":"https:\/\/api.w.org\/{rel}","templated":true}]}}