{"id":1704,"date":"2023-07-31T15:34:45","date_gmt":"2023-07-31T12:34:45","guid":{"rendered":"https:\/\/me.yrittajat.fi\/karjalove\/?page_id=1704"},"modified":"2023-08-17T13:42:38","modified_gmt":"2023-08-17T10:42:38","slug":"tilikarelia","status":"publish","type":"page","link":"https:\/\/me.yrittajat.fi\/karjalove\/tilikarelia\/","title":{"rendered":"Tilikarelia"},"content":{"rendered":"\n<p>Olemme Lappeenrannassa toimiva monipuolinen tilitoimisto. Toimitilamme sijaitsevat viihtyis\u00e4ll\u00e4 Rakuunam\u00e4ell\u00e4, johon on hyv\u00e4t kulkuyhteydet keskustasta ja helppo tulla autoillenkin hyvien paikoitustilojen johdosta.<\/p>\n\n\n\n<p>Asiakkaamme ovat p\u00e4\u00e4osin Etel\u00e4-Karjalasta, mutta hyv\u00e4t ajantasaiset ohjelmamme mahdollistavat palveluiden tuottamisen yli maakuntarajojen. Meill\u00e4 asiakas saa aina henkil\u00f6kohtaista palvelua ja osaamista l\u00f6ytyy laajasti taloushallinnon saralta sek\u00e4 palkka- ja henkil\u00f6st\u00f6hallinnosta. Palvelut r\u00e4\u00e4t\u00e4l\u00f6id\u00e4\u00e4n asiakkaan tarpeiden ja toiveiden mukaisesti, jolloin asiakas maksaa vain niist\u00e4 palveluista, joita tarvitsee. Asiakkaalla on my\u00f6s mahdollisuus vaikuttaa siihen, mit\u00e4 haluaa hoitaa itse ja mit\u00e4 j\u00e4\u00e4 tilitoimiston vastuulle.<\/p>\n\n\n\n<p>Tilikarelia&nbsp;on auktorisoitu tilitoimisto, mik\u00e4 tekee meist\u00e4 luotettavan yhteisty\u00f6kumppanin. Meill\u00e4 on yhdeks\u00e4n kirjanpit\u00e4j\u00e4\u00e4, joista kolmella on KLT-tutkinto ja yhdell\u00e4 PHT tutkinto. Panostamme henkil\u00f6st\u00f6n osaamiseen ja kouluttamiseen. Meille on t\u00e4rke\u00e4\u00e4, ett\u00e4 voimme omalla osaamisellamme tarjota asiakkaalle ajantasaista tietoa. Hyv\u00e4t ja ajantasaiset taloushallinnon ohjelmistot varmistavat sen, ett\u00e4 asiakkaalla on k\u00e4yt\u00f6ss\u00e4\u00e4n reaaliaikaisia lukuja yrityksen taloudesta p\u00e4\u00e4t\u00f6ksenteon tueksi.<\/p>\n\n\n\n<p>Tilikarelia&nbsp;on saanut alkunsa vuonna 1974, jolloin Pekka Multanen perusti Tili- ja Is\u00e4nn\u00f6intitoimisto Pekka Multanen &amp; kumpp. -nimisen yrityksen. Yritys tuotti alkuun tilitoimisto sek\u00e4 is\u00e4nn\u00f6intipalveluita aina vuoteen 1977 saakka, jolloin is\u00e4nn\u00f6inti ja tilitoimistotoiminta eriytettiin omiksi yhti\u00f6ikseen.&nbsp;Tilikarelia&nbsp;Oy nimell\u00e4 yritys on toiminut vuodesta 1981 alkaen.&nbsp;Tilikareliasta tuli vuonna 2017 osa REIM Group konsernia. REIM Group on yksityisesti omistettu is\u00e4nn\u00f6inti- ja tilitoimisto palveluita tarjoava konserni. Koko konsernin palveluksessa on noin 200 ty\u00f6ntekij\u00e4\u00e4, 15 eri paikkakunnalla.&nbsp;<\/p>\n\n\n\n<p>Meill\u00e4 on Suomalaisen Ty\u00f6n Liiton Avainlippu. <\/p>\n\n\n\n<p>&nbsp;&nbsp;&nbsp;&nbsp;&nbsp;&nbsp;&nbsp;&nbsp;&nbsp;&nbsp;&nbsp;&nbsp;&nbsp;&nbsp;&nbsp;&nbsp;&nbsp;&nbsp;&nbsp;&nbsp;&nbsp;&nbsp;&nbsp;&nbsp;&nbsp;&nbsp;&nbsp;&nbsp;&nbsp;&nbsp;&nbsp;&nbsp;&nbsp;&nbsp;&nbsp;&nbsp;&nbsp;&nbsp;&nbsp;&nbsp;&nbsp;&nbsp;&nbsp;&nbsp;&nbsp;&nbsp;&nbsp;&nbsp;&nbsp;&nbsp;&nbsp;&nbsp;&nbsp;&nbsp;&nbsp;&nbsp;&nbsp;&nbsp;&nbsp;&nbsp;&nbsp;&nbsp;&nbsp;&nbsp;&nbsp;&nbsp;&nbsp;&nbsp;&nbsp;&nbsp;&nbsp;&nbsp;&nbsp;&nbsp;&nbsp;&nbsp;<\/p>\n\n\n\n<h3 class=\"wp-block-heading\">Yhteystiedot<\/h3>\n\n\n<div class=\"wp-block-image\">\n<figure class=\"alignright size-large is-resized\"><img loading=\"lazy\" decoding=\"async\" src=\"https:\/\/me.yrittajat.fi\/karjalove\/app\/uploads\/sites\/65\/2023\/08\/tilikarelia-kuva-1024x683.jpeg\" alt=\"\" class=\"wp-image-2054\" width=\"402\" height=\"268\" srcset=\"https:\/\/me.yrittajat.fi\/app\/uploads\/sites\/65\/2023\/08\/tilikarelia-kuva-1024x683.jpeg 1024w, https:\/\/me.yrittajat.fi\/app\/uploads\/sites\/65\/2023\/08\/tilikarelia-kuva-300x200.jpeg 300w, https:\/\/me.yrittajat.fi\/app\/uploads\/sites\/65\/2023\/08\/tilikarelia-kuva-768x512.jpeg 768w, https:\/\/me.yrittajat.fi\/app\/uploads\/sites\/65\/2023\/08\/tilikarelia-kuva-1536x1025.jpeg 1536w, https:\/\/me.yrittajat.fi\/app\/uploads\/sites\/65\/2023\/08\/tilikarelia-kuva-668x445.jpeg 668w, https:\/\/me.yrittajat.fi\/app\/uploads\/sites\/65\/2023\/08\/tilikarelia-kuva.jpeg 1772w\" sizes=\"auto, (max-width: 402px) 100vw, 402px\" \/><\/figure><\/div>\n\n\n<p>V\u00e4in\u00f6 Valveen katu 2<br>53900 Lappeenranta<br>puh. 0207 497 348<br>s-posti: <a href=\"mailto:marika.jurvanen@tilikarelia.fi\">marika.jurvanen@tilikarelia.fi<\/a><br><a rel=\"noreferrer noopener\" href=\"http:\/\/www.tilikarelia.fi\/\" target=\"_blank\">www.tilikarelia.fi<\/a><\/p>\n\n\n\n<p><a href=\"http:\/\/facebook.com\/Tilikarelia\" data-type=\"URL\" data-id=\"facebook.com\/Tilikarelia\">facebook.com\/Tilikarelia<\/a><br><br><\/p>\n","protected":false},"excerpt":{"rendered":"<p>Olemme Lappeenrannassa toimiva monipuolinen tilitoimisto. Toimitilamme sijaitsevat viihtyis\u00e4ll\u00e4 Rakuunam\u00e4ell\u00e4, johon on hyv\u00e4t kulkuyhteydet keskustasta ja helppo tulla autoillenkin hyvien paikoitustilojen johdosta. Asiakkaamme ovat p\u00e4\u00e4osin Etel\u00e4-Karjalasta, mutta hyv\u00e4t ajantasaiset ohjelmamme mahdollistavat palveluiden tuottamisen yli maakuntarajojen. Meill\u00e4 asiakas saa aina henkil\u00f6kohtaista palvelua ja osaamista l\u00f6ytyy laajasti taloushallinnon saralta sek\u00e4 palkka- ja henkil\u00f6st\u00f6hallinnosta. Palvelut r\u00e4\u00e4t\u00e4l\u00f6id\u00e4\u00e4n asiakkaan tarpeiden ja &hellip; <a href=\"https:\/\/me.yrittajat.fi\/karjalove\/tilikarelia\/\">Lue lis\u00e4\u00e4<\/a><\/p>\n","protected":false},"author":23,"featured_media":0,"parent":0,"menu_order":0,"comment_status":"closed","ping_status":"closed","template":"","meta":{"_acf_changed":false,"footnotes":""},"class_list":["post-1704","page","type-page","status-publish","hentry"],"acf":[],"_links":{"self":[{"href":"https:\/\/me.yrittajat.fi\/karjalove\/wp-json\/wp\/v2\/pages\/1704","targetHints":{"allow":["GET"]}}],"collection":[{"href":"https:\/\/me.yrittajat.fi\/karjalove\/wp-json\/wp\/v2\/pages"}],"about":[{"href":"https:\/\/me.yrittajat.fi\/karjalove\/wp-json\/wp\/v2\/types\/page"}],"author":[{"embeddable":true,"href":"https:\/\/me.yrittajat.fi\/karjalove\/wp-json\/wp\/v2\/users\/23"}],"replies":[{"embeddable":true,"href":"https:\/\/me.yrittajat.fi\/karjalove\/wp-json\/wp\/v2\/comments?post=1704"}],"version-history":[{"count":7,"href":"https:\/\/me.yrittajat.fi\/karjalove\/wp-json\/wp\/v2\/pages\/1704\/revisions"}],"predecessor-version":[{"id":2056,"href":"https:\/\/me.yrittajat.fi\/karjalove\/wp-json\/wp\/v2\/pages\/1704\/revisions\/2056"}],"wp:attachment":[{"href":"https:\/\/me.yrittajat.fi\/karjalove\/wp-json\/wp\/v2\/media?parent=1704"}],"curies":[{"name":"wp","href":"https:\/\/api.w.org\/{rel}","templated":true}]}}