{"id":1729,"date":"2023-08-01T09:03:07","date_gmt":"2023-08-01T06:03:07","guid":{"rendered":"https:\/\/me.yrittajat.fi\/karjalove\/?page_id=1729"},"modified":"2023-08-18T12:28:01","modified_gmt":"2023-08-18T09:28:01","slug":"karnomin-oy","status":"publish","type":"page","link":"https:\/\/me.yrittajat.fi\/karjalove\/karnomin-oy\/","title":{"rendered":"Karnomin Oy"},"content":{"rendered":"\n<p>Olen Karnomin Oy:n yritt\u00e4j\u00e4 Vesa S\u00e4rkk\u00e4. Olen Lappeenrantalainen ja omistan Etel\u00e4-Karjalan alueelta Imatran ja Lappeenrannan&nbsp;McDonald\u00b4s ravintolat. Ty\u00f6llist\u00e4mme paljon alueen nuoria ja monelle nuorelle olemmekin se ensimm\u00e4inen ty\u00f6paikka. <\/p>\n\n\n\n<h3 class=\"wp-block-heading\">Yhteystiedot<\/h3>\n\n\n\n<p>Karnomin Oy<\/p>\n\n\n\n<p>McDonald&#8217;s Imatra<br>Tainionkoskentie 5, 55100<\/p>\n\n\n\n<p>McDonald&#8217;s Lappeenranta<br>Ratakatu 29, 53100<br><\/p>\n","protected":false},"excerpt":{"rendered":"<p>Olen Karnomin Oy:n yritt\u00e4j\u00e4 Vesa S\u00e4rkk\u00e4. Olen Lappeenrantalainen ja omistan Etel\u00e4-Karjalan alueelta Imatran ja Lappeenrannan&nbsp;McDonald\u00b4s ravintolat. Ty\u00f6llist\u00e4mme paljon alueen nuoria ja monelle nuorelle olemmekin se ensimm\u00e4inen ty\u00f6paikka. Yhteystiedot Karnomin Oy McDonald&#8217;s ImatraTainionkoskentie 5, 55100 McDonald&#8217;s LappeenrantaRatakatu 29, 53100<\/p>\n","protected":false},"author":23,"featured_media":0,"parent":0,"menu_order":0,"comment_status":"closed","ping_status":"closed","template":"","meta":{"_acf_changed":false,"footnotes":""},"class_list":["post-1729","page","type-page","status-publish","hentry"],"acf":[],"_links":{"self":[{"href":"https:\/\/me.yrittajat.fi\/karjalove\/wp-json\/wp\/v2\/pages\/1729","targetHints":{"allow":["GET"]}}],"collection":[{"href":"https:\/\/me.yrittajat.fi\/karjalove\/wp-json\/wp\/v2\/pages"}],"about":[{"href":"https:\/\/me.yrittajat.fi\/karjalove\/wp-json\/wp\/v2\/types\/page"}],"author":[{"embeddable":true,"href":"https:\/\/me.yrittajat.fi\/karjalove\/wp-json\/wp\/v2\/users\/23"}],"replies":[{"embeddable":true,"href":"https:\/\/me.yrittajat.fi\/karjalove\/wp-json\/wp\/v2\/comments?post=1729"}],"version-history":[{"count":10,"href":"https:\/\/me.yrittajat.fi\/karjalove\/wp-json\/wp\/v2\/pages\/1729\/revisions"}],"predecessor-version":[{"id":2128,"href":"https:\/\/me.yrittajat.fi\/karjalove\/wp-json\/wp\/v2\/pages\/1729\/revisions\/2128"}],"wp:attachment":[{"href":"https:\/\/me.yrittajat.fi\/karjalove\/wp-json\/wp\/v2\/media?parent=1729"}],"curies":[{"name":"wp","href":"https:\/\/api.w.org\/{rel}","templated":true}]}}