{"id":191,"date":"2023-03-30T10:56:33","date_gmt":"2023-03-30T07:56:33","guid":{"rendered":"https:\/\/me.yrittajat.fi\/karjalove\/?page_id=191"},"modified":"2023-08-30T08:24:31","modified_gmt":"2023-08-30T05:24:31","slug":"eezy-vmp","status":"publish","type":"page","link":"https:\/\/me.yrittajat.fi\/karjalove\/eezy-vmp\/","title":{"rendered":"Eezy Henkil\u00f6st\u00f6palvelut"},"content":{"rendered":"\n<p>Mist\u00e4 l\u00f6yd\u00e4n vuokraty\u00f6ntekij\u00e4n avuksi sesonkiin? Miten l\u00f6yd\u00e4n parhaat osaajat vakituisiin t\u00f6ihin? Miten kehit\u00e4n henkil\u00f6st\u00f6\u00e4 ja organisaation kulttuuria, miten johdan paremmin, miten tuotan paremman asiakaskokemuksen asiakkailleni? Oli tarpeesi mik\u00e4 tahansa me autamme paikallisesti Etel\u00e4-Karjalan alueella ja sin\u00e4 voit keskitty\u00e4 ydinliiketoimintaasi. Miten voimme auttaa sinua ja sinun yrityst\u00e4si?<\/p>\n\n\n\n<p>Perheyrityksen\u00e4 vuonna 1988 aloittanut Varamiespalvelu on nyky\u00e4\u00e4n osa&nbsp;<a href=\"https:\/\/www.eezygroup.fi\/\" target=\"_blank\" rel=\"noreferrer noopener\">Eezy&nbsp;Oyj&nbsp;-konsernia<\/a>&nbsp;ja toimii nimell\u00e4&nbsp;Eezy&nbsp;Henkil\u00f6st\u00f6palvelut.&nbsp;Eezy&nbsp;Oyj on Suomen monipuolisin henkil\u00f6st\u00f6palveluja tarjoava yritys, joka tuntee ty\u00f6el\u00e4m\u00e4n Hangosta Utsjoelle ja ty\u00f6llist\u00e4\u00e4 noin 30 000 ihmist\u00e4. Fegato Oy on&nbsp;Eezyn paikallisyritys ja olemme toimineet Etel\u00e4-Karjalan alueella jo 15 vuotta. Henkil\u00f6st\u00f6vuokraus-, rekrytointi- ja HR-asiantuntijapalveluidemme sek\u00e4 organisaation kehitt\u00e4mispalveluiden avulla tuet yrityksesi kehityst\u00e4 ja kasvua ja varmistat yrityksesi kilpailukyvyn my\u00f6s tulevaisuudessa.<\/p>\n\n\n\n<h2 class=\"wp-block-heading\">Yhteystiedot<\/h2>\n\n\n\n<p>Eezy&nbsp;Henkil\u00f6st\u00f6palvelut Lappeenranta-Imatra<br>Fegato Oy<br>040 307 5600<br><a rel=\"noreferrer noopener\" href=\"mailto:merja.teitto@eezy.fi\" target=\"_blank\">lappeenranta.eezy@eezy.fi<\/a><br><a rel=\"noreferrer noopener\" href=\"https:\/\/eezy.fi\/\" target=\"_blank\">https:\/\/eezy.fi\/<\/a><\/p>\n\n\n\n<p>Kauppakeskus Galleria 2. krs<br>Kauppakatu 40, Lappeenranta<\/p>\n\n\n\n<p><\/p>\n","protected":false},"excerpt":{"rendered":"<p>Mist\u00e4 l\u00f6yd\u00e4n vuokraty\u00f6ntekij\u00e4n avuksi sesonkiin? Miten l\u00f6yd\u00e4n parhaat osaajat vakituisiin t\u00f6ihin? Miten kehit\u00e4n henkil\u00f6st\u00f6\u00e4 ja organisaation kulttuuria, miten johdan paremmin, miten tuotan paremman asiakaskokemuksen asiakkailleni? Oli tarpeesi mik\u00e4 tahansa me autamme paikallisesti Etel\u00e4-Karjalan alueella ja sin\u00e4 voit keskitty\u00e4 ydinliiketoimintaasi. Miten voimme auttaa sinua ja sinun yrityst\u00e4si? Perheyrityksen\u00e4 vuonna 1988 aloittanut Varamiespalvelu on nyky\u00e4\u00e4n osa&nbsp;Eezy&nbsp;Oyj&nbsp;-konsernia&nbsp;ja toimii &hellip; <a href=\"https:\/\/me.yrittajat.fi\/karjalove\/eezy-vmp\/\">Lue lis\u00e4\u00e4<\/a><\/p>\n","protected":false},"author":23,"featured_media":0,"parent":0,"menu_order":0,"comment_status":"closed","ping_status":"closed","template":"","meta":{"_acf_changed":false,"footnotes":""},"class_list":["post-191","page","type-page","status-publish","hentry"],"acf":[],"_links":{"self":[{"href":"https:\/\/me.yrittajat.fi\/karjalove\/wp-json\/wp\/v2\/pages\/191","targetHints":{"allow":["GET"]}}],"collection":[{"href":"https:\/\/me.yrittajat.fi\/karjalove\/wp-json\/wp\/v2\/pages"}],"about":[{"href":"https:\/\/me.yrittajat.fi\/karjalove\/wp-json\/wp\/v2\/types\/page"}],"author":[{"embeddable":true,"href":"https:\/\/me.yrittajat.fi\/karjalove\/wp-json\/wp\/v2\/users\/23"}],"replies":[{"embeddable":true,"href":"https:\/\/me.yrittajat.fi\/karjalove\/wp-json\/wp\/v2\/comments?post=191"}],"version-history":[{"count":17,"href":"https:\/\/me.yrittajat.fi\/karjalove\/wp-json\/wp\/v2\/pages\/191\/revisions"}],"predecessor-version":[{"id":2162,"href":"https:\/\/me.yrittajat.fi\/karjalove\/wp-json\/wp\/v2\/pages\/191\/revisions\/2162"}],"wp:attachment":[{"href":"https:\/\/me.yrittajat.fi\/karjalove\/wp-json\/wp\/v2\/media?parent=191"}],"curies":[{"name":"wp","href":"https:\/\/api.w.org\/{rel}","templated":true}]}}