{"id":1943,"date":"2023-08-10T09:03:43","date_gmt":"2023-08-10T06:03:43","guid":{"rendered":"https:\/\/me.yrittajat.fi\/karjalove\/?page_id=1943"},"modified":"2024-04-09T11:58:04","modified_gmt":"2024-04-09T08:58:04","slug":"sarapirtti","status":"publish","type":"page","link":"https:\/\/me.yrittajat.fi\/karjalove\/sarapirtti\/","title":{"rendered":"S\u00e4r\u00e4pirtti"},"content":{"rendered":"\n<p><strong>LEMIN\u00a0S\u00c4R\u00c4 &#8211; YKSI SUOMEN<br>SEITSEM\u00c4ST\u00c4 IHMEEST\u00c4<\/strong><\/p>\n\n\n<div class=\"wp-block-image\">\n<figure class=\"alignright size-full is-resized\"><img loading=\"lazy\" decoding=\"async\" src=\"https:\/\/me.yrittajat.fi\/karjalove\/app\/uploads\/sites\/65\/2023\/08\/lemin-sara-kuva.jpg\" alt=\"\" class=\"wp-image-1945\" width=\"261\" height=\"261\" srcset=\"https:\/\/me.yrittajat.fi\/app\/uploads\/sites\/65\/2023\/08\/lemin-sara-kuva.jpg 350w, https:\/\/me.yrittajat.fi\/app\/uploads\/sites\/65\/2023\/08\/lemin-sara-kuva-300x300.jpg 300w, https:\/\/me.yrittajat.fi\/app\/uploads\/sites\/65\/2023\/08\/lemin-sara-kuva-150x150.jpg 150w\" sizes=\"auto, (max-width: 261px) 100vw, 261px\" \/><\/figure><\/div>\n\n\n<p>Tuhatvuotisen perinteen mukaisesti valmistettu lammasherkku on suussa sulava makunautinto. <\/p>\n\n\n\n<p><\/p>\n\n\n\n<h3 class=\"wp-block-heading\">Yhteystiedot<\/h3>\n\n\n\n<p>Rantatie 1, 54710 Lemi<br>p.&nbsp;<a href=\"tel:054146470\">05 4146 470<\/a><br><a href=\"mailto:info@sarapirtti.fi\">info@sarapirtti.fi<\/a><\/p>\n","protected":false},"excerpt":{"rendered":"<p>LEMIN\u00a0S\u00c4R\u00c4 &#8211; YKSI SUOMENSEITSEM\u00c4ST\u00c4 IHMEEST\u00c4 Tuhatvuotisen perinteen mukaisesti valmistettu lammasherkku on suussa sulava makunautinto. Yhteystiedot Rantatie 1, 54710 Lemip.&nbsp;05 4146 470info@sarapirtti.fi<\/p>\n","protected":false},"author":23,"featured_media":0,"parent":0,"menu_order":0,"comment_status":"closed","ping_status":"closed","template":"","meta":{"_acf_changed":false,"footnotes":""},"class_list":["post-1943","page","type-page","status-publish","hentry"],"acf":[],"_links":{"self":[{"href":"https:\/\/me.yrittajat.fi\/karjalove\/wp-json\/wp\/v2\/pages\/1943","targetHints":{"allow":["GET"]}}],"collection":[{"href":"https:\/\/me.yrittajat.fi\/karjalove\/wp-json\/wp\/v2\/pages"}],"about":[{"href":"https:\/\/me.yrittajat.fi\/karjalove\/wp-json\/wp\/v2\/types\/page"}],"author":[{"embeddable":true,"href":"https:\/\/me.yrittajat.fi\/karjalove\/wp-json\/wp\/v2\/users\/23"}],"replies":[{"embeddable":true,"href":"https:\/\/me.yrittajat.fi\/karjalove\/wp-json\/wp\/v2\/comments?post=1943"}],"version-history":[{"count":5,"href":"https:\/\/me.yrittajat.fi\/karjalove\/wp-json\/wp\/v2\/pages\/1943\/revisions"}],"predecessor-version":[{"id":2595,"href":"https:\/\/me.yrittajat.fi\/karjalove\/wp-json\/wp\/v2\/pages\/1943\/revisions\/2595"}],"wp:attachment":[{"href":"https:\/\/me.yrittajat.fi\/karjalove\/wp-json\/wp\/v2\/media?parent=1943"}],"curies":[{"name":"wp","href":"https:\/\/api.w.org\/{rel}","templated":true}]}}