{"id":225,"date":"2023-03-30T12:35:27","date_gmt":"2023-03-30T09:35:27","guid":{"rendered":"https:\/\/me.yrittajat.fi\/karjalove\/?page_id=225"},"modified":"2023-08-02T13:38:46","modified_gmt":"2023-08-02T10:38:46","slug":"hiuspalvelu-atlantis-oy","status":"publish","type":"page","link":"https:\/\/me.yrittajat.fi\/karjalove\/hiuspalvelu-atlantis-oy\/","title":{"rendered":"Hiuspalvelu Atlantis Oy"},"content":{"rendered":"\n<p>Atlantiksen palvelut:<\/p>\n\n\n\n<p>HIUKSET:<br>\u2022 Hiustenleikkaukset<br>\u2022 V\u00e4rj\u00e4ykset erilaisin tekniikoin<br>\u2022 Hiustenpidennykset (sinetti &amp; teippi)<br>\u2022 Permanentit<br>\u2022 Kampaukset<br>\u2022 Hiustenhoidot mm. Olaplex<br>\u2022 Hiusakatemia tutkimukset &amp; hoidot (hiustenl\u00e4ht\u00f6 ja hiuspohjan&nbsp;<br>ongelmat)<br>\u2022 Meikit<br>\u2022 Ripsien &amp; Kulmien v\u00e4rj\u00e4ys<\/p>\n\n\n\n<p>ESTEETTISET HOIDOT:<br>\u2022 Akupunktio<br>\u2022 Mesoterapia-injektiohoidot<br>\u2022 Mikroneulaushoidot<br>\u2022 T\u00e4yteainehoidot<br>\u2022 Kasvohoidot<br>\u2022 Happokuorinnat<br>\u2022 Cryo luomenpoisto<br>\u2022 Kestopigmentointi<br>\u2022 Microblading<br>\u2022 Ihokarvojen poisto \/ Candying<br>Sairaanhoitaja Niina<\/p>\n\n\n\n<p>KOSMETOLOGIPALVELUT:<br>\u2022 Kasvohoidot<br>\u2022 K\u00e4sihoidot<br>\u2022 Jalkahoidot<br>\u2022 Shellac &#8211; kestolakkaus<br>\u2022 Meikit<br>\u2022 Ripsien &amp; Kulmien v\u00e4rj\u00e4ys<br>\u2022 Ihokarvojen poisto \/ Candying<\/p>\n\n\n\n<p>HYVINVOINTI:<br>\u2022 Fasciamanipulaatio<br>\u2022 Fysioterapia<br>\u2022 Hieronta<br>Fysioterapeutti AMK, Stecco Katri<\/p>\n\n\n\n<p>Laaja tuotevalikoima hiustenhoito ja -muotoilutuotteita ottaen huomioon&nbsp;<br>hajuste-\/tensidi-\/s\u00e4il\u00f6nt\u00e4aineherkkyydet, lis\u00e4kkeit\u00e4 sek\u00e4 hiusasusteita.&nbsp;<br>Lis\u00e4ksi Hiusapteekki sis\u00e4lt\u00e4en lis\u00e4ravinteita.<\/p>\n\n\n<div class=\"wp-block-image\">\n<figure class=\"alignright size-large is-resized\"><img loading=\"lazy\" decoding=\"async\" src=\"https:\/\/me.yrittajat.fi\/karjalove\/app\/uploads\/sites\/65\/2023\/08\/atlantis-819x1024.jpg\" alt=\"\" class=\"wp-image-1834\" width=\"309\" height=\"386\" srcset=\"https:\/\/me.yrittajat.fi\/app\/uploads\/sites\/65\/2023\/08\/atlantis-819x1024.jpg 819w, https:\/\/me.yrittajat.fi\/app\/uploads\/sites\/65\/2023\/08\/atlantis-240x300.jpg 240w, https:\/\/me.yrittajat.fi\/app\/uploads\/sites\/65\/2023\/08\/atlantis-768x960.jpg 768w, https:\/\/me.yrittajat.fi\/app\/uploads\/sites\/65\/2023\/08\/atlantis-1229x1536.jpg 1229w, https:\/\/me.yrittajat.fi\/app\/uploads\/sites\/65\/2023\/08\/atlantis.jpg 1536w\" sizes=\"auto, (max-width: 309px) 100vw, 309px\" \/><\/figure><\/div>\n\n\n<p>AJANVARAUS:<br><a href=\"http:\/\/www.hiuspalveluatlantis.fi\/\" target=\"_blank\" rel=\"noreferrer noopener\">www.hiuspalveluatlantis.fi<\/a><br>VERKKOKAUPPA:<br><a href=\"http:\/\/www.atlantisstore.fi\/\" target=\"_blank\" rel=\"noreferrer noopener\">www.atlantisstore.fi<\/a><\/p>\n\n\n\n<p>J\u00e4rjest\u00e4mme porukoille my\u00f6s kauneus- ja hyvinvointihetki\u00e4.<\/p>\n\n\n\n<p>L\u00e4mpim\u00e4sti tervetuloa! \u2764<\/p>\n\n\n\n<h3 class=\"wp-block-heading\">Yhteystiedot<\/h3>\n\n\n\n<p>Tainionkoskentie 68<br>Imatra 55120<br><br><\/p>\n","protected":false},"excerpt":{"rendered":"<p>Atlantiksen palvelut: HIUKSET:\u2022 Hiustenleikkaukset\u2022 V\u00e4rj\u00e4ykset erilaisin tekniikoin\u2022 Hiustenpidennykset (sinetti &amp; teippi)\u2022 Permanentit\u2022 Kampaukset\u2022 Hiustenhoidot mm. Olaplex\u2022 Hiusakatemia tutkimukset &amp; hoidot (hiustenl\u00e4ht\u00f6 ja hiuspohjan&nbsp;ongelmat)\u2022 Meikit\u2022 Ripsien &amp; Kulmien v\u00e4rj\u00e4ys ESTEETTISET HOIDOT:\u2022 Akupunktio\u2022 Mesoterapia-injektiohoidot\u2022 Mikroneulaushoidot\u2022 T\u00e4yteainehoidot\u2022 Kasvohoidot\u2022 Happokuorinnat\u2022 Cryo luomenpoisto\u2022 Kestopigmentointi\u2022 Microblading\u2022 Ihokarvojen poisto \/ CandyingSairaanhoitaja Niina KOSMETOLOGIPALVELUT:\u2022 Kasvohoidot\u2022 K\u00e4sihoidot\u2022 Jalkahoidot\u2022 Shellac &#8211; kestolakkaus\u2022 Meikit\u2022 Ripsien &amp; &hellip; <a href=\"https:\/\/me.yrittajat.fi\/karjalove\/hiuspalvelu-atlantis-oy\/\">Lue lis\u00e4\u00e4<\/a><\/p>\n","protected":false},"author":23,"featured_media":0,"parent":0,"menu_order":0,"comment_status":"closed","ping_status":"closed","template":"","meta":{"_acf_changed":false,"footnotes":""},"class_list":["post-225","page","type-page","status-publish","hentry"],"acf":[],"_links":{"self":[{"href":"https:\/\/me.yrittajat.fi\/karjalove\/wp-json\/wp\/v2\/pages\/225","targetHints":{"allow":["GET"]}}],"collection":[{"href":"https:\/\/me.yrittajat.fi\/karjalove\/wp-json\/wp\/v2\/pages"}],"about":[{"href":"https:\/\/me.yrittajat.fi\/karjalove\/wp-json\/wp\/v2\/types\/page"}],"author":[{"embeddable":true,"href":"https:\/\/me.yrittajat.fi\/karjalove\/wp-json\/wp\/v2\/users\/23"}],"replies":[{"embeddable":true,"href":"https:\/\/me.yrittajat.fi\/karjalove\/wp-json\/wp\/v2\/comments?post=225"}],"version-history":[{"count":4,"href":"https:\/\/me.yrittajat.fi\/karjalove\/wp-json\/wp\/v2\/pages\/225\/revisions"}],"predecessor-version":[{"id":1835,"href":"https:\/\/me.yrittajat.fi\/karjalove\/wp-json\/wp\/v2\/pages\/225\/revisions\/1835"}],"wp:attachment":[{"href":"https:\/\/me.yrittajat.fi\/karjalove\/wp-json\/wp\/v2\/media?parent=225"}],"curies":[{"name":"wp","href":"https:\/\/api.w.org\/{rel}","templated":true}]}}