{"id":2271,"date":"2023-12-12T08:54:30","date_gmt":"2023-12-12T06:54:30","guid":{"rendered":"https:\/\/me.yrittajat.fi\/karjalove\/?page_id=2271"},"modified":"2023-12-15T14:34:34","modified_gmt":"2023-12-15T12:34:34","slug":"etec-automation-oy","status":"publish","type":"page","link":"https:\/\/me.yrittajat.fi\/karjalove\/etec-automation-oy\/","title":{"rendered":"Etec Automation Oy"},"content":{"rendered":"\n<p>Olemme perheyritys jo vuodesta 1974. Henkil\u00f6kuntamme on koulutettua, ammattitaitoista, kokenutta ja omaa pitk\u00e4n perinteen teollisuuden, julkisen ja yksityisen sektorin palveluliiketoiminnasta. \u200bPalvelemme asiakkaitamme s\u00e4hk\u00f6-, automaatio-ja energiatekniikan hankkeissa, ohjelmointi-, huolto- ja varaosapalveluissa, sek\u00e4 muissa kunnossapito- ja p\u00e4ivystyspalveluissa yhden toimittajan kokonaisvastuumallilla.<\/p>\n\n\n\n<h3 class=\"wp-block-heading\">Yhteystiedot<\/h3>\n\n\n\n<p><a href=\"https:\/\/www.etec.fi\/\" data-type=\"URL\" data-id=\"https:\/\/www.etec.fi\/\" target=\"_blank\" rel=\"noreferrer noopener\">Tutustu lis\u00e4\u00e4<\/a><\/p>\n\n\n\n<p><\/p>\n","protected":false},"excerpt":{"rendered":"<p>Olemme perheyritys jo vuodesta 1974. Henkil\u00f6kuntamme on koulutettua, ammattitaitoista, kokenutta ja omaa pitk\u00e4n perinteen teollisuuden, julkisen ja yksityisen sektorin palveluliiketoiminnasta. \u200bPalvelemme asiakkaitamme s\u00e4hk\u00f6-, automaatio-ja energiatekniikan hankkeissa, ohjelmointi-, huolto- ja varaosapalveluissa, sek\u00e4 muissa kunnossapito- ja p\u00e4ivystyspalveluissa yhden toimittajan kokonaisvastuumallilla. Yhteystiedot Tutustu lis\u00e4\u00e4<\/p>\n","protected":false},"author":23,"featured_media":0,"parent":0,"menu_order":0,"comment_status":"closed","ping_status":"closed","template":"","meta":{"_acf_changed":false,"footnotes":""},"class_list":["post-2271","page","type-page","status-publish","hentry"],"acf":[],"_links":{"self":[{"href":"https:\/\/me.yrittajat.fi\/karjalove\/wp-json\/wp\/v2\/pages\/2271","targetHints":{"allow":["GET"]}}],"collection":[{"href":"https:\/\/me.yrittajat.fi\/karjalove\/wp-json\/wp\/v2\/pages"}],"about":[{"href":"https:\/\/me.yrittajat.fi\/karjalove\/wp-json\/wp\/v2\/types\/page"}],"author":[{"embeddable":true,"href":"https:\/\/me.yrittajat.fi\/karjalove\/wp-json\/wp\/v2\/users\/23"}],"replies":[{"embeddable":true,"href":"https:\/\/me.yrittajat.fi\/karjalove\/wp-json\/wp\/v2\/comments?post=2271"}],"version-history":[{"count":2,"href":"https:\/\/me.yrittajat.fi\/karjalove\/wp-json\/wp\/v2\/pages\/2271\/revisions"}],"predecessor-version":[{"id":2503,"href":"https:\/\/me.yrittajat.fi\/karjalove\/wp-json\/wp\/v2\/pages\/2271\/revisions\/2503"}],"wp:attachment":[{"href":"https:\/\/me.yrittajat.fi\/karjalove\/wp-json\/wp\/v2\/media?parent=2271"}],"curies":[{"name":"wp","href":"https:\/\/api.w.org\/{rel}","templated":true}]}}