{"id":2352,"date":"2023-12-12T15:14:39","date_gmt":"2023-12-12T13:14:39","guid":{"rendered":"https:\/\/me.yrittajat.fi\/karjalove\/?page_id=2352"},"modified":"2023-12-15T14:49:35","modified_gmt":"2023-12-15T12:49:35","slug":"lh-kuljetus-oy","status":"publish","type":"page","link":"https:\/\/me.yrittajat.fi\/karjalove\/lh-kuljetus-oy\/","title":{"rendered":"LH-Kuljetus Oy"},"content":{"rendered":"\n<p>LH-Kuljetus Oy tarjoaa monipuoliset&nbsp;<strong>kuljetuspalvelut Lappeenrannasta<\/strong>&nbsp;k\u00e4sin. Meilt\u00e4 saat varmasti laadukasta ja luotettavaa palvelua kaikenlaisen tavaran kuljettamiseen. Palveluvalikoimaamme kuuluvat my\u00f6s erilaiset&nbsp;<strong>vaihtolava- ja nosturipalvelut, pikarahtikuljetus, muuttopalvelut<\/strong>&nbsp;sek\u00e4 pienimuotoiset&nbsp;<strong>kaluston korjaamo- ja rengasty\u00f6t<\/strong>.<\/p>\n\n\n\n<p>Palvelemme sek\u00e4 yrityksi\u00e4 ett\u00e4 yksityisi\u00e4 tahoja ammattitaidolla. Ei ole v\u00e4li\u00e4,&nbsp;tarvitsetko pikakuljetusta yhden kerran vai jokaviikkoista,&nbsp;s\u00e4\u00e4nn\u00f6llist\u00e4 kuljetusta tai tavaran kuormausta. Palveluvalikoimastamme l\u00f6yd\u00e4t varmasti juuri sinun tarpeisiisi sopivan kuljetuspalvelua. R\u00e4\u00e4t\u00e4l\u00f6imme mielell\u00e4mme palvelumme my\u00f6s juuri sinun&nbsp;tarpeidesi&nbsp;mukaan. Voit tutustua oheisesta&nbsp;linkkipainikkeesta klikkaamalla&nbsp;tarkemmin erilaisiin kuljetus- ja jakelupalveluihimme tai&nbsp;<a href=\"https:\/\/www.lhkuljetus.fi\/yhteystiedot\" target=\"_blank\" rel=\"noreferrer noopener\">ottaa suoraan yhteytt\u00e4 meihin<\/a>.<\/p>\n\n\n\n<h3 class=\"wp-block-heading\">Yhteystiedot<\/h3>\n\n\n\n<p><a href=\"https:\/\/www.lhkuljetus.fi\/\" data-type=\"URL\" data-id=\"https:\/\/www.lhkuljetus.fi\/\">Tutustu lis\u00e4\u00e4<\/a><\/p>\n\n\n\n<p><\/p>\n","protected":false},"excerpt":{"rendered":"<p>LH-Kuljetus Oy tarjoaa monipuoliset&nbsp;kuljetuspalvelut Lappeenrannasta&nbsp;k\u00e4sin. Meilt\u00e4 saat varmasti laadukasta ja luotettavaa palvelua kaikenlaisen tavaran kuljettamiseen. Palveluvalikoimaamme kuuluvat my\u00f6s erilaiset&nbsp;vaihtolava- ja nosturipalvelut, pikarahtikuljetus, muuttopalvelut&nbsp;sek\u00e4 pienimuotoiset&nbsp;kaluston korjaamo- ja rengasty\u00f6t. Palvelemme sek\u00e4 yrityksi\u00e4 ett\u00e4 yksityisi\u00e4 tahoja ammattitaidolla. Ei ole v\u00e4li\u00e4,&nbsp;tarvitsetko pikakuljetusta yhden kerran vai jokaviikkoista,&nbsp;s\u00e4\u00e4nn\u00f6llist\u00e4 kuljetusta tai tavaran kuormausta. Palveluvalikoimastamme l\u00f6yd\u00e4t varmasti juuri sinun tarpeisiisi sopivan kuljetuspalvelua. R\u00e4\u00e4t\u00e4l\u00f6imme &hellip; <a href=\"https:\/\/me.yrittajat.fi\/karjalove\/lh-kuljetus-oy\/\">Lue lis\u00e4\u00e4<\/a><\/p>\n","protected":false},"author":23,"featured_media":0,"parent":0,"menu_order":0,"comment_status":"closed","ping_status":"closed","template":"","meta":{"_acf_changed":false,"footnotes":""},"class_list":["post-2352","page","type-page","status-publish","hentry"],"acf":[],"_links":{"self":[{"href":"https:\/\/me.yrittajat.fi\/karjalove\/wp-json\/wp\/v2\/pages\/2352","targetHints":{"allow":["GET"]}}],"collection":[{"href":"https:\/\/me.yrittajat.fi\/karjalove\/wp-json\/wp\/v2\/pages"}],"about":[{"href":"https:\/\/me.yrittajat.fi\/karjalove\/wp-json\/wp\/v2\/types\/page"}],"author":[{"embeddable":true,"href":"https:\/\/me.yrittajat.fi\/karjalove\/wp-json\/wp\/v2\/users\/23"}],"replies":[{"embeddable":true,"href":"https:\/\/me.yrittajat.fi\/karjalove\/wp-json\/wp\/v2\/comments?post=2352"}],"version-history":[{"count":2,"href":"https:\/\/me.yrittajat.fi\/karjalove\/wp-json\/wp\/v2\/pages\/2352\/revisions"}],"predecessor-version":[{"id":2519,"href":"https:\/\/me.yrittajat.fi\/karjalove\/wp-json\/wp\/v2\/pages\/2352\/revisions\/2519"}],"wp:attachment":[{"href":"https:\/\/me.yrittajat.fi\/karjalove\/wp-json\/wp\/v2\/media?parent=2352"}],"curies":[{"name":"wp","href":"https:\/\/api.w.org\/{rel}","templated":true}]}}