{"id":241,"date":"2023-03-30T13:13:22","date_gmt":"2023-03-30T10:13:22","guid":{"rendered":"https:\/\/me.yrittajat.fi\/karjalove\/?page_id=241"},"modified":"2023-08-18T12:58:49","modified_gmt":"2023-08-18T09:58:49","slug":"i-huolto-2","status":"publish","type":"page","link":"https:\/\/me.yrittajat.fi\/karjalove\/i-huolto-2\/","title":{"rendered":"I-Huolto"},"content":{"rendered":"\n<p>I-Huolto&nbsp;on perustettu vuonna 1983 eli t\u00e4n\u00e4 vuonna t\u00e4ytt\u00e4\u00e4 40-vuotta.&nbsp;I-Huolto&nbsp;on&nbsp;ilmanvaihtoalan erikoisliike ja palvelee asiakkaitaan kaikissa&nbsp;ilmanvaihtoon liittyviss\u00e4 asioissa. Hallitsemme kaikenlaiset toimiymp\u00e4rist\u00f6t tehtaasta pientaloon ja erilaisiin julkisiin tiloihin.<\/p>\n\n\n\n<p>Perheyrityksen on perustanut Jari Kauppinen ja nykyisin liiketoimintaa py\u00f6ritt\u00e4\u00e4 toisessa sukupolvessa Lauri Kauppinen.<\/p>\n\n\n\n<p>Lis\u00e4tietoja yrityksest\u00e4 saat osoitteesta :&nbsp;<a href=\"https:\/\/www.i-huolto.fi\/yritys\/\" target=\"_blank\" rel=\"noreferrer noopener\">https:\/\/www.i-huolto.fi\/yritys\/<\/a><\/p>\n\n\n\n<h2 class=\"wp-block-heading\">Yhteystiedot<\/h2>\n\n\n\n<p>Yl\u00e4niitynkatu 13 A&nbsp;<br>53550 Lappeenranta<br><a href=\"tel:+358107780500\">p. 010 778 0500<\/a><br>i-huolto(a)i-huolto.fi<br><a rel=\"noreferrer noopener\" href=\"http:\/\/www.i-huolto.fi\/\" target=\"_blank\">www.i-huolto.fi<\/a><\/p>\n","protected":false},"excerpt":{"rendered":"<p>I-Huolto&nbsp;on perustettu vuonna 1983 eli t\u00e4n\u00e4 vuonna t\u00e4ytt\u00e4\u00e4 40-vuotta.&nbsp;I-Huolto&nbsp;on&nbsp;ilmanvaihtoalan erikoisliike ja palvelee asiakkaitaan kaikissa&nbsp;ilmanvaihtoon liittyviss\u00e4 asioissa. Hallitsemme kaikenlaiset toimiymp\u00e4rist\u00f6t tehtaasta pientaloon ja erilaisiin julkisiin tiloihin. Perheyrityksen on perustanut Jari Kauppinen ja nykyisin liiketoimintaa py\u00f6ritt\u00e4\u00e4 toisessa sukupolvessa Lauri Kauppinen. Lis\u00e4tietoja yrityksest\u00e4 saat osoitteesta :&nbsp;https:\/\/www.i-huolto.fi\/yritys\/ Yhteystiedot Yl\u00e4niitynkatu 13 A&nbsp;53550 Lappeenrantap. 010 778 0500i-huolto(a)i-huolto.fiwww.i-huolto.fi<\/p>\n","protected":false},"author":23,"featured_media":0,"parent":0,"menu_order":0,"comment_status":"closed","ping_status":"closed","template":"","meta":{"_acf_changed":false,"footnotes":""},"class_list":["post-241","page","type-page","status-publish","hentry"],"acf":[],"_links":{"self":[{"href":"https:\/\/me.yrittajat.fi\/karjalove\/wp-json\/wp\/v2\/pages\/241","targetHints":{"allow":["GET"]}}],"collection":[{"href":"https:\/\/me.yrittajat.fi\/karjalove\/wp-json\/wp\/v2\/pages"}],"about":[{"href":"https:\/\/me.yrittajat.fi\/karjalove\/wp-json\/wp\/v2\/types\/page"}],"author":[{"embeddable":true,"href":"https:\/\/me.yrittajat.fi\/karjalove\/wp-json\/wp\/v2\/users\/23"}],"replies":[{"embeddable":true,"href":"https:\/\/me.yrittajat.fi\/karjalove\/wp-json\/wp\/v2\/comments?post=241"}],"version-history":[{"count":13,"href":"https:\/\/me.yrittajat.fi\/karjalove\/wp-json\/wp\/v2\/pages\/241\/revisions"}],"predecessor-version":[{"id":2139,"href":"https:\/\/me.yrittajat.fi\/karjalove\/wp-json\/wp\/v2\/pages\/241\/revisions\/2139"}],"wp:attachment":[{"href":"https:\/\/me.yrittajat.fi\/karjalove\/wp-json\/wp\/v2\/media?parent=241"}],"curies":[{"name":"wp","href":"https:\/\/api.w.org\/{rel}","templated":true}]}}