{"id":2437,"date":"2023-12-14T13:18:50","date_gmt":"2023-12-14T11:18:50","guid":{"rendered":"https:\/\/me.yrittajat.fi\/karjalove\/?page_id=2437"},"modified":"2023-12-15T15:07:34","modified_gmt":"2023-12-15T13:07:34","slug":"siivous-lappee-oy","status":"publish","type":"page","link":"https:\/\/me.yrittajat.fi\/karjalove\/siivous-lappee-oy\/","title":{"rendered":"Siivous Lappee Oy"},"content":{"rendered":"\n<p>Toimistosiivoukseen, kiinteist\u00f6- ja rakennussiivouksiin sek\u00e4 kotisiivouksiin erikoistunut siivousfirma Etel\u00e4-Karjalassa.<\/p>\n\n\n\n<p>Tuotamme asiakkaillemme laadukkaita ja asiakasl\u00e4ht\u00f6isi\u00e4 siivouspalveluita, joissa korostuu ammattimainen ja luotettava tapa toimia. Kartoitamme asiakkaidemme tarpeet ja huolehdimme puhtaanapitopalvelusta sopimuksen mukaisesti yli 30 ammattilaisen voimin. Seuraamme ty\u00f6mme laatua j\u00e4rjestelm\u00e4llisesti ja yhteisty\u00f6ss\u00e4 asiakkaidemme kanssa.<\/p>\n\n\n\n<p>Tavoitteenamme on olla hiilineutraali vuoteen 2035 menness\u00e4.<\/p>\n\n\n\n<h4 class=\"wp-block-heading\">Yhteystiedot<\/h4>\n\n\n\n<p><a href=\"https:\/\/siivouslappee.fi\/\" data-type=\"URL\" data-id=\"https:\/\/siivouslappee.fi\/\" target=\"_blank\" rel=\"noreferrer noopener\">Tutustu lis\u00e4\u00e4<\/a><\/p>\n\n\n\n<p><\/p>\n","protected":false},"excerpt":{"rendered":"<p>Toimistosiivoukseen, kiinteist\u00f6- ja rakennussiivouksiin sek\u00e4 kotisiivouksiin erikoistunut siivousfirma Etel\u00e4-Karjalassa. Tuotamme asiakkaillemme laadukkaita ja asiakasl\u00e4ht\u00f6isi\u00e4 siivouspalveluita, joissa korostuu ammattimainen ja luotettava tapa toimia. Kartoitamme asiakkaidemme tarpeet ja huolehdimme puhtaanapitopalvelusta sopimuksen mukaisesti yli 30 ammattilaisen voimin. Seuraamme ty\u00f6mme laatua j\u00e4rjestelm\u00e4llisesti ja yhteisty\u00f6ss\u00e4 asiakkaidemme kanssa. Tavoitteenamme on olla hiilineutraali vuoteen 2035 menness\u00e4. Yhteystiedot Tutustu lis\u00e4\u00e4<\/p>\n","protected":false},"author":23,"featured_media":0,"parent":0,"menu_order":0,"comment_status":"closed","ping_status":"closed","template":"","meta":{"_acf_changed":false,"footnotes":""},"class_list":["post-2437","page","type-page","status-publish","hentry"],"acf":[],"_links":{"self":[{"href":"https:\/\/me.yrittajat.fi\/karjalove\/wp-json\/wp\/v2\/pages\/2437","targetHints":{"allow":["GET"]}}],"collection":[{"href":"https:\/\/me.yrittajat.fi\/karjalove\/wp-json\/wp\/v2\/pages"}],"about":[{"href":"https:\/\/me.yrittajat.fi\/karjalove\/wp-json\/wp\/v2\/types\/page"}],"author":[{"embeddable":true,"href":"https:\/\/me.yrittajat.fi\/karjalove\/wp-json\/wp\/v2\/users\/23"}],"replies":[{"embeddable":true,"href":"https:\/\/me.yrittajat.fi\/karjalove\/wp-json\/wp\/v2\/comments?post=2437"}],"version-history":[{"count":2,"href":"https:\/\/me.yrittajat.fi\/karjalove\/wp-json\/wp\/v2\/pages\/2437\/revisions"}],"predecessor-version":[{"id":2536,"href":"https:\/\/me.yrittajat.fi\/karjalove\/wp-json\/wp\/v2\/pages\/2437\/revisions\/2536"}],"wp:attachment":[{"href":"https:\/\/me.yrittajat.fi\/karjalove\/wp-json\/wp\/v2\/media?parent=2437"}],"curies":[{"name":"wp","href":"https:\/\/api.w.org\/{rel}","templated":true}]}}