{"id":2485,"date":"2023-12-14T14:12:02","date_gmt":"2023-12-14T12:12:02","guid":{"rendered":"https:\/\/me.yrittajat.fi\/karjalove\/?page_id=2485"},"modified":"2023-12-15T15:10:34","modified_gmt":"2023-12-15T13:10:34","slug":"willitikki-oy","status":"publish","type":"page","link":"https:\/\/me.yrittajat.fi\/karjalove\/willitikki-oy\/","title":{"rendered":"Willitikki Oy"},"content":{"rendered":"\n<h3 class=\"wp-block-heading\">Ainutlaatuinen tunnelma kivinavetassa<\/h3>\n\n\n\n<p>Sisustusliike on rakennettu siirrettyyn vanhaan kivinavettaan ja tila huokuu ainutlaatuisen maagista tunnelmaa. Jylh\u00e4t ja paksut kivisein\u00e4t kertovat historiasta ja luovat l\u00e4mpim\u00e4n vastaanoton vieraille.&nbsp;<\/p>\n\n\n\n<p>Kivinavetta on alunperin rakennettu vuonna 1912 Kirkharjulle Haikalan kyl\u00e4\u00e4n. Se on Willitikin perustajan Kirsin miehen isois\u00e4n kotitilan navetta ja kuulunut aina suvulle. Navetta haluttiin pelastaa ja se p\u00e4\u00e4dyttiin siirt\u00e4m\u00e4\u00e4n vuonna 2012 Hyttiin. T\u00e4m\u00e4 yli 100- vuotiaan kivinavetan siirt\u00e4minen oli valtavan ty\u00f6n takana ja moni on ihmetellyt miten se on k\u00e4yt\u00e4nn\u00f6ss\u00e4 ollut edes mahdollista. Jokainen kivi nostettiin yksitellen vanhalta paikalta ja numeroitiin. T\u00e4m\u00e4n j\u00e4lkeen kivet siirrettiin ja yksitellen nostettiin uudelle paikalle. Monille rakennusalan ammattilaisillekkin teht\u00e4v\u00e4 olisi ollut haastava, mutta Willitikin yritt\u00e4j\u00e4 perheineen n\u00e4ki mieless\u00e4\u00e4n selv\u00e4n vision.&nbsp;<\/p>\n\n\n\n<p>Alkuun kivinavetassa aloitettiin brodeerauspalvelut, jotka ovat jatkuneet t\u00e4h\u00e4n p\u00e4iv\u00e4\u00e4n asti. My\u00f6hemmin Kirsin yst\u00e4v\u00e4n kannustuksesta p\u00e4\u00e4tettiin perustaa sisustusliike vapaana olevaan tilaan saaden n\u00e4in k\u00e4ytetty\u00e4 hyv\u00e4ksi tila paremmin.&nbsp; Kivinavettaan on esteet\u00f6n p\u00e4\u00e4sy ja se toivottaa kaikki l\u00e4mpim\u00e4sti tervetulleeksi.&nbsp;<\/p>\n\n\n\n<h4 class=\"wp-block-heading\">Yhteystiedot<\/h4>\n\n\n\n<p><a href=\"https:\/\/www.willitikki.fi\/\" data-type=\"URL\" data-id=\"https:\/\/www.willitikki.fi\/\" target=\"_blank\" rel=\"noreferrer noopener\">Tutustu lis\u00e4\u00e4<\/a><\/p>\n\n\n\n<p><\/p>\n","protected":false},"excerpt":{"rendered":"<p>Ainutlaatuinen tunnelma kivinavetassa Sisustusliike on rakennettu siirrettyyn vanhaan kivinavettaan ja tila huokuu ainutlaatuisen maagista tunnelmaa. Jylh\u00e4t ja paksut kivisein\u00e4t kertovat historiasta ja luovat l\u00e4mpim\u00e4n vastaanoton vieraille.&nbsp; Kivinavetta on alunperin rakennettu vuonna 1912 Kirkharjulle Haikalan kyl\u00e4\u00e4n. Se on Willitikin perustajan Kirsin miehen isois\u00e4n kotitilan navetta ja kuulunut aina suvulle. Navetta haluttiin pelastaa ja se p\u00e4\u00e4dyttiin siirt\u00e4m\u00e4\u00e4n &hellip; <a href=\"https:\/\/me.yrittajat.fi\/karjalove\/willitikki-oy\/\">Lue lis\u00e4\u00e4<\/a><\/p>\n","protected":false},"author":23,"featured_media":0,"parent":0,"menu_order":0,"comment_status":"closed","ping_status":"closed","template":"","meta":{"_acf_changed":false,"footnotes":""},"class_list":["post-2485","page","type-page","status-publish","hentry"],"acf":[],"_links":{"self":[{"href":"https:\/\/me.yrittajat.fi\/karjalove\/wp-json\/wp\/v2\/pages\/2485","targetHints":{"allow":["GET"]}}],"collection":[{"href":"https:\/\/me.yrittajat.fi\/karjalove\/wp-json\/wp\/v2\/pages"}],"about":[{"href":"https:\/\/me.yrittajat.fi\/karjalove\/wp-json\/wp\/v2\/types\/page"}],"author":[{"embeddable":true,"href":"https:\/\/me.yrittajat.fi\/karjalove\/wp-json\/wp\/v2\/users\/23"}],"replies":[{"embeddable":true,"href":"https:\/\/me.yrittajat.fi\/karjalove\/wp-json\/wp\/v2\/comments?post=2485"}],"version-history":[{"count":3,"href":"https:\/\/me.yrittajat.fi\/karjalove\/wp-json\/wp\/v2\/pages\/2485\/revisions"}],"predecessor-version":[{"id":2542,"href":"https:\/\/me.yrittajat.fi\/karjalove\/wp-json\/wp\/v2\/pages\/2485\/revisions\/2542"}],"wp:attachment":[{"href":"https:\/\/me.yrittajat.fi\/karjalove\/wp-json\/wp\/v2\/media?parent=2485"}],"curies":[{"name":"wp","href":"https:\/\/api.w.org\/{rel}","templated":true}]}}