{"id":254,"date":"2023-03-30T13:25:53","date_gmt":"2023-03-30T10:25:53","guid":{"rendered":"https:\/\/me.yrittajat.fi\/karjalove\/?page_id=254"},"modified":"2023-08-18T12:52:47","modified_gmt":"2023-08-18T09:52:47","slug":"iloisen-passin-maalaispuoti","status":"publish","type":"page","link":"https:\/\/me.yrittajat.fi\/karjalove\/iloisen-passin-maalaispuoti\/","title":{"rendered":"Iloisen P\u00e4ssin Maalaispuoti"},"content":{"rendered":"\n<p>Iloisen P\u00e4ssin Maalaispuoti on parikkalalainen vuonna 2012 perustettu l\u00e4hiruokakauppa ja -kahvila-ravintola Kuutostien varrella, melkein Patsaspuiston naapurissa.<\/p>\n\n\n\n<p>Perheyrityksemme toiminnan p\u00e4\u00e4paino on ruuassa: haluamme tarjota Kuutostien kulkijoille laadukasta ruokaa sek\u00e4 paikan p\u00e4\u00e4ll\u00e4 ett\u00e4 mukaan ostettavaksi. N\u00e4iden annosten alkuper\u00e4\u00e4 ei tarvitse arvailla: p\u00e4\u00e4s\u00e4\u00e4nt\u00f6isesti kaikki liha tuotetaan t\u00e4\u00e4ll\u00e4 Parikkalassa, ja kalat tulevat l\u00e4heisest\u00e4 Simpele-j\u00e4rvest\u00e4. My\u00f6s kaikki muut raaka-aineet hankintaan mahdollisimman l\u00e4helt\u00e4.<\/p>\n\n\n\n<p>Asiakkaidemme suosikki on alusta l\u00e4htien ollut biisoniburgeri, joka valmistetaan Parikkalassa kasvaneiden biisonien lihasta kotileipomos\u00e4mpyl\u00e4\u00e4n. Ei t\u00e4llaista taida mist\u00e4\u00e4n muualta saada.<\/p>\n\n\n\n<p>Biisonin lihaa, yl\u00e4maannautaa, villasikaa, possua ja karitsaa voi ostaa lihakaapeistamme my\u00f6s mukaan, kuten my\u00f6s kymmeni\u00e4 muita l\u00e4hiruokatuotteita sek\u00e4 eettisi\u00e4 lahja- ja k\u00e4ytt\u00f6tavaroita, kuten ekoshampoita, kotimaisia lastenvaatteita ja lampaantaljoja.<\/p>\n\n\n\n<p>Toimintamme perusta on alusta l\u00e4htien ollut paikallisuus. Yhteisty\u00f6t\u00e4 tehd\u00e4\u00e4n kaikkiaan noin sadan pienyrityksen kanssa. Suuri osa kumppaneista on Parikkalasta ja l\u00e4hiseudulta. Sijainti maaseudulla on meille mainio etu: t\u00e4\u00e4lt\u00e4 saa vaikka mit\u00e4! Muutama pienyritys kauempaa Suomesta on mukana erityisten tuotteidensa vuoksi.<\/p>\n\n\n\n<p>Meill\u00e4 asioidessa kuluttaja tiet\u00e4\u00e4, kuka ruuan on tuottanut tai tuotteen valmistanut. Se on #osatarinaa, tai oikeastaan melkeimp\u00e4 tarina. Ja meille sill\u00e4 on v\u00e4li\u00e4.<\/p>\n\n\n\n<p>Ps. Pitk\u00e4lti samalla meiningill\u00e4 toimii my\u00f6s perheen toinen yritys Papinniemen leirint\u00e4alue Parikkalan Uukuniemell\u00e4. L\u00e4hiruoka &lt;3<\/p>\n\n\n<div class=\"wp-block-image\">\n<figure class=\"alignright size-full is-resized\"><img loading=\"lazy\" decoding=\"async\" src=\"https:\/\/me.yrittajat.fi\/karjalove\/app\/uploads\/sites\/65\/2023\/03\/iloinenpassi.jpg\" alt=\"\" class=\"wp-image-131\" width=\"360\" height=\"189\" srcset=\"https:\/\/me.yrittajat.fi\/app\/uploads\/sites\/65\/2023\/03\/iloinenpassi.jpg 679w, https:\/\/me.yrittajat.fi\/app\/uploads\/sites\/65\/2023\/03\/iloinenpassi-300x157.jpg 300w\" sizes=\"auto, (max-width: 360px) 100vw, 360px\" \/><\/figure><\/div>\n\n\n<h3 class=\"wp-block-heading\">Yhteystiedot<\/h3>\n\n\n\n<p>Kuutostie 470<br>59130 Koitsanlahti<br>puh. 044 976 9950<br>maalaispuoti@iloinenp\u00e4ssi.fi<br><a href=\"http:\/\/www.xn--iloinenpssi-s8a.fi\/\" target=\"_blank\" rel=\"noreferrer noopener\">www.iloinenp\u00e4ssi.fi<\/a><\/p>\n","protected":false},"excerpt":{"rendered":"<p>Iloisen P\u00e4ssin Maalaispuoti on parikkalalainen vuonna 2012 perustettu l\u00e4hiruokakauppa ja -kahvila-ravintola Kuutostien varrella, melkein Patsaspuiston naapurissa. Perheyrityksemme toiminnan p\u00e4\u00e4paino on ruuassa: haluamme tarjota Kuutostien kulkijoille laadukasta ruokaa sek\u00e4 paikan p\u00e4\u00e4ll\u00e4 ett\u00e4 mukaan ostettavaksi. N\u00e4iden annosten alkuper\u00e4\u00e4 ei tarvitse arvailla: p\u00e4\u00e4s\u00e4\u00e4nt\u00f6isesti kaikki liha tuotetaan t\u00e4\u00e4ll\u00e4 Parikkalassa, ja kalat tulevat l\u00e4heisest\u00e4 Simpele-j\u00e4rvest\u00e4. My\u00f6s kaikki muut raaka-aineet hankintaan &hellip; <a href=\"https:\/\/me.yrittajat.fi\/karjalove\/iloisen-passin-maalaispuoti\/\">Lue lis\u00e4\u00e4<\/a><\/p>\n","protected":false},"author":23,"featured_media":0,"parent":0,"menu_order":0,"comment_status":"closed","ping_status":"closed","template":"","meta":{"_acf_changed":false,"footnotes":""},"class_list":["post-254","page","type-page","status-publish","hentry"],"acf":[],"_links":{"self":[{"href":"https:\/\/me.yrittajat.fi\/karjalove\/wp-json\/wp\/v2\/pages\/254","targetHints":{"allow":["GET"]}}],"collection":[{"href":"https:\/\/me.yrittajat.fi\/karjalove\/wp-json\/wp\/v2\/pages"}],"about":[{"href":"https:\/\/me.yrittajat.fi\/karjalove\/wp-json\/wp\/v2\/types\/page"}],"author":[{"embeddable":true,"href":"https:\/\/me.yrittajat.fi\/karjalove\/wp-json\/wp\/v2\/users\/23"}],"replies":[{"embeddable":true,"href":"https:\/\/me.yrittajat.fi\/karjalove\/wp-json\/wp\/v2\/comments?post=254"}],"version-history":[{"count":4,"href":"https:\/\/me.yrittajat.fi\/karjalove\/wp-json\/wp\/v2\/pages\/254\/revisions"}],"predecessor-version":[{"id":2138,"href":"https:\/\/me.yrittajat.fi\/karjalove\/wp-json\/wp\/v2\/pages\/254\/revisions\/2138"}],"wp:attachment":[{"href":"https:\/\/me.yrittajat.fi\/karjalove\/wp-json\/wp\/v2\/media?parent=254"}],"curies":[{"name":"wp","href":"https:\/\/api.w.org\/{rel}","templated":true}]}}