{"id":389,"date":"2023-04-02T23:18:55","date_gmt":"2023-04-02T20:18:55","guid":{"rendered":"https:\/\/me.yrittajat.fi\/karjalove\/?page_id=389"},"modified":"2023-08-17T15:01:41","modified_gmt":"2023-08-17T12:01:41","slug":"maalaus-tikka-oy","status":"publish","type":"page","link":"https:\/\/me.yrittajat.fi\/karjalove\/maalaus-tikka-oy\/","title":{"rendered":"Maalaus Tikka Oy"},"content":{"rendered":"\n<p>Maalaus Tikka Oy on perinteik\u00e4s Etel\u00e4-Karjalainen perheyritys. Savitaipale on yrityksen kotipaikka mutta toimimme koko maakunnan alueella. Yritys on perustettu Savitaipaleella yli 40 vuotta sitten ja t\u00e4ll\u00e4 hetkell\u00e4 toimintaa py\u00f6ritt\u00e4\u00e4 perheess\u00e4 jo kolmas polvi. Olemme vahvasti paikallinen yritys, meid\u00e4n koko henkil\u00f6kuntamme asuu Etel\u00e4-Karjalan kunnissa. Haluamme omalta osaltamme ty\u00f6llist\u00e4\u00e4 paikallisia ihmisi\u00e4 ja tarjota asiakkaillemme laadukkaita palveluita paikallisesti. Palveluihimme kuuluvat niin sis\u00e4- kuin ulkomaalausty\u00f6t, tasoitety\u00f6t, puulattioiden hionnat ja k\u00e4sittelyt sek\u00e4 asennukset, kokonaisvaltaiset huoneisto- ja kylpyhuoneremontit. Meilt\u00e4 saa my\u00f6s suunnittelupalvelua jos esimerkiksi kodin v\u00e4rimaailman valinnat tuottavat p\u00e4\u00e4nvaivaa. Asiakkaitamme ovat niin kotitaloudet kuin yrityksetkin.<\/p>\n\n\n\n<p>Meille t\u00e4rkeimpi\u00e4 asioita ovat asiakaspalvelun ja ty\u00f6n laatu sek\u00e4 sitoutunut ja ammattitaitoinen henkil\u00f6st\u00f6, meilt\u00e4 asiakas saa palvelut varmasti luotettavasti ja ammattitaidolla.<\/p>\n\n\n\n<h3 class=\"wp-block-heading\">Yhteystiedot<\/h3>\n\n\n\n<p><strong>Toimitus- ja laskutusosoite<\/strong><br>Hallitie 6<br>54800 Savitaipale<\/p>\n\n\n\n<p>puh. (05) 4561 195, klo 8-16<br>katri.parkkima@maalaustikka.com<br><a href=\"http:\/\/www.maalaustikka.com\">www.maalaustikka.com<\/a><\/p>\n","protected":false},"excerpt":{"rendered":"<p>Maalaus Tikka Oy on perinteik\u00e4s Etel\u00e4-Karjalainen perheyritys. Savitaipale on yrityksen kotipaikka mutta toimimme koko maakunnan alueella. Yritys on perustettu Savitaipaleella yli 40 vuotta sitten ja t\u00e4ll\u00e4 hetkell\u00e4 toimintaa py\u00f6ritt\u00e4\u00e4 perheess\u00e4 jo kolmas polvi. Olemme vahvasti paikallinen yritys, meid\u00e4n koko henkil\u00f6kuntamme asuu Etel\u00e4-Karjalan kunnissa. Haluamme omalta osaltamme ty\u00f6llist\u00e4\u00e4 paikallisia ihmisi\u00e4 ja tarjota asiakkaillemme laadukkaita palveluita paikallisesti. &hellip; <a href=\"https:\/\/me.yrittajat.fi\/karjalove\/maalaus-tikka-oy\/\">Lue lis\u00e4\u00e4<\/a><\/p>\n","protected":false},"author":23,"featured_media":0,"parent":0,"menu_order":0,"comment_status":"closed","ping_status":"closed","template":"","meta":{"_acf_changed":false,"footnotes":""},"class_list":["post-389","page","type-page","status-publish","hentry"],"acf":[],"_links":{"self":[{"href":"https:\/\/me.yrittajat.fi\/karjalove\/wp-json\/wp\/v2\/pages\/389","targetHints":{"allow":["GET"]}}],"collection":[{"href":"https:\/\/me.yrittajat.fi\/karjalove\/wp-json\/wp\/v2\/pages"}],"about":[{"href":"https:\/\/me.yrittajat.fi\/karjalove\/wp-json\/wp\/v2\/types\/page"}],"author":[{"embeddable":true,"href":"https:\/\/me.yrittajat.fi\/karjalove\/wp-json\/wp\/v2\/users\/23"}],"replies":[{"embeddable":true,"href":"https:\/\/me.yrittajat.fi\/karjalove\/wp-json\/wp\/v2\/comments?post=389"}],"version-history":[{"count":5,"href":"https:\/\/me.yrittajat.fi\/karjalove\/wp-json\/wp\/v2\/pages\/389\/revisions"}],"predecessor-version":[{"id":2095,"href":"https:\/\/me.yrittajat.fi\/karjalove\/wp-json\/wp\/v2\/pages\/389\/revisions\/2095"}],"wp:attachment":[{"href":"https:\/\/me.yrittajat.fi\/karjalove\/wp-json\/wp\/v2\/media?parent=389"}],"curies":[{"name":"wp","href":"https:\/\/api.w.org\/{rel}","templated":true}]}}