{"id":405,"date":"2023-04-02T23:42:22","date_gmt":"2023-04-02T20:42:22","guid":{"rendered":"https:\/\/me.yrittajat.fi\/karjalove\/?page_id=405"},"modified":"2023-08-02T08:37:28","modified_gmt":"2023-08-02T05:37:28","slug":"markkinointi-hurmaa-oy","status":"publish","type":"page","link":"https:\/\/me.yrittajat.fi\/karjalove\/markkinointi-hurmaa-oy\/","title":{"rendered":"Markkinointi Hurmaa Oy"},"content":{"rendered":"\n<p><strong>Hurmaa on rakastettava mainostoimisto<\/strong><\/p>\n\n\n\n<p>Markkinointi on hurmaamista. Muun muassa. On se muutakin. Me uskomme hurmaamisen ja heitt\u00e4ytymisen voimaan. Siihen ett\u00e4 jos sin\u00e4 ja min\u00e4 pystymme hurahtamaan, ihastumaan, rakastumaan, rakastamaan ja kuuntelemaan asiakkaitamme, se tekee meist\u00e4 rakastettavan \u2013 ja my\u00f6s pitk\u00e4ik\u00e4isen kumppanin. Hurmaus ei nimitt\u00e4in lopu, kun rakkaus tai asiakas astuu sis\u00e4\u00e4n. <\/p>\n\n\n<div class=\"wp-block-image\">\n<figure class=\"alignright size-large is-resized\"><img loading=\"lazy\" decoding=\"async\" src=\"https:\/\/me.yrittajat.fi\/karjalove\/app\/uploads\/sites\/65\/2023\/08\/hurmaa-kuva-1024x682.jpg\" alt=\"\" class=\"wp-image-1782\" width=\"426\" height=\"283\" srcset=\"https:\/\/me.yrittajat.fi\/app\/uploads\/sites\/65\/2023\/08\/hurmaa-kuva-1024x682.jpg 1024w, https:\/\/me.yrittajat.fi\/app\/uploads\/sites\/65\/2023\/08\/hurmaa-kuva-300x200.jpg 300w, https:\/\/me.yrittajat.fi\/app\/uploads\/sites\/65\/2023\/08\/hurmaa-kuva-768x512.jpg 768w, https:\/\/me.yrittajat.fi\/app\/uploads\/sites\/65\/2023\/08\/hurmaa-kuva-668x445.jpg 668w, https:\/\/me.yrittajat.fi\/app\/uploads\/sites\/65\/2023\/08\/hurmaa-kuva.jpg 1280w\" sizes=\"auto, (max-width: 426px) 100vw, 426px\" \/><\/figure><\/div>\n\n\n<p><strong>Hurmauttaja<\/strong><br>Katja Lamminen<br>puh. <strong><a href=\"tel:0400 558 106\">0400 558 106<\/a><\/strong><br>katja.lamminen@hurmaa.fi<br><a href=\"http:\/\/www.hurmaa.fi\">www.hurmaa.fi<\/a><\/p>\n\n\n\n<p>Markkinointi Hurmaa Oy<br>Valtakatu 49\u201351 \/ Assi CoWorking<br>53100 Lappeenranta<\/p>\n","protected":false},"excerpt":{"rendered":"<p>Hurmaa on rakastettava mainostoimisto Markkinointi on hurmaamista. Muun muassa. On se muutakin. Me uskomme hurmaamisen ja heitt\u00e4ytymisen voimaan. Siihen ett\u00e4 jos sin\u00e4 ja min\u00e4 pystymme hurahtamaan, ihastumaan, rakastumaan, rakastamaan ja kuuntelemaan asiakkaitamme, se tekee meist\u00e4 rakastettavan \u2013 ja my\u00f6s pitk\u00e4ik\u00e4isen kumppanin. Hurmaus ei nimitt\u00e4in lopu, kun rakkaus tai asiakas astuu sis\u00e4\u00e4n. HurmauttajaKatja Lamminenpuh. 0400 558 &hellip; <a href=\"https:\/\/me.yrittajat.fi\/karjalove\/markkinointi-hurmaa-oy\/\">Lue lis\u00e4\u00e4<\/a><\/p>\n","protected":false},"author":23,"featured_media":0,"parent":0,"menu_order":0,"comment_status":"closed","ping_status":"closed","template":"","meta":{"_acf_changed":false,"footnotes":""},"class_list":["post-405","page","type-page","status-publish","hentry"],"acf":[],"_links":{"self":[{"href":"https:\/\/me.yrittajat.fi\/karjalove\/wp-json\/wp\/v2\/pages\/405","targetHints":{"allow":["GET"]}}],"collection":[{"href":"https:\/\/me.yrittajat.fi\/karjalove\/wp-json\/wp\/v2\/pages"}],"about":[{"href":"https:\/\/me.yrittajat.fi\/karjalove\/wp-json\/wp\/v2\/types\/page"}],"author":[{"embeddable":true,"href":"https:\/\/me.yrittajat.fi\/karjalove\/wp-json\/wp\/v2\/users\/23"}],"replies":[{"embeddable":true,"href":"https:\/\/me.yrittajat.fi\/karjalove\/wp-json\/wp\/v2\/comments?post=405"}],"version-history":[{"count":4,"href":"https:\/\/me.yrittajat.fi\/karjalove\/wp-json\/wp\/v2\/pages\/405\/revisions"}],"predecessor-version":[{"id":1784,"href":"https:\/\/me.yrittajat.fi\/karjalove\/wp-json\/wp\/v2\/pages\/405\/revisions\/1784"}],"wp:attachment":[{"href":"https:\/\/me.yrittajat.fi\/karjalove\/wp-json\/wp\/v2\/media?parent=405"}],"curies":[{"name":"wp","href":"https:\/\/api.w.org\/{rel}","templated":true}]}}