{"id":417,"date":"2023-04-02T23:51:16","date_gmt":"2023-04-02T20:51:16","guid":{"rendered":"https:\/\/me.yrittajat.fi\/karjalove\/?page_id=417"},"modified":"2023-07-31T13:56:41","modified_gmt":"2023-07-31T10:56:41","slug":"millpoint-oy","status":"publish","type":"page","link":"https:\/\/me.yrittajat.fi\/karjalove\/millpoint-oy\/","title":{"rendered":"Millpoint Oy"},"content":{"rendered":"\n<p>Millpoint on palvellut mainoslahjojen, liikelahjojen ja henkil\u00f6st\u00f6- ja asiakaslahjojen merkeiss\u00e4 vuodesta 2016. Toimimme valtakunnallisesti noin 15 myyj\u00e4n verkostolla. Yrityksen toimisto ja varasto sijaitsevat Lappeenrannassa.&nbsp;<\/p>\n\n\n\n<p>Jotta Sin\u00e4 Menestyisit!<\/p>\n\n\n\n<h3 class=\"wp-block-heading\">Yhteystiedot<\/h3>\n\n\n\n<p>Yl\u00e4niitynkatu 1<br>53550 Lappeenranta<br>puh. (05) 5412 222<br><a rel=\"noreferrer noopener\" href=\"http:\/\/www.millpoint.fi\" target=\"_blank\">www.millpoint.fi<\/a><\/p>\n\n\n\n<p>Etel\u00e4-Karjalassa teit\u00e4 palvelevat:<br><a href=\"mailto:petri.matikainen@millpoint.fi\">petri.matikainen@millpoint.fi<\/a><br><a href=\"mailto:markus.kaatonen@millpoint.fi\">markus.kaatonen@millpoint.fi<\/a><br><a href=\"mailto:jarkko.kekki@millpoint.fi\">jarkko.kekki@millpoint.fi<\/a><\/p>\n\n\n\n<h3 class=\"wp-block-heading\"><\/h3>\n","protected":false},"excerpt":{"rendered":"<p>Millpoint on palvellut mainoslahjojen, liikelahjojen ja henkil\u00f6st\u00f6- ja asiakaslahjojen merkeiss\u00e4 vuodesta 2016. Toimimme valtakunnallisesti noin 15 myyj\u00e4n verkostolla. Yrityksen toimisto ja varasto sijaitsevat Lappeenrannassa.&nbsp; Jotta Sin\u00e4 Menestyisit! Yhteystiedot Yl\u00e4niitynkatu 153550 Lappeenrantapuh. (05) 5412 222www.millpoint.fi Etel\u00e4-Karjalassa teit\u00e4 palvelevat:petri.matikainen@millpoint.fimarkus.kaatonen@millpoint.fijarkko.kekki@millpoint.fi<\/p>\n","protected":false},"author":23,"featured_media":0,"parent":0,"menu_order":0,"comment_status":"closed","ping_status":"closed","template":"","meta":{"_acf_changed":false,"footnotes":""},"class_list":["post-417","page","type-page","status-publish","hentry"],"acf":[],"_links":{"self":[{"href":"https:\/\/me.yrittajat.fi\/karjalove\/wp-json\/wp\/v2\/pages\/417","targetHints":{"allow":["GET"]}}],"collection":[{"href":"https:\/\/me.yrittajat.fi\/karjalove\/wp-json\/wp\/v2\/pages"}],"about":[{"href":"https:\/\/me.yrittajat.fi\/karjalove\/wp-json\/wp\/v2\/types\/page"}],"author":[{"embeddable":true,"href":"https:\/\/me.yrittajat.fi\/karjalove\/wp-json\/wp\/v2\/users\/23"}],"replies":[{"embeddable":true,"href":"https:\/\/me.yrittajat.fi\/karjalove\/wp-json\/wp\/v2\/comments?post=417"}],"version-history":[{"count":5,"href":"https:\/\/me.yrittajat.fi\/karjalove\/wp-json\/wp\/v2\/pages\/417\/revisions"}],"predecessor-version":[{"id":1669,"href":"https:\/\/me.yrittajat.fi\/karjalove\/wp-json\/wp\/v2\/pages\/417\/revisions\/1669"}],"wp:attachment":[{"href":"https:\/\/me.yrittajat.fi\/karjalove\/wp-json\/wp\/v2\/media?parent=417"}],"curies":[{"name":"wp","href":"https:\/\/api.w.org\/{rel}","templated":true}]}}