{"id":45,"date":"2023-03-29T23:49:19","date_gmt":"2023-03-29T20:49:19","guid":{"rendered":"https:\/\/me.yrittajat.fi\/karjalove\/?page_id=45"},"modified":"2023-06-21T09:23:14","modified_gmt":"2023-06-21T06:23:14","slug":"assi-group","status":"publish","type":"page","link":"https:\/\/me.yrittajat.fi\/karjalove\/assi-group\/","title":{"rendered":"Assi Group"},"content":{"rendered":"\n<p>Assi Group on lappeenrantalainen paikallisessa omistuksessa oleva yhti\u00f6, joka vuokraa toimitiloja yrityksille ja vuokrakoteja yksityisille asukkaille. Kehit\u00e4mme parhailla paikoilla sijaitsevia keskustakiinteist\u00f6j\u00e4 laadukkaiksi toimitiloiksi ja kodeiksi. Asiakkaillemme tarjoamme nykyaikaisia ja helposti muokattavissa olevia toimistoja monipuolisten palveluiden \u00e4\u00e4rell\u00e4.<\/p>\n\n\n\n<p>P\u00e4\u00e4asiassa toimintamme keskittyy Lappeenrannan ydinkeskustaan Assi Vapaudenaukiolle, jossa toimii t\u00e4ll\u00e4 hetkell\u00e4 yli 50 yrityst\u00e4, joissa ty\u00f6skentelee yli 400 ammattilaista. Vapaudenaukion keskeinen sijainti tukee henkil\u00f6st\u00f6n sujuvaa arkea ja vieraiden helppoa saapumista kaikilla yhteyksill\u00e4. Vapaudenaukiolla asiakkaita ja vieraita palvelevat mm. ravintola Vapari, kokoustilat, kauppa, pankki, kuntosali, tilitoimisto ja Etel\u00e4-Karjalan Yritt\u00e4jien toimisto. Vapaudenaukion palvelut ovat vapaasti my\u00f6s Karjaloven kumppaniemme k\u00e4ytett\u00e4viss\u00e4.<\/p>\n\n\n\n<p>Tule vierailemaan meille Vapaudenaukiolle ja seuraa meit\u00e4 my\u00f6s Facebookissa: &nbsp;<a rel=\"noreferrer noopener\" href=\"https:\/\/www.facebook.com\/AssiGroupOy\/\" target=\"_blank\">https:\/\/www.facebook.com\/AssiGroupOy\/<\/a><\/p>\n\n\n\n<p><\/p>\n\n\n\n<p><\/p>\n\n\n\n<h3 class=\"wp-block-heading\">Yhteystiedot<\/h3>\n\n\n<div class=\"wp-block-image\">\n<figure class=\"alignright size-full\"><img loading=\"lazy\" decoding=\"async\" width=\"451\" height=\"97\" src=\"https:\/\/me.yrittajat.fi\/karjalove\/app\/uploads\/sites\/65\/2023\/06\/assi-kuva-1.jpg\" alt=\"\" class=\"wp-image-1475\" srcset=\"https:\/\/me.yrittajat.fi\/app\/uploads\/sites\/65\/2023\/06\/assi-kuva-1.jpg 451w, https:\/\/me.yrittajat.fi\/app\/uploads\/sites\/65\/2023\/06\/assi-kuva-1-300x65.jpg 300w\" sizes=\"auto, (max-width: 451px) 100vw, 451px\" \/><\/figure><\/div>\n\n\n<p>Kauppakatu 28 Lh 5, 53100 Lappeenranta<br>53100 Lappeenranta<br>puh. +0405515276<br>info@assigroup.fi<br><a rel=\"noreferrer noopener\" href=\"https:\/\/www.assigroup.fi\" target=\"_blank\">www.assigroup.fi<\/a><\/p>\n","protected":false},"excerpt":{"rendered":"<p>Assi Group on lappeenrantalainen paikallisessa omistuksessa oleva yhti\u00f6, joka vuokraa toimitiloja yrityksille ja vuokrakoteja yksityisille asukkaille. Kehit\u00e4mme parhailla paikoilla sijaitsevia keskustakiinteist\u00f6j\u00e4 laadukkaiksi toimitiloiksi ja kodeiksi. Asiakkaillemme tarjoamme nykyaikaisia ja helposti muokattavissa olevia toimistoja monipuolisten palveluiden \u00e4\u00e4rell\u00e4. P\u00e4\u00e4asiassa toimintamme keskittyy Lappeenrannan ydinkeskustaan Assi Vapaudenaukiolle, jossa toimii t\u00e4ll\u00e4 hetkell\u00e4 yli 50 yrityst\u00e4, joissa ty\u00f6skentelee yli 400 ammattilaista. &hellip; <a href=\"https:\/\/me.yrittajat.fi\/karjalove\/assi-group\/\">Lue lis\u00e4\u00e4<\/a><\/p>\n","protected":false},"author":23,"featured_media":0,"parent":0,"menu_order":0,"comment_status":"closed","ping_status":"closed","template":"","meta":{"_acf_changed":false,"footnotes":""},"class_list":["post-45","page","type-page","status-publish","hentry"],"acf":[],"_links":{"self":[{"href":"https:\/\/me.yrittajat.fi\/karjalove\/wp-json\/wp\/v2\/pages\/45","targetHints":{"allow":["GET"]}}],"collection":[{"href":"https:\/\/me.yrittajat.fi\/karjalove\/wp-json\/wp\/v2\/pages"}],"about":[{"href":"https:\/\/me.yrittajat.fi\/karjalove\/wp-json\/wp\/v2\/types\/page"}],"author":[{"embeddable":true,"href":"https:\/\/me.yrittajat.fi\/karjalove\/wp-json\/wp\/v2\/users\/23"}],"replies":[{"embeddable":true,"href":"https:\/\/me.yrittajat.fi\/karjalove\/wp-json\/wp\/v2\/comments?post=45"}],"version-history":[{"count":8,"href":"https:\/\/me.yrittajat.fi\/karjalove\/wp-json\/wp\/v2\/pages\/45\/revisions"}],"predecessor-version":[{"id":1478,"href":"https:\/\/me.yrittajat.fi\/karjalove\/wp-json\/wp\/v2\/pages\/45\/revisions\/1478"}],"wp:attachment":[{"href":"https:\/\/me.yrittajat.fi\/karjalove\/wp-json\/wp\/v2\/media?parent=45"}],"curies":[{"name":"wp","href":"https:\/\/api.w.org\/{rel}","templated":true}]}}