{"id":509,"date":"2023-04-03T16:12:44","date_gmt":"2023-04-03T13:12:44","guid":{"rendered":"https:\/\/me.yrittajat.fi\/karjalove\/?page_id=509"},"modified":"2023-07-31T15:32:08","modified_gmt":"2023-07-31T12:32:08","slug":"tilateurastamo-ikonen","status":"publish","type":"page","link":"https:\/\/me.yrittajat.fi\/karjalove\/tilateurastamo-ikonen\/","title":{"rendered":"Tilateurastamo Ikonen"},"content":{"rendered":"\n<p>Pieni perheyritys Tilateurastamo Ikonen&nbsp;aloitti toimintansa 1995 Rikkil\u00e4ss\u00e4 Lappeenrannassa.<br>Oma sikala, teurastamo, lihanleikkaamo ja pakkaamo.<\/p>\n\n\n\n<p>Viljasian -ja lampaan(karitsan)lihat sek\u00e4 makkarat l\u00f6yd\u00e4t pakattuina Lappeenrannan ja Imatran Prismoista, sek\u00e4 S-market IsoKristiinasta, Imatrankosken S-marketista ja Joutsenon S-marketista.<\/p>\n\n\n\n<p>Herkulliset t\u00e4yslihamakkarat ja t\u00e4yslihanakit l\u00f6ytyv\u00e4t my\u00f6s ABC Viipurinportin, S-market Myllykeskuksen ja Taavetin S-marketeiden hyllyist\u00e4.<\/p>\n\n\n\n<p>Tuoreen viljasian -ja lampaan(karitsan)lihan irtomyyntip\u00e4iv\u00e4t ovat:<\/p>\n\n\n\n<ul class=\"wp-block-list\">\n<li>Lappeenrannan Prismassa torstaisin klo 9-17.<\/li>\n\n\n\n<li>Imatran Prismassa perjantaisin klo 9-17.<\/li>\n\n\n\n<li>Taavetin S-marketissa parittomien viikkojen perjantaisin klo 9-17.<\/li>\n<\/ul>\n\n\n\n<p>Lis\u00e4ksi voit tulla Lappeenrannan Rikkil\u00e4\u00e4n ostoksille ja moikata samalla Tilateurastamon porukkaa. Suosittelemme t\u00e4ll\u00f6in tekem\u00e4\u00e4n varauksen etuk\u00e4teen, jotta tied\u00e4mme varata tuotteita valmiiksi. Varsinaista myym\u00e4l\u00e4\u00e4 meill\u00e4 ei t\u00e4ll\u00e4 hetkell\u00e4 ole.<\/p>\n\n\n\n<h3 class=\"wp-block-heading\">Yhteystiedot<\/h3>\n\n\n\n<p>Rikkil\u00e4ntie 632<br>Lappeenranta<br>puh. 040 1321 104<\/p>\n","protected":false},"excerpt":{"rendered":"<p>Pieni perheyritys Tilateurastamo Ikonen&nbsp;aloitti toimintansa 1995 Rikkil\u00e4ss\u00e4 Lappeenrannassa.Oma sikala, teurastamo, lihanleikkaamo ja pakkaamo. Viljasian -ja lampaan(karitsan)lihat sek\u00e4 makkarat l\u00f6yd\u00e4t pakattuina Lappeenrannan ja Imatran Prismoista, sek\u00e4 S-market IsoKristiinasta, Imatrankosken S-marketista ja Joutsenon S-marketista. Herkulliset t\u00e4yslihamakkarat ja t\u00e4yslihanakit l\u00f6ytyv\u00e4t my\u00f6s ABC Viipurinportin, S-market Myllykeskuksen ja Taavetin S-marketeiden hyllyist\u00e4. Tuoreen viljasian -ja lampaan(karitsan)lihan irtomyyntip\u00e4iv\u00e4t ovat: Lis\u00e4ksi voit tulla &hellip; <a href=\"https:\/\/me.yrittajat.fi\/karjalove\/tilateurastamo-ikonen\/\">Lue lis\u00e4\u00e4<\/a><\/p>\n","protected":false},"author":23,"featured_media":0,"parent":0,"menu_order":0,"comment_status":"closed","ping_status":"closed","template":"","meta":{"_acf_changed":false,"footnotes":""},"class_list":["post-509","page","type-page","status-publish","hentry"],"acf":[],"_links":{"self":[{"href":"https:\/\/me.yrittajat.fi\/karjalove\/wp-json\/wp\/v2\/pages\/509","targetHints":{"allow":["GET"]}}],"collection":[{"href":"https:\/\/me.yrittajat.fi\/karjalove\/wp-json\/wp\/v2\/pages"}],"about":[{"href":"https:\/\/me.yrittajat.fi\/karjalove\/wp-json\/wp\/v2\/types\/page"}],"author":[{"embeddable":true,"href":"https:\/\/me.yrittajat.fi\/karjalove\/wp-json\/wp\/v2\/users\/23"}],"replies":[{"embeddable":true,"href":"https:\/\/me.yrittajat.fi\/karjalove\/wp-json\/wp\/v2\/comments?post=509"}],"version-history":[{"count":2,"href":"https:\/\/me.yrittajat.fi\/karjalove\/wp-json\/wp\/v2\/pages\/509\/revisions"}],"predecessor-version":[{"id":1703,"href":"https:\/\/me.yrittajat.fi\/karjalove\/wp-json\/wp\/v2\/pages\/509\/revisions\/1703"}],"wp:attachment":[{"href":"https:\/\/me.yrittajat.fi\/karjalove\/wp-json\/wp\/v2\/media?parent=509"}],"curies":[{"name":"wp","href":"https:\/\/api.w.org\/{rel}","templated":true}]}}