{"id":539,"date":"2023-04-03T16:53:05","date_gmt":"2023-04-03T13:53:05","guid":{"rendered":"https:\/\/me.yrittajat.fi\/karjalove\/?page_id=539"},"modified":"2023-08-17T13:05:35","modified_gmt":"2023-08-17T10:05:35","slug":"vaaterissa-oy","status":"publish","type":"page","link":"https:\/\/me.yrittajat.fi\/karjalove\/vaaterissa-oy\/","title":{"rendered":"Vaaterissa Oy"},"content":{"rendered":"\n<p>Vaaterissa Oy on rakennusalan yritys, joka ty\u00f6llist\u00e4\u00e4 ty\u00f6ntekij\u00f6it\u00e4 eri puolilta Etel\u00e4-Karjalaa. Kotipaikkakuntamme on Luum\u00e4ki, mutta varasto- ja toimistotilat sijaitsevat Lappeenrannassa. Teemme rakennus- ja remontointit\u00f6it\u00e4 pitkin Etel\u00e4-Karjalaa, tarvittaessa my\u00f6s keikkaluonteisesti esimerkiksi Kymenlaaksossa tai p\u00e4\u00e4kaupunkiseudulla.<\/p>\n\n\n\n<p>Tarjoamme kokonaisvaltaista palvelua, jossa autamme asiakasta tarvittaessa niin suunnittelussa, materiaalihankinnoissa kuin muiden ammattilaisten, kuten s\u00e4hk\u00f6- tai putkimiehen tai rakennusvalvojan, palkkaamisessa. Asiakkaan ottaessa yhteyt\u00e4 kartoitamme tarpeet ilmaisella tutustumisk\u00e4ynnill\u00e4, jossa katsotaan yhdess\u00e4 mit\u00e4 kohteessa pit\u00e4isi tehd\u00e4 ja mink\u00e4laisia ajatuksia asiakkaalla on lopputuloksesta. Pyrimme pit\u00e4m\u00e4\u00e4n tiiviisti yhteytt\u00e4 asiakkaan kanssa projektin eri vaiheissa ja pysym\u00e4\u00e4n sovituissa aikatauluissa.&nbsp; Ty\u00f6mme l\u00e4ht\u00f6kohtana on tyytyv\u00e4inen asiakas!<\/p>\n\n\n\n<p>Asiakkainamme ovat niin yksityiset henkil\u00f6t kuin yrityksetkin. Teemme esimerkiksi tiivist\u00e4 yhteisty\u00f6t\u00e4 Finnos Oy:n kanssa, jossa henkil\u00f6kuntamme ty\u00f6skentelee tuotannossa sek\u00e4 asennusprojekteissa ymp\u00e4ri Eurooppaa.<\/p>\n\n\n\n<p>Yrityksemme l\u00f6ytyy my\u00f6s Zeckit-palvelusta ja olemme Luotettava kumppani!<br><\/p>\n\n\n\n<h3 class=\"wp-block-heading\">Yhteystiedot<\/h3>\n\n\n\n<p>Emmi Suursalmi<br>toimitusjohtaja<br>+358 44 3037130<br><a href=\"mailto:emmi@vaaterissa.com\">emmi@vaaterissa.com<\/a><br><\/p>\n","protected":false},"excerpt":{"rendered":"<p>Vaaterissa Oy on rakennusalan yritys, joka ty\u00f6llist\u00e4\u00e4 ty\u00f6ntekij\u00f6it\u00e4 eri puolilta Etel\u00e4-Karjalaa. Kotipaikkakuntamme on Luum\u00e4ki, mutta varasto- ja toimistotilat sijaitsevat Lappeenrannassa. Teemme rakennus- ja remontointit\u00f6it\u00e4 pitkin Etel\u00e4-Karjalaa, tarvittaessa my\u00f6s keikkaluonteisesti esimerkiksi Kymenlaaksossa tai p\u00e4\u00e4kaupunkiseudulla. Tarjoamme kokonaisvaltaista palvelua, jossa autamme asiakasta tarvittaessa niin suunnittelussa, materiaalihankinnoissa kuin muiden ammattilaisten, kuten s\u00e4hk\u00f6- tai putkimiehen tai rakennusvalvojan, palkkaamisessa. Asiakkaan ottaessa &hellip; <a href=\"https:\/\/me.yrittajat.fi\/karjalove\/vaaterissa-oy\/\">Lue lis\u00e4\u00e4<\/a><\/p>\n","protected":false},"author":23,"featured_media":0,"parent":0,"menu_order":0,"comment_status":"closed","ping_status":"closed","template":"","meta":{"_acf_changed":false,"footnotes":""},"class_list":["post-539","page","type-page","status-publish","hentry"],"acf":[],"_links":{"self":[{"href":"https:\/\/me.yrittajat.fi\/karjalove\/wp-json\/wp\/v2\/pages\/539","targetHints":{"allow":["GET"]}}],"collection":[{"href":"https:\/\/me.yrittajat.fi\/karjalove\/wp-json\/wp\/v2\/pages"}],"about":[{"href":"https:\/\/me.yrittajat.fi\/karjalove\/wp-json\/wp\/v2\/types\/page"}],"author":[{"embeddable":true,"href":"https:\/\/me.yrittajat.fi\/karjalove\/wp-json\/wp\/v2\/users\/23"}],"replies":[{"embeddable":true,"href":"https:\/\/me.yrittajat.fi\/karjalove\/wp-json\/wp\/v2\/comments?post=539"}],"version-history":[{"count":4,"href":"https:\/\/me.yrittajat.fi\/karjalove\/wp-json\/wp\/v2\/pages\/539\/revisions"}],"predecessor-version":[{"id":2037,"href":"https:\/\/me.yrittajat.fi\/karjalove\/wp-json\/wp\/v2\/pages\/539\/revisions\/2037"}],"wp:attachment":[{"href":"https:\/\/me.yrittajat.fi\/karjalove\/wp-json\/wp\/v2\/media?parent=539"}],"curies":[{"name":"wp","href":"https:\/\/api.w.org\/{rel}","templated":true}]}}