{"id":3,"date":"2022-06-03T14:08:32","date_gmt":"2022-06-03T11:08:32","guid":{"rendered":"https:\/\/me.yrittajat.fi\/kirjainkierros\/etusivu\/"},"modified":"2023-10-06T09:29:28","modified_gmt":"2023-10-06T06:29:28","slug":"etusivu","status":"publish","type":"page","link":"https:\/\/me.yrittajat.fi\/kirjainkierros\/","title":{"rendered":"Kirjainkierros"},"content":{"rendered":"\n\t<!-- You can also use SakkeLib\\Helpers\\get_template_part inside a gutenberg acf block template -->\n\n\n\n<p class=\"has-text-align-center\">Kirjainkierros on erinomainen mahdollisuus kaikille pirkanmaalaisille yritt\u00e4jille l\u00e4hte\u00e4 verkostoitumaan muiden yritt\u00e4jien kanssa ja tutustumaan paikkakuntiin ja yritt\u00e4j\u00e4yhdistyksiin oman kotikunnan ulkopuolella.&nbsp;<\/p>\n\n\n\n<p class=\"has-text-align-center\">Arvomme Pirkanmaan yritt\u00e4j\u00e4yhdistyksille kirjaimia, joiden mukaan he j\u00e4rjest\u00e4v\u00e4t tapahtumia. Alle listaamme vahvistuneet tapahtumat. <\/p>\n\n\n\n<p class=\"has-text-align-center\"><strong>Tervetuloa mukaan!<\/strong><\/p>\n\n\n<div class=\"wp-block-image\">\n<figure class=\"aligncenter size-full\"><img loading=\"lazy\" decoding=\"async\" width=\"300\" height=\"217\" src=\"https:\/\/me.yrittajat.fi\/kirjainkierros\/app\/uploads\/sites\/51\/2022\/06\/kirjainkierros_logo_syvatty.png\" alt=\"\" class=\"wp-image-30\" \/><\/figure><\/div>\n\n\n<hr class=\"wp-block-separator has-css-opacity\" \/>\n\n\n\t<section id=\"gb-bg-image-and-text-block_877288a419c78d03a28a70aee48e7f61\" class=\"gb-bg-image-and-text gb-bg-image-and-text-block_877288a419c78d03a28a70aee48e7f61\">\n\t\t\t\t\t\t\t\t<div class=\"gb-bg-image-and-text__block-content\">\n\t\t\t\t<div class=\"gb-bg-image-and-text__image\"\n\t\t\t\t     style=\"background: url(https:\/\/me.yrittajat.fi\/app\/uploads\/sites\/51\/2023\/10\/yrittajat-netti-17-932x441-1-434x432.jpeg) no-repeat center center; background-size: cover;\">\n\t\t\t\t\t<div class=\"gb-bg-image-and-text__content center text-color-white\">\n\t\t\t\t\t\t\n<div class=\"b-content-lift\">\n\t\t\t<h3 class=\"b-content-lift__title\">\n\t\t\tPalvelumuotoilubuusti\t\t<\/h3>\n\t\t\t\t<p class=\"b-content-lift__text\">\n\t\t\tHyvin muotoiltu palvelu myy paremmin ja antaa asiakkaalle paremman kokemuksen. Palvelumuotoilun avulla saat viilattua omaa toimintaasi asiakkaan kannalta parempaan suuntaan ja lis\u00e4tty\u00e4 samalla asiakasymm\u00e4rryst\u00e4 ja myynti\u00e4. \t\t<\/p>\n\t<\/div>\n\t\t\t\t\t\t\t\t\t\t\t\t\t<div class=\"gb-bg-image-and-text__buttons\">\n\t\t\t\t\t\t\t\t\t<a class=\"b-button b-button--color-white b-button--style-\"\n\t   href=\"https:\/\/www.yrittajat.fi\/tapahtumat\/rakkaudesta-parempiin-palveluihin-palvelumuotoilubuusti\/\"\n\t   target=\"_blank\">\n\n\t\t<span class=\"b-button__title\">\n\t\t\tLue lis\u00e4\u00e4 ja ilmoittaudu \t\t<\/span>\n\n\t\t\t\t\t<span class=\"b-button__icon\">\n\t\t\t\t<svg xmlns=\"http:\/\/www.w3.org\/2000\/svg\" viewBox=\"0 0 9 14\"><path d=\"M2.001 13.664a1.333 1.333 0 01-.954-2.272l.007-.008 4.414-4.386-4.24-4.414A1.333 1.333 0 113.12.704l5.147 5.334a1.333 1.333 0 010 1.866l-5.334 5.334a1.333 1.333 0 01-.933.426z\"\/><\/svg>\t\t\t<\/span>\n\t\t\t<\/a>\n\t\t\t\t\t\t\t<\/div>\n\t\t\t\t\t\t\t\t\t\t\t<\/div>\n\t\t\t\t\t\t\t\t\t\t\t<div class=\"gb-bg-image-and-text__color\"><\/div>\n\t\t\t\t\t\t\t\t\t<\/div>\n\t\t\t<\/div>\n\t\t\t<\/section>\n<!-- You can also use SakkeLib\\Helpers\\get_template_part inside a gutenberg acf block template -->\n","protected":false},"excerpt":{"rendered":"<p>Kirjainkierros on erinomainen mahdollisuus kaikille pirkanmaalaisille yritt\u00e4jille l\u00e4hte\u00e4 verkostoitumaan muiden yritt\u00e4jien kanssa ja tutustumaan paikkakuntiin ja yritt\u00e4j\u00e4yhdistyksiin oman kotikunnan ulkopuolella.&nbsp; Arvomme Pirkanmaan yritt\u00e4j\u00e4yhdistyksille kirjaimia, joiden mukaan he j\u00e4rjest\u00e4v\u00e4t tapahtumia. Alle listaamme vahvistuneet tapahtumat. Tervetuloa mukaan!<\/p>\n","protected":false},"author":4,"featured_media":49,"parent":0,"menu_order":0,"comment_status":"closed","ping_status":"closed","template":"","meta":{"_acf_changed":false,"footnotes":""},"class_list":["post-3","page","type-page","status-publish","has-post-thumbnail","hentry"],"acf":[],"_links":{"self":[{"href":"https:\/\/me.yrittajat.fi\/kirjainkierros\/wp-json\/wp\/v2\/pages\/3","targetHints":{"allow":["GET"]}}],"collection":[{"href":"https:\/\/me.yrittajat.fi\/kirjainkierros\/wp-json\/wp\/v2\/pages"}],"about":[{"href":"https:\/\/me.yrittajat.fi\/kirjainkierros\/wp-json\/wp\/v2\/types\/page"}],"author":[{"embeddable":true,"href":"https:\/\/me.yrittajat.fi\/kirjainkierros\/wp-json\/wp\/v2\/users\/4"}],"replies":[{"embeddable":true,"href":"https:\/\/me.yrittajat.fi\/kirjainkierros\/wp-json\/wp\/v2\/comments?post=3"}],"version-history":[{"count":78,"href":"https:\/\/me.yrittajat.fi\/kirjainkierros\/wp-json\/wp\/v2\/pages\/3\/revisions"}],"predecessor-version":[{"id":125,"href":"https:\/\/me.yrittajat.fi\/kirjainkierros\/wp-json\/wp\/v2\/pages\/3\/revisions\/125"}],"wp:featuredmedia":[{"embeddable":true,"href":"https:\/\/me.yrittajat.fi\/kirjainkierros\/wp-json\/wp\/v2\/media\/49"}],"wp:attachment":[{"href":"https:\/\/me.yrittajat.fi\/kirjainkierros\/wp-json\/wp\/v2\/media?parent=3"}],"curies":[{"name":"wp","href":"https:\/\/api.w.org\/{rel}","templated":true}]}}