{"id":221,"date":"2022-11-03T12:16:26","date_gmt":"2022-11-03T10:16:26","guid":{"rendered":"https:\/\/me.yrittajat.fi\/ksyrittajajuhla\/?page_id=221"},"modified":"2025-04-11T12:58:49","modified_gmt":"2025-04-11T09:58:49","slug":"jamk","status":"publish","type":"page","link":"https:\/\/me.yrittajat.fi\/ksyrittajajuhla\/jamk\/","title":{"rendered":"Jamk"},"content":{"rendered":"\n<h2 class=\"wp-block-heading\">Jamk vahvistaa yritt\u00e4jyytt\u00e4 Keski-Suomessa<\/h2>\n\n\n\n<p>Hyv\u00e4t keskisuomalaiset yritt\u00e4j\u00e4t!<\/p>\n\n\n\n<p>Jyv\u00e4skyl\u00e4n ammattikorkeakoulu toivottaa Teid\u00e4t tervetulleeksi Keski-Suomen Yritt\u00e4j\u00e4juhlaan!<\/p>\n\n\n\n<h3 class=\"wp-block-heading\"><strong>Jamk tarjoaa useita v\u00e4yli\u00e4 yritt\u00e4jiksi aikoville<\/strong><\/h3>\n\n\n\n<p>Jamkin, Jyv\u00e4skyl\u00e4n yliopiston, Gradian sek\u00e4 Jyv\u00e4skyl\u00e4n kaupungin perustama Jyv\u00e4skyl\u00e4n Yritystehdas tarjoaa mahdollisuuksia ideointiin, innostumiseen, liikeidean kehitt\u00e4miseen tai yrityksen perustamiseen osana muita opintoja.<\/p>\n\n\n\n<p>Yli 20 vuotta toimineessa&nbsp;<a href=\"http:\/\/www.tiimiakatemia.fi\/\" target=\"_blank\" rel=\"noreferrer noopener\">Tiimiakatemiassa<\/a>&nbsp;voit tehd\u00e4 kaiken saman ja suorittaa tutkinnon perustamalla yrityksen tiimin kanssa.<\/p>\n\n\n\n<h3 class=\"wp-block-heading\"><strong>Jamk Future Factory \u2013 Fuel for Creativity<\/strong><\/h3>\n\n\n\n<p>Jamk Future Factory on Jyv\u00e4skyl\u00e4n ammattikorkeakoulun \u201dUuden sukupolven korkeakoulun\u201d innovaatio-ja oppimisalusta, joka yhdist\u00e4\u00e4 opiskelijat ja ty\u00f6el\u00e4m\u00e4n. Onko sinulla tai yrityksell\u00e4si kehitt\u00e4mishaaste ratkottavaksi? Valjasta Jamk Future Factory tuottamaan ratkaisuja, ideoita, palvelukonsepteja!<\/p>\n\n\n\n<p>Tutustu Future Factoryn palveluihin:&nbsp;<a href=\"https:\/\/www.jamk.fi\/fi\/Tutkimus-ja-kehitys\/future-factory\/\" target=\"_blank\" rel=\"noreferrer noopener\">https:\/\/www.jamk.fi\/fi\/Tutkimus-ja-kehitys\/future-factory\/<\/a><\/p>\n\n\n\n<h3 class=\"wp-block-heading\"><strong>Yritt\u00e4j\u00e4- tutustu tarjontaamme<\/strong><\/h3>\n\n\n\n<p>Yritt\u00e4jyys- ja innovaatiokoulutuksessa k\u00e4yt\u00e4mme menetelmi\u00e4, joissa tarvitaan yhteisty\u00f6kumppaneita. Kumppanimme hy\u00f6tyv\u00e4t antamistaan toimeksiannoista, joita monialaiset ja kansainv\u00e4liset opiskelijatiimit toteuttavat. Lis\u00e4ksi toteutamme jatkuvasti TKI-hankkeita, joihin tarvitsemme s\u00e4\u00e4nn\u00f6llisesti kumppaneita mukaan.<\/p>\n\n\n\t<div id=\"gb-button-block_280c937d0e70515ee18b5793dd768296\" class=\"gb-button gb-button-block_280c937d0e70515ee18b5793dd768296\">\n\t\t\t\t\t\t<a class=\"b-button b-button--color- b-button--style-\"\n\t   href=\"https:\/\/www.jamk.fi\/fi\/palvelut\"\n\t   target=\"_blank\">\n\n\t\t<span class=\"b-button__title\">\n\t\t\tTutustu ja ole yhteydess\u00e4!\t\t<\/span>\n\n\t\t\t\t\t<span class=\"b-button__icon\">\n\t\t\t\t<svg xmlns=\"http:\/\/www.w3.org\/2000\/svg\" viewBox=\"0 0 9 14\"><path d=\"M2.001 13.664a1.333 1.333 0 01-.954-2.272l.007-.008 4.414-4.386-4.24-4.414A1.333 1.333 0 113.12.704l5.147 5.334a1.333 1.333 0 010 1.866l-5.334 5.334a1.333 1.333 0 01-.933.426z\"\/><\/svg>\t\t\t<\/span>\n\t\t\t<\/a>\n\t\t\t<\/div>\n\n\n\n<figure class=\"wp-block-embed is-type-video is-provider-youtube wp-block-embed-youtube\"><div class=\"wp-block-embed__wrapper\">\n<iframe loading=\"lazy\" title=\"Jamk imagovideo\" width=\"500\" height=\"281\" src=\"https:\/\/www.youtube.com\/embed\/BKT-HFCraVo?feature=oembed\" frameborder=\"0\" allow=\"accelerometer; autoplay; clipboard-write; encrypted-media; gyroscope; picture-in-picture; web-share\" referrerpolicy=\"strict-origin-when-cross-origin\" allowfullscreen><\/iframe>\n<\/div><\/figure>\n\n\n<div class=\"wp-block-image\">\n<figure class=\"aligncenter size-medium\"><img loading=\"lazy\" decoding=\"async\" width=\"300\" height=\"150\" src=\"https:\/\/me.yrittajat.fi\/ksyrittajajuhla\/app\/uploads\/sites\/55\/2022\/11\/jamk_pieni-300x150.png\" alt=\"\" class=\"wp-image-573\" srcset=\"https:\/\/me.yrittajat.fi\/app\/uploads\/sites\/55\/2022\/11\/jamk_pieni-300x150.png 300w, https:\/\/me.yrittajat.fi\/app\/uploads\/sites\/55\/2022\/11\/jamk_pieni-1024x512.png 1024w, https:\/\/me.yrittajat.fi\/app\/uploads\/sites\/55\/2022\/11\/jamk_pieni-768x384.png 768w, https:\/\/me.yrittajat.fi\/app\/uploads\/sites\/55\/2022\/11\/jamk_pieni-1536x768.png 1536w, https:\/\/me.yrittajat.fi\/app\/uploads\/sites\/55\/2022\/11\/jamk_pieni.png 2000w\" sizes=\"auto, (max-width: 300px) 100vw, 300px\" \/><\/figure><\/div>","protected":false},"excerpt":{"rendered":"<p>Jamk vahvistaa yritt\u00e4jyytt\u00e4 Keski-Suomessa Hyv\u00e4t keskisuomalaiset yritt\u00e4j\u00e4t! Jyv\u00e4skyl\u00e4n ammattikorkeakoulu toivottaa Teid\u00e4t tervetulleeksi Keski-Suomen Yritt\u00e4j\u00e4juhlaan! Jamk tarjoaa useita v\u00e4yli\u00e4 yritt\u00e4jiksi aikoville Jamkin, Jyv\u00e4skyl\u00e4n yliopiston, Gradian sek\u00e4 Jyv\u00e4skyl\u00e4n kaupungin perustama Jyv\u00e4skyl\u00e4n Yritystehdas tarjoaa mahdollisuuksia ideointiin, innostumiseen, liikeidean kehitt\u00e4miseen tai yrityksen perustamiseen osana muita opintoja. Yli 20 vuotta toimineessa&nbsp;Tiimiakatemiassa&nbsp;voit tehd\u00e4 kaiken saman ja suorittaa tutkinnon perustamalla yrityksen tiimin &hellip; <a href=\"https:\/\/me.yrittajat.fi\/ksyrittajajuhla\/jamk\/\">Continued<\/a><\/p>\n","protected":false},"author":55,"featured_media":1977,"parent":0,"menu_order":0,"comment_status":"closed","ping_status":"closed","template":"","meta":{"_acf_changed":false,"footnotes":""},"class_list":["post-221","page","type-page","status-publish","has-post-thumbnail","hentry"],"acf":[],"_links":{"self":[{"href":"https:\/\/me.yrittajat.fi\/ksyrittajajuhla\/wp-json\/wp\/v2\/pages\/221","targetHints":{"allow":["GET"]}}],"collection":[{"href":"https:\/\/me.yrittajat.fi\/ksyrittajajuhla\/wp-json\/wp\/v2\/pages"}],"about":[{"href":"https:\/\/me.yrittajat.fi\/ksyrittajajuhla\/wp-json\/wp\/v2\/types\/page"}],"author":[{"embeddable":true,"href":"https:\/\/me.yrittajat.fi\/ksyrittajajuhla\/wp-json\/wp\/v2\/users\/55"}],"replies":[{"embeddable":true,"href":"https:\/\/me.yrittajat.fi\/ksyrittajajuhla\/wp-json\/wp\/v2\/comments?post=221"}],"version-history":[{"count":22,"href":"https:\/\/me.yrittajat.fi\/ksyrittajajuhla\/wp-json\/wp\/v2\/pages\/221\/revisions"}],"predecessor-version":[{"id":1174,"href":"https:\/\/me.yrittajat.fi\/ksyrittajajuhla\/wp-json\/wp\/v2\/pages\/221\/revisions\/1174"}],"wp:featuredmedia":[{"embeddable":true,"href":"https:\/\/me.yrittajat.fi\/ksyrittajajuhla\/wp-json\/wp\/v2\/media\/1977"}],"wp:attachment":[{"href":"https:\/\/me.yrittajat.fi\/ksyrittajajuhla\/wp-json\/wp\/v2\/media?parent=221"}],"curies":[{"name":"wp","href":"https:\/\/api.w.org\/{rel}","templated":true}]}}