{"id":2388,"date":"2025-12-29T14:09:53","date_gmt":"2025-12-29T12:09:53","guid":{"rendered":"https:\/\/me.yrittajat.fi\/ksyrittajajuhla\/?page_id=2388"},"modified":"2025-12-29T14:14:37","modified_gmt":"2025-12-29T12:14:37","slug":"paytrail","status":"publish","type":"page","link":"https:\/\/me.yrittajat.fi\/ksyrittajajuhla\/paytrail\/","title":{"rendered":"Paytrail"},"content":{"rendered":"\n<h2 class=\"wp-block-heading\">Paytrail &#8211; Suomen v\u00e4litt\u00e4vin verkkomaksamisen asiantuntija<\/h2>\n\n\n\n<p>Paytrail on suurin suomalainen verkkomaksuyhti\u00f6 ja k\u00e4ytetyin maksupalvelu verkkokaupoissa, -palveluissa ja sovelluksissa. Vuonna 2007 perustettu Paytrail on taustaltaan jyv\u00e4skyl\u00e4inen startup ja t\u00e4t\u00e4 nyky\u00e4\u00e4nkin p\u00e4\u00e4konttorimme sijaitsee Lutakossa. Yrityksell\u00e4 on yli 20 000 asiakasta, ja lis\u00e4ksi Paytrail vastaa Valtiokonttorin Suomi.fi-maksut palvelun verkkomaksuliikenteest\u00e4. Yritys on osa Nexi\/Nets-konsernia, ja sill\u00e4 on Finanssivalvonnan my\u00f6nt\u00e4m\u00e4 maksulaitostoimilupa. Yhti\u00f6 tunnetaan my\u00f6s yhten\u00e4 kotimaisen verkkokaupan pioneeriyrityksen\u00e4.<\/p>\n\n\n\n<p>Olemme yritt\u00e4jien kasvun kumppani: luotettavat ja monipuoliset maksuratkaisut sek\u00e4 v\u00e4litt\u00e4v\u00e4 kotimainen asiakaspalvelu tukevat jokaisessa vaiheessa.<\/p>\n\n\n\n<p>Taustastamme johtuen keskisuomalaiset yritt\u00e4j\u00e4t ovat erityisen l\u00e4hell\u00e4 syd\u00e4nt\u00e4mme ja meill\u00e4 on ilo olla Yritt\u00e4j\u00e4juhlan yhteisty\u00f6kumppanina. Toivotamme kaikille mahtavaa juhlaa ja menestyst\u00e4 tulevaan!<\/p>\n\n\n\n<figure class=\"wp-block-embed is-type-video is-provider-youtube wp-block-embed-youtube wp-embed-aspect-16-9 wp-has-aspect-ratio\"><div class=\"wp-block-embed__wrapper\">\n<iframe loading=\"lazy\" title=\"Paytrail Omnichannel - Verkkomaksut ja maksup\u00e4\u00e4tteet yhdess\u00e4 paketissa\" width=\"500\" height=\"281\" src=\"https:\/\/www.youtube.com\/embed\/-eM5Hiwmp64?feature=oembed\" frameborder=\"0\" allow=\"accelerometer; autoplay; clipboard-write; encrypted-media; gyroscope; picture-in-picture; web-share\" referrerpolicy=\"strict-origin-when-cross-origin\" allowfullscreen><\/iframe>\n<\/div><\/figure>\n\n\n\t<div id=\"gb-button-block_c5532eaa665edde22e6e82ff27f5fc5e\" class=\"gb-button gb-button-block_c5532eaa665edde22e6e82ff27f5fc5e\">\n\t\t\t\t\t\t<a class=\"b-button b-button--color- b-button--style-\"\n\t   href=\"http:\/\/www.paytrail.com\"\n\t   target=\"_blank\">\n\n\t\t<span class=\"b-button__title\">\n\t\t\tPaytrail\t\t<\/span>\n\n\t\t\t\t\t<span class=\"b-button__icon\">\n\t\t\t\t<svg xmlns=\"http:\/\/www.w3.org\/2000\/svg\" viewBox=\"0 0 9 14\"><path d=\"M2.001 13.664a1.333 1.333 0 01-.954-2.272l.007-.008 4.414-4.386-4.24-4.414A1.333 1.333 0 113.12.704l5.147 5.334a1.333 1.333 0 010 1.866l-5.334 5.334a1.333 1.333 0 01-.933.426z\"\/><\/svg>\t\t\t<\/span>\n\t\t\t<\/a>\n\t\t\t<\/div>\n\n\n\n<figure class=\"wp-block-image size-full is-resized\"><img loading=\"lazy\" decoding=\"async\" width=\"283\" height=\"283\" src=\"https:\/\/me.yrittajat.fi\/app\/uploads\/sites\/55\/2025\/12\/paytrail_bynets_bag_2018_web.png\" alt=\"\" class=\"wp-image-2389\" style=\"width:115px;height:auto\" srcset=\"https:\/\/me.yrittajat.fi\/app\/uploads\/sites\/55\/2025\/12\/paytrail_bynets_bag_2018_web.png 283w, https:\/\/me.yrittajat.fi\/app\/uploads\/sites\/55\/2025\/12\/paytrail_bynets_bag_2018_web-150x150.png 150w\" sizes=\"auto, (max-width: 283px) 100vw, 283px\" \/><\/figure>\n","protected":false},"excerpt":{"rendered":"<p>Paytrail &#8211; Suomen v\u00e4litt\u00e4vin verkkomaksamisen asiantuntija Paytrail on suurin suomalainen verkkomaksuyhti\u00f6 ja k\u00e4ytetyin maksupalvelu verkkokaupoissa, -palveluissa ja sovelluksissa. Vuonna 2007 perustettu Paytrail on taustaltaan jyv\u00e4skyl\u00e4inen startup ja t\u00e4t\u00e4 nyky\u00e4\u00e4nkin p\u00e4\u00e4konttorimme sijaitsee Lutakossa. Yrityksell\u00e4 on yli 20 000 asiakasta, ja lis\u00e4ksi Paytrail vastaa Valtiokonttorin Suomi.fi-maksut palvelun verkkomaksuliikenteest\u00e4. Yritys on osa Nexi\/Nets-konsernia, ja sill\u00e4 on Finanssivalvonnan my\u00f6nt\u00e4m\u00e4 &hellip; <a href=\"https:\/\/me.yrittajat.fi\/ksyrittajajuhla\/paytrail\/\">Continued<\/a><\/p>\n","protected":false},"author":55,"featured_media":2035,"parent":0,"menu_order":0,"comment_status":"closed","ping_status":"closed","template":"","meta":{"_acf_changed":false,"footnotes":""},"class_list":["post-2388","page","type-page","status-publish","has-post-thumbnail","hentry"],"acf":[],"_links":{"self":[{"href":"https:\/\/me.yrittajat.fi\/ksyrittajajuhla\/wp-json\/wp\/v2\/pages\/2388","targetHints":{"allow":["GET"]}}],"collection":[{"href":"https:\/\/me.yrittajat.fi\/ksyrittajajuhla\/wp-json\/wp\/v2\/pages"}],"about":[{"href":"https:\/\/me.yrittajat.fi\/ksyrittajajuhla\/wp-json\/wp\/v2\/types\/page"}],"author":[{"embeddable":true,"href":"https:\/\/me.yrittajat.fi\/ksyrittajajuhla\/wp-json\/wp\/v2\/users\/55"}],"replies":[{"embeddable":true,"href":"https:\/\/me.yrittajat.fi\/ksyrittajajuhla\/wp-json\/wp\/v2\/comments?post=2388"}],"version-history":[{"count":1,"href":"https:\/\/me.yrittajat.fi\/ksyrittajajuhla\/wp-json\/wp\/v2\/pages\/2388\/revisions"}],"predecessor-version":[{"id":2390,"href":"https:\/\/me.yrittajat.fi\/ksyrittajajuhla\/wp-json\/wp\/v2\/pages\/2388\/revisions\/2390"}],"wp:featuredmedia":[{"embeddable":true,"href":"https:\/\/me.yrittajat.fi\/ksyrittajajuhla\/wp-json\/wp\/v2\/media\/2035"}],"wp:attachment":[{"href":"https:\/\/me.yrittajat.fi\/ksyrittajajuhla\/wp-json\/wp\/v2\/media?parent=2388"}],"curies":[{"name":"wp","href":"https:\/\/api.w.org\/{rel}","templated":true}]}}