{"id":267,"date":"2022-12-05T11:48:37","date_gmt":"2022-12-05T09:48:37","guid":{"rendered":"https:\/\/me.yrittajat.fi\/ksyrittajajuhla\/?page_id=267"},"modified":"2026-01-21T08:49:26","modified_gmt":"2026-01-21T06:49:26","slug":"keski-suomen-liitto","status":"publish","type":"page","link":"https:\/\/me.yrittajat.fi\/ksyrittajajuhla\/keski-suomen-liitto\/","title":{"rendered":"Keski-Suomen liitto"},"content":{"rendered":"\n<p>Arvoisat yritt\u00e4j\u00e4t,<br>olen ylpe\u00e4, ett\u00e4 Keski-Suomen liitto saa toimia Yritt\u00e4j\u00e4juhlan yhteisty\u00f6kumppanina.<\/p>\n\n\n\n<p>Haluan toivottaa teille kaikille keskisuomalaisille yritt\u00e4jille antoisaa juhlaa ja menestyst\u00e4 tulevaan. Ilman teit\u00e4 ei olisi kehittyv\u00e4\u00e4 ja vetovoimaista maakuntaa.<\/p>\n\n\n\n<p>N\u00e4hd\u00e4\u00e4n, verkostoidutaan ja juhlitaan vuoden yritt\u00e4jien palkitsemisia, ja ennen kaikkea nautitaan toistemme seurasta.<\/p>\n\n\n\n<h2 class=\"wp-block-heading\">#KeskiSuomi ja #ParhaatPalat<\/h2>\n\n\n\n<p><strong>Pekka Hokkanen<\/strong><br>maakuntajohtaja<\/p>\n\n\n\n<figure class=\"wp-block-image size-large\"><img loading=\"lazy\" decoding=\"async\" width=\"1024\" height=\"732\" src=\"https:\/\/me.yrittajat.fi\/ksyrittajajuhla\/app\/uploads\/sites\/55\/2022\/12\/maakuntajohtaja-pekka-hokkanen-2-1024x732.jpg\" alt=\"\" class=\"wp-image-1047\" srcset=\"https:\/\/me.yrittajat.fi\/app\/uploads\/sites\/55\/2022\/12\/maakuntajohtaja-pekka-hokkanen-2-1024x732.jpg 1024w, https:\/\/me.yrittajat.fi\/app\/uploads\/sites\/55\/2022\/12\/maakuntajohtaja-pekka-hokkanen-2-300x214.jpg 300w, https:\/\/me.yrittajat.fi\/app\/uploads\/sites\/55\/2022\/12\/maakuntajohtaja-pekka-hokkanen-2-768x549.jpg 768w, https:\/\/me.yrittajat.fi\/app\/uploads\/sites\/55\/2022\/12\/maakuntajohtaja-pekka-hokkanen-2-1536x1097.jpg 1536w, https:\/\/me.yrittajat.fi\/app\/uploads\/sites\/55\/2022\/12\/maakuntajohtaja-pekka-hokkanen-2.jpg 2048w\" sizes=\"auto, (max-width: 1024px) 100vw, 1024px\" \/><figcaption class=\"wp-element-caption\">Kuvassa maakuntajohtaja Pekka Hokkanen<\/figcaption><\/figure>\n\n\n\n<figure class=\"wp-block-embed is-type-video is-provider-youtube wp-block-embed-youtube\"><div class=\"wp-block-embed__wrapper\">\n<iframe loading=\"lazy\" title=\"Vauhtia Keski-Suomen liike-el\u00e4m\u00e4\u00e4n!\" width=\"500\" height=\"281\" src=\"https:\/\/www.youtube.com\/embed\/aFZe3lFf1c4?feature=oembed\" frameborder=\"0\" allow=\"accelerometer; autoplay; clipboard-write; encrypted-media; gyroscope; picture-in-picture; web-share\" referrerpolicy=\"strict-origin-when-cross-origin\" allowfullscreen><\/iframe>\n<\/div><\/figure>\n\n\n\t<div id=\"gb-button-block_dd8b7d43b1764dd0ec21fcc1ddf98df0\" class=\"gb-button gb-button-block_dd8b7d43b1764dd0ec21fcc1ddf98df0\">\n\t\t\t\t\t\t<a class=\"b-button b-button--color- b-button--style-\"\n\t   href=\"https:\/\/keskisuomenliitto.fi\/\"\n\t   target=\"_blank\">\n\n\t\t<span class=\"b-button__title\">\n\t\t\tKeski-Suomen liitto\t\t<\/span>\n\n\t\t\t\t\t<span class=\"b-button__icon\">\n\t\t\t\t<svg xmlns=\"http:\/\/www.w3.org\/2000\/svg\" viewBox=\"0 0 9 14\"><path d=\"M2.001 13.664a1.333 1.333 0 01-.954-2.272l.007-.008 4.414-4.386-4.24-4.414A1.333 1.333 0 113.12.704l5.147 5.334a1.333 1.333 0 010 1.866l-5.334 5.334a1.333 1.333 0 01-.933.426z\"\/><\/svg>\t\t\t<\/span>\n\t\t\t<\/a>\n\t\t\t<\/div>\n\n\n<div class=\"wp-block-image\">\n<figure class=\"aligncenter size-medium\"><img loading=\"lazy\" decoding=\"async\" width=\"300\" height=\"150\" src=\"https:\/\/me.yrittajat.fi\/ksyrittajajuhla\/app\/uploads\/sites\/55\/2022\/12\/kumppani_logot_ksyjuhlasivut_pienet_2000x1000-1-300x150.png\" alt=\"\" class=\"wp-image-646\" srcset=\"https:\/\/me.yrittajat.fi\/app\/uploads\/sites\/55\/2022\/12\/kumppani_logot_ksyjuhlasivut_pienet_2000x1000-1-300x150.png 300w, https:\/\/me.yrittajat.fi\/app\/uploads\/sites\/55\/2022\/12\/kumppani_logot_ksyjuhlasivut_pienet_2000x1000-1-1024x512.png 1024w, https:\/\/me.yrittajat.fi\/app\/uploads\/sites\/55\/2022\/12\/kumppani_logot_ksyjuhlasivut_pienet_2000x1000-1-768x384.png 768w, https:\/\/me.yrittajat.fi\/app\/uploads\/sites\/55\/2022\/12\/kumppani_logot_ksyjuhlasivut_pienet_2000x1000-1-1536x768.png 1536w, https:\/\/me.yrittajat.fi\/app\/uploads\/sites\/55\/2022\/12\/kumppani_logot_ksyjuhlasivut_pienet_2000x1000-1.png 2000w\" sizes=\"auto, (max-width: 300px) 100vw, 300px\" \/><\/figure><\/div>","protected":false},"excerpt":{"rendered":"<p>Arvoisat yritt\u00e4j\u00e4t,olen ylpe\u00e4, ett\u00e4 Keski-Suomen liitto saa toimia Yritt\u00e4j\u00e4juhlan yhteisty\u00f6kumppanina. Haluan toivottaa teille kaikille keskisuomalaisille yritt\u00e4jille antoisaa juhlaa ja menestyst\u00e4 tulevaan. Ilman teit\u00e4 ei olisi kehittyv\u00e4\u00e4 ja vetovoimaista maakuntaa. N\u00e4hd\u00e4\u00e4n, verkostoidutaan ja juhlitaan vuoden yritt\u00e4jien palkitsemisia, ja ennen kaikkea nautitaan toistemme seurasta. #KeskiSuomi ja #ParhaatPalat Pekka Hokkanenmaakuntajohtaja<\/p>\n","protected":false},"author":55,"featured_media":2035,"parent":0,"menu_order":0,"comment_status":"closed","ping_status":"closed","template":"","meta":{"_acf_changed":false,"footnotes":""},"class_list":["post-267","page","type-page","status-publish","has-post-thumbnail","hentry"],"acf":[],"_links":{"self":[{"href":"https:\/\/me.yrittajat.fi\/ksyrittajajuhla\/wp-json\/wp\/v2\/pages\/267","targetHints":{"allow":["GET"]}}],"collection":[{"href":"https:\/\/me.yrittajat.fi\/ksyrittajajuhla\/wp-json\/wp\/v2\/pages"}],"about":[{"href":"https:\/\/me.yrittajat.fi\/ksyrittajajuhla\/wp-json\/wp\/v2\/types\/page"}],"author":[{"embeddable":true,"href":"https:\/\/me.yrittajat.fi\/ksyrittajajuhla\/wp-json\/wp\/v2\/users\/55"}],"replies":[{"embeddable":true,"href":"https:\/\/me.yrittajat.fi\/ksyrittajajuhla\/wp-json\/wp\/v2\/comments?post=267"}],"version-history":[{"count":6,"href":"https:\/\/me.yrittajat.fi\/ksyrittajajuhla\/wp-json\/wp\/v2\/pages\/267\/revisions"}],"predecessor-version":[{"id":2419,"href":"https:\/\/me.yrittajat.fi\/ksyrittajajuhla\/wp-json\/wp\/v2\/pages\/267\/revisions\/2419"}],"wp:featuredmedia":[{"embeddable":true,"href":"https:\/\/me.yrittajat.fi\/ksyrittajajuhla\/wp-json\/wp\/v2\/media\/2035"}],"wp:attachment":[{"href":"https:\/\/me.yrittajat.fi\/ksyrittajajuhla\/wp-json\/wp\/v2\/media?parent=267"}],"curies":[{"name":"wp","href":"https:\/\/api.w.org\/{rel}","templated":true}]}}