{"id":273,"date":"2022-12-05T11:48:18","date_gmt":"2022-12-05T09:48:18","guid":{"rendered":"https:\/\/me.yrittajat.fi\/ksyrittajajuhla\/?page_id=273"},"modified":"2025-10-14T13:39:16","modified_gmt":"2025-10-14T10:39:16","slug":"kehittamisyhtio-witas-oy","status":"publish","type":"page","link":"https:\/\/me.yrittajat.fi\/ksyrittajajuhla\/kehittamisyhtio-witas-oy\/","title":{"rendered":"Kehitt\u00e4misyhti\u00f6 Witas Oy"},"content":{"rendered":"\n<h2 class=\"wp-block-heading\">Kehitt\u00e4misyhti\u00f6 Witas Oy \u2013 viitasaarelaisten yritt\u00e4jien ja yritt\u00e4jyytt\u00e4 suunnittelevien kumppani<\/h2>\n\n\n\n<p>L\u00e4mpim\u00e4sti onnea keskisuomalaisille yritt\u00e4jille. Toivotamme upeaa Keski-Suomen Yritt\u00e4j\u00e4juhlaa 2026!<\/p>\n\n\n\n<p>Witaksella palvelemme viitasaarelaisia yritt\u00e4ji\u00e4 sek\u00e4 yritt\u00e4jyytt\u00e4 tai sijoittumista Viitasaarelle suunnittelevia maksuttomasti kaikissa yrityksen elinkaaren eri vaiheissa toimialasta ja yritysmuodosta riippumatta. Jos sinulla on orastava yritysidea, yrityskehitt\u00e4j\u00e4mme sparraavat kanssasi sit\u00e4 eteenp\u00e4in. Saat apua suunnitelmiesi kirkastamiseen sek\u00e4 sopivan yritysmuodon valitsemiseen. Saat neuvoja olemassa olevan yrityksen kehitt\u00e4miseen, rahoitushakuihin, Viitasaarelle sijoittumiseen, toimitiloihin sek\u00e4 yrityksen muutostilanteeseen liittyviss\u00e4 asioissa.<\/p>\n\n\n\n<p><strong>Seuraa somesta<\/strong><br>Facebook <a href=\"https:\/\/www.facebook.com\/witasoy\" target=\"_blank\" rel=\"noreferrer noopener\">@witasoy<\/a> <br>Instagram <a href=\"https:\/\/www.instagram.com\/witasoy\" target=\"_blank\" rel=\"noreferrer noopener\">@witasoy<\/a> <br>LinkedIn <a href=\"https:\/\/www.linkedin.com\/company\/witasoy\" target=\"_blank\" rel=\"noreferrer noopener\">witasoy<\/a> <\/p>\n\n\n\t<div id=\"gb-button-block_2ef0fcea0a47792472b17693804322f3\" class=\"gb-button gb-button-block_2ef0fcea0a47792472b17693804322f3\">\n\t\t\t\t\t\t<a class=\"b-button b-button--color- b-button--style-\"\n\t   href=\"http:\/\/witas.fi\"\n\t   target=\"_blank\">\n\n\t\t<span class=\"b-button__title\">\n\t\t\tKehitt\u00e4misyhti\u00f6 Witas Oy\t\t<\/span>\n\n\t\t\t\t\t<span class=\"b-button__icon\">\n\t\t\t\t<svg xmlns=\"http:\/\/www.w3.org\/2000\/svg\" viewBox=\"0 0 9 14\"><path d=\"M2.001 13.664a1.333 1.333 0 01-.954-2.272l.007-.008 4.414-4.386-4.24-4.414A1.333 1.333 0 113.12.704l5.147 5.334a1.333 1.333 0 010 1.866l-5.334 5.334a1.333 1.333 0 01-.933.426z\"\/><\/svg>\t\t\t<\/span>\n\t\t\t<\/a>\n\t\t\t<\/div>\n\n\n<div class=\"wp-block-image\">\n<figure class=\"aligncenter size-medium\"><img loading=\"lazy\" decoding=\"async\" width=\"300\" height=\"150\" src=\"https:\/\/me.yrittajat.fi\/ksyrittajajuhla\/app\/uploads\/sites\/55\/2022\/11\/witas_pieni-300x150.png\" alt=\"\" class=\"wp-image-576\" srcset=\"https:\/\/me.yrittajat.fi\/app\/uploads\/sites\/55\/2022\/11\/witas_pieni-300x150.png 300w, https:\/\/me.yrittajat.fi\/app\/uploads\/sites\/55\/2022\/11\/witas_pieni-1024x512.png 1024w, https:\/\/me.yrittajat.fi\/app\/uploads\/sites\/55\/2022\/11\/witas_pieni-768x384.png 768w, https:\/\/me.yrittajat.fi\/app\/uploads\/sites\/55\/2022\/11\/witas_pieni-1536x768.png 1536w, https:\/\/me.yrittajat.fi\/app\/uploads\/sites\/55\/2022\/11\/witas_pieni.png 2000w\" sizes=\"auto, (max-width: 300px) 100vw, 300px\" \/><\/figure><\/div>","protected":false},"excerpt":{"rendered":"<p>Kehitt\u00e4misyhti\u00f6 Witas Oy \u2013 viitasaarelaisten yritt\u00e4jien ja yritt\u00e4jyytt\u00e4 suunnittelevien kumppani L\u00e4mpim\u00e4sti onnea keskisuomalaisille yritt\u00e4jille. Toivotamme upeaa Keski-Suomen Yritt\u00e4j\u00e4juhlaa 2026! Witaksella palvelemme viitasaarelaisia yritt\u00e4ji\u00e4 sek\u00e4 yritt\u00e4jyytt\u00e4 tai sijoittumista Viitasaarelle suunnittelevia maksuttomasti kaikissa yrityksen elinkaaren eri vaiheissa toimialasta ja yritysmuodosta riippumatta. Jos sinulla on orastava yritysidea, yrityskehitt\u00e4j\u00e4mme sparraavat kanssasi sit\u00e4 eteenp\u00e4in. Saat apua suunnitelmiesi kirkastamiseen sek\u00e4 sopivan &hellip; <a href=\"https:\/\/me.yrittajat.fi\/ksyrittajajuhla\/kehittamisyhtio-witas-oy\/\">Continued<\/a><\/p>\n","protected":false},"author":55,"featured_media":2035,"parent":0,"menu_order":0,"comment_status":"closed","ping_status":"closed","template":"","meta":{"_acf_changed":false,"footnotes":""},"class_list":["post-273","page","type-page","status-publish","has-post-thumbnail","hentry"],"acf":[],"_links":{"self":[{"href":"https:\/\/me.yrittajat.fi\/ksyrittajajuhla\/wp-json\/wp\/v2\/pages\/273","targetHints":{"allow":["GET"]}}],"collection":[{"href":"https:\/\/me.yrittajat.fi\/ksyrittajajuhla\/wp-json\/wp\/v2\/pages"}],"about":[{"href":"https:\/\/me.yrittajat.fi\/ksyrittajajuhla\/wp-json\/wp\/v2\/types\/page"}],"author":[{"embeddable":true,"href":"https:\/\/me.yrittajat.fi\/ksyrittajajuhla\/wp-json\/wp\/v2\/users\/55"}],"replies":[{"embeddable":true,"href":"https:\/\/me.yrittajat.fi\/ksyrittajajuhla\/wp-json\/wp\/v2\/comments?post=273"}],"version-history":[{"count":4,"href":"https:\/\/me.yrittajat.fi\/ksyrittajajuhla\/wp-json\/wp\/v2\/pages\/273\/revisions"}],"predecessor-version":[{"id":2157,"href":"https:\/\/me.yrittajat.fi\/ksyrittajajuhla\/wp-json\/wp\/v2\/pages\/273\/revisions\/2157"}],"wp:featuredmedia":[{"embeddable":true,"href":"https:\/\/me.yrittajat.fi\/ksyrittajajuhla\/wp-json\/wp\/v2\/media\/2035"}],"wp:attachment":[{"href":"https:\/\/me.yrittajat.fi\/ksyrittajajuhla\/wp-json\/wp\/v2\/media?parent=273"}],"curies":[{"name":"wp","href":"https:\/\/api.w.org\/{rel}","templated":true}]}}