{"id":294,"date":"2022-12-05T11:51:41","date_gmt":"2022-12-05T09:51:41","guid":{"rendered":"https:\/\/me.yrittajat.fi\/ksyrittajajuhla\/?page_id=294"},"modified":"2025-10-10T11:18:05","modified_gmt":"2025-10-10T08:18:05","slug":"muuramen-kunta","status":"publish","type":"page","link":"https:\/\/me.yrittajat.fi\/ksyrittajajuhla\/muuramen-kunta\/","title":{"rendered":"Muuramen kunta"},"content":{"rendered":"\n<figure class=\"wp-block-image size-large\"><img loading=\"lazy\" decoding=\"async\" width=\"1024\" height=\"340\" src=\"https:\/\/me.yrittajat.fi\/app\/uploads\/sites\/55\/2025\/10\/web_banneri2025_maailmanonnellisin_web-1024x340.jpg\" alt=\"\" class=\"wp-image-2129\" srcset=\"https:\/\/me.yrittajat.fi\/app\/uploads\/sites\/55\/2025\/10\/web_banneri2025_maailmanonnellisin_web-1024x340.jpg 1024w, https:\/\/me.yrittajat.fi\/app\/uploads\/sites\/55\/2025\/10\/web_banneri2025_maailmanonnellisin_web-300x100.jpg 300w, https:\/\/me.yrittajat.fi\/app\/uploads\/sites\/55\/2025\/10\/web_banneri2025_maailmanonnellisin_web-768x255.jpg 768w, https:\/\/me.yrittajat.fi\/app\/uploads\/sites\/55\/2025\/10\/web_banneri2025_maailmanonnellisin_web.jpg 1123w\" sizes=\"auto, (max-width: 1024px) 100vw, 1024px\" \/><\/figure>\n\n\n\n<h2 class=\"wp-block-heading\">Muurame \u2013 Elinvoimaa ja yritt\u00e4j\u00e4henke\u00e4<\/h2>\n\n\n\n<p>Muurame on keskisuomalainen kasvava ja kehittyv\u00e4 kunta, jossa elinvoima ja yritt\u00e4j\u00e4henki n\u00e4kyv\u00e4t arjessa, maisemassa ja ihmisiss\u00e4. Meill\u00e4 yhdistyv\u00e4t luonnonl\u00e4heinen asuminen, aktiivinen yhteis\u00f6 ja vahva tahto kehitt\u00e4\u00e4 uutta \u2013 yhdess\u00e4.<\/p>\n\n\n\n<p>Muurame tunnetaan yritt\u00e4j\u00e4aktiivisuudestaan. Kunnassa toimii monipuolinen ja ketter\u00e4 yrityskentt\u00e4, jossa pienet ja keskisuuret yritykset ovat elinvoiman moottoreita. Yritt\u00e4jyytt\u00e4 tuetaan vahvasti niin kunnan palveluissa kuin koulutuksen ja verkostojen kautta. Hanketoiminta ja oppilaitosten kanssa teht\u00e4v\u00e4 yhteisty\u00f6 tuo uusia mahdollisuuksia alkaville yrityksille ja vahvistaa osaamista. Elinvoima Muuramessa syntyy my\u00f6s yhteis\u00f6llisyydest\u00e4, laadukkaista palveluista ja hyv\u00e4st\u00e4 saavutettavuudesta. Jyv\u00e4skyl\u00e4n l\u00e4heisyys, toimivat liikenneyhteydet ja luonnon tarjoamat virkistysmahdollisuudet tekev\u00e4t Muuramesta vetovoimaisen paikan niin asumiselle, yritt\u00e4miselle kuin matkailulle. Riihivuoren alue, kehittyv\u00e4t yritysalueet kuten Sillanniitty ja Punasilta, sek\u00e4 vahva panostus kest\u00e4v\u00e4\u00e4n kehitykseen kertovat kunnianhimoisesta tulevaisuuden rakentamisesta. Muurame ei tyydy seuraamaan kehityst\u00e4 \u2013 me teemme sit\u00e4. Tervetuloa Muurameen \u2013 kuntaan, jossa elinvoima ja yritt\u00e4j\u00e4henki kulkevat k\u00e4si k\u00e4dess\u00e4.<\/p>\n\n\n\n<p>Onnittelemme l\u00e4mpim\u00e4sti kaikkia keskisuomalaisia Yritt\u00e4ji\u00e4 sek\u00e4 toivotamme upeaa, arvokasta ja ikimuistoista Yritt\u00e4j\u00e4juhlaa 2026. Toivottamme menestyst\u00e4 kaikille keskisuomalaisille yritt\u00e4jille ja yhteisty\u00f6kumppaneillemme.<\/p>\n\n\n\n<p><strong>Muuramen kunnan ajankohtaisasioita<\/strong> <a href=\"https:\/\/www.facebook.com\/muuramekunta\/?locale=fi_FI\" target=\"_blank\" rel=\"noreferrer noopener\">@Facebook<\/a><br><strong>Muuramen kunta &#8211; Municipality of Muurame<\/strong> <a href=\"https:\/\/fi.linkedin.com\/company\/muuramen-kunta\" target=\"_blank\" rel=\"noreferrer noopener\">@LinkedIn<\/a><\/p>\n\n\n\t<div id=\"gb-button-block_1df36487e30184aa63724e7643a1d83f\" class=\"gb-button gb-button-block_1df36487e30184aa63724e7643a1d83f\">\n\t\t\t\t\t\t<a class=\"b-button b-button--color- b-button--style-\"\n\t   href=\"https:\/\/www.muurame.fi\/elinkeinojen-ja-tyollisyyden-edistaminen-muuramessa\/\"\n\t   target=\"_blank\">\n\n\t\t<span class=\"b-button__title\">\n\t\t\tMuuramen kunta\t\t<\/span>\n\n\t\t\t\t\t<span class=\"b-button__icon\">\n\t\t\t\t<svg xmlns=\"http:\/\/www.w3.org\/2000\/svg\" viewBox=\"0 0 9 14\"><path d=\"M2.001 13.664a1.333 1.333 0 01-.954-2.272l.007-.008 4.414-4.386-4.24-4.414A1.333 1.333 0 113.12.704l5.147 5.334a1.333 1.333 0 010 1.866l-5.334 5.334a1.333 1.333 0 01-.933.426z\"\/><\/svg>\t\t\t<\/span>\n\t\t\t<\/a>\n\t\t\t<\/div>\n\n\n\n<figure class=\"wp-block-image size-full\"><img loading=\"lazy\" decoding=\"async\" width=\"300\" height=\"150\" src=\"https:\/\/me.yrittajat.fi\/app\/uploads\/sites\/55\/2025\/10\/pienet-logot-verkkoon-300x150-1.jpg\" alt=\"\" class=\"wp-image-2133\" \/><\/figure>\n","protected":false},"excerpt":{"rendered":"<p>Muurame \u2013 Elinvoimaa ja yritt\u00e4j\u00e4henke\u00e4 Muurame on keskisuomalainen kasvava ja kehittyv\u00e4 kunta, jossa elinvoima ja yritt\u00e4j\u00e4henki n\u00e4kyv\u00e4t arjessa, maisemassa ja ihmisiss\u00e4. Meill\u00e4 yhdistyv\u00e4t luonnonl\u00e4heinen asuminen, aktiivinen yhteis\u00f6 ja vahva tahto kehitt\u00e4\u00e4 uutta \u2013 yhdess\u00e4. Muurame tunnetaan yritt\u00e4j\u00e4aktiivisuudestaan. Kunnassa toimii monipuolinen ja ketter\u00e4 yrityskentt\u00e4, jossa pienet ja keskisuuret yritykset ovat elinvoiman moottoreita. Yritt\u00e4jyytt\u00e4 tuetaan vahvasti niin &hellip; <a href=\"https:\/\/me.yrittajat.fi\/ksyrittajajuhla\/muuramen-kunta\/\">Continued<\/a><\/p>\n","protected":false},"author":55,"featured_media":2035,"parent":0,"menu_order":0,"comment_status":"closed","ping_status":"closed","template":"","meta":{"_acf_changed":false,"footnotes":""},"class_list":["post-294","page","type-page","status-publish","has-post-thumbnail","hentry"],"acf":[],"_links":{"self":[{"href":"https:\/\/me.yrittajat.fi\/ksyrittajajuhla\/wp-json\/wp\/v2\/pages\/294","targetHints":{"allow":["GET"]}}],"collection":[{"href":"https:\/\/me.yrittajat.fi\/ksyrittajajuhla\/wp-json\/wp\/v2\/pages"}],"about":[{"href":"https:\/\/me.yrittajat.fi\/ksyrittajajuhla\/wp-json\/wp\/v2\/types\/page"}],"author":[{"embeddable":true,"href":"https:\/\/me.yrittajat.fi\/ksyrittajajuhla\/wp-json\/wp\/v2\/users\/55"}],"replies":[{"embeddable":true,"href":"https:\/\/me.yrittajat.fi\/ksyrittajajuhla\/wp-json\/wp\/v2\/comments?post=294"}],"version-history":[{"count":5,"href":"https:\/\/me.yrittajat.fi\/ksyrittajajuhla\/wp-json\/wp\/v2\/pages\/294\/revisions"}],"predecessor-version":[{"id":2155,"href":"https:\/\/me.yrittajat.fi\/ksyrittajajuhla\/wp-json\/wp\/v2\/pages\/294\/revisions\/2155"}],"wp:featuredmedia":[{"embeddable":true,"href":"https:\/\/me.yrittajat.fi\/ksyrittajajuhla\/wp-json\/wp\/v2\/media\/2035"}],"wp:attachment":[{"href":"https:\/\/me.yrittajat.fi\/ksyrittajajuhla\/wp-json\/wp\/v2\/media?parent=294"}],"curies":[{"name":"wp","href":"https:\/\/api.w.org\/{rel}","templated":true}]}}