{"id":3,"date":"2021-12-16T12:21:36","date_gmt":"2021-12-16T10:21:36","guid":{"rendered":"https:\/\/me.yrittajat.fi\/lahilauantai\/etusivu\/"},"modified":"2025-06-26T18:16:27","modified_gmt":"2025-06-26T15:16:27","slug":"etusivu","status":"publish","type":"page","link":"https:\/\/me.yrittajat.fi\/lahilauantai\/","title":{"rendered":"L\u00e4hilauantai"},"content":{"rendered":"\n<h2 class=\"wp-block-heading\" id=\"mika-on-lahilauantai\">Mik\u00e4 on L\u00e4hilauantai?<\/h2>\n\n\n\n<p>Syyskuun alussa vietet\u00e4\u00e4n taas valtakunnallista L\u00e4hilauantaita. P\u00e4iv\u00e4n tarkoitus on tukea paikallista yritt\u00e4jyytt\u00e4 ja muistuttaa siit\u00e4, miten t\u00e4rke\u00e4\u00e4 on, ett\u00e4 oman kotikunnan tai -kaupungin tarjolla olevat palvelut s\u00e4ilyv\u00e4t l\u00e4hell\u00e4 my\u00f6s tulevaisuudessa. Lauantaina 6.9. laitetaan siis ostohousut jalkaan, ovipumput laulamaan ja kassakoneet kilisem\u00e4\u00e4n ja suunnataan ostoksille l\u00e4hiseudun pieniin yrityksiin.<\/p>\n\n\n\n<p><strong>Ostetaan l\u00e4helt\u00e4 ja tuetaan paikallista!<\/strong><\/p>\n\n\n\n<h2 class=\"wp-block-heading\" id=\"nain-voit-osallistua\">Yritt\u00e4j\u00e4 &#8211; tule mukaan L\u00e4hilauntaihin<\/h2>\n\n\n\n<p><strong>Yritt\u00e4j\u00e4, haluatko mukaan?<\/strong> Tartu markkinointimahdollisuuteen ja tule mukaan viett\u00e4m\u00e4\u00e4n L\u00e4hilauantaita! Kerro somessa, verkkosivuillasi ja liikkeess\u00e4si, ett\u00e4 olet mukana. Luo halutessasi vaikkapa tarjous tai kampanja ja kutsu ihmiset ostoksille.<\/p>\n\n\n\n<p><a href=\"https:\/\/me.yrittajat.fi\/lahilauantai\/materiaalit\/#materiaalit-yrittajalle\">T\u00e4\u00e4lt\u00e4 l\u00f6yd\u00e4t materiaalit<\/a>, joiden avulla voit innostaa ihmisi\u00e4 mukaan L\u00e4hilauantain viettoon.<\/p>\n\n\n\n<p>L\u00e4hilauantaihin osallistuminen ei edellyt\u00e4 Yritt\u00e4jien j\u00e4senyytt\u00e4. Kaikki p\u00e4\u00e4sev\u00e4t mukaan!<\/p>\n\n\n\n<h2 class=\"wp-block-heading\">Kuluttaja &#8211; n\u00e4in voit osallistua<\/h2>\n\n\n\n<p>Suuntaa ostoksille paikkakuntasi pk-yrityksiin ja suosi pieni\u00e4 liikkeit\u00e4 ja putiikkeja. K\u00e4yt\u00e4 l\u00e4hipalveluita tai osta vaikka lahjakortti tulevan varalle. Tarkista my\u00f6s tarjoaako joku seutukuntasi yritt\u00e4jist\u00e4 edullisia L\u00e4hilauantai-tarjouksia.<\/p>\n\n\n\n<p>Jos et p\u00e4\u00e4se ostoksille, voit osallistua my\u00f6s L\u00e4hilauantai-sanoman v\u00e4litt\u00e4miseen esimerkiksi somessa kertomalla omat suosikkiyritt\u00e4j\u00e4si. Haasta my\u00f6s yst\u00e4v\u00e4si tekem\u00e4\u00e4n samoin!<\/p>\n\n\n\n<p><a href=\"https:\/\/me.yrittajat.fi\/lahilauantai\/materiaalit\/#materiaalit-kuluttajalle\">Jakomateriaaleja l\u00f6yd\u00e4t t\u00e4\u00e4lt\u00e4.<\/a><\/p>\n\n\n\n<h3 class=\"wp-block-heading has-text-align-left\">Yrityshausta l\u00f6yd\u00e4t oman alueesi yritysten palveluita<\/h3>\n\n\n\n<figure class=\"wp-block-image size-full\"><a href=\"https:\/\/www.yrittajat.fi\/yrityshakemisto\/\"><img loading=\"lazy\" decoding=\"async\" width=\"1024\" height=\"341\" src=\"https:\/\/me.yrittajat.fi\/lahilauantai\/app\/uploads\/sites\/32\/2022\/06\/Lahilauantai22_1024x341.png\" alt=\"\" class=\"wp-image-90\" srcset=\"https:\/\/me.yrittajat.fi\/app\/uploads\/sites\/32\/2022\/06\/Lahilauantai22_1024x341.png 1024w, https:\/\/me.yrittajat.fi\/app\/uploads\/sites\/32\/2022\/06\/Lahilauantai22_1024x341-300x100.png 300w, https:\/\/me.yrittajat.fi\/app\/uploads\/sites\/32\/2022\/06\/Lahilauantai22_1024x341-768x256.png 768w\" sizes=\"auto, (max-width: 1024px) 100vw, 1024px\" \/><\/a><\/figure>\n\n\n\n<h2 class=\"wp-block-heading has-text-align-left\">T\u00e4t\u00e4 on Suomen Yritt\u00e4j\u00e4t<\/h2>\n\n\n\n<p>J\u00e4senilleen yritt\u00e4j\u00e4j\u00e4rjest\u00f6 tarjoaa vaikutuskanavan kunnalliseen, alueelliseen ja valtakunnalliseen sek\u00e4 toimialakohtaiseen p\u00e4\u00e4t\u00f6ksentekoon ja vaikuttamiseen.<\/p>\n\n\n\n<p>T\u00e4m\u00e4n lis\u00e4ksi yritt\u00e4j\u00e4j\u00e4senten k\u00e4yt\u00f6ss\u00e4 ovat monipuoliset <a href=\"https:\/\/www.yrittajat.fi\/jasenyys\/mita-saat-jasenena\/\">j\u00e4senpalvelut ja -edut.<\/a><\/p>\n\n\n\t<div id=\"gb-button-block_ac5187fd37cbc33a421c58f451289683\" class=\"gb-button gb-button-block_ac5187fd37cbc33a421c58f451289683\">\n\t\t\t\t\t\t<a class=\"b-button b-button--color- b-button--style-\"\n\t   href=\"https:\/\/www.yrittajat.fi\/\"\n\t   target=\"_blank\">\n\n\t\t<span class=\"b-button__title\">\n\t\t\tLue lis\u00e4\u00e4 toiminnastamme\t\t<\/span>\n\n\t\t\t\t\t<span class=\"b-button__icon\">\n\t\t\t\t<svg xmlns=\"http:\/\/www.w3.org\/2000\/svg\" viewBox=\"0 0 9 14\"><path d=\"M2.001 13.664a1.333 1.333 0 01-.954-2.272l.007-.008 4.414-4.386-4.24-4.414A1.333 1.333 0 113.12.704l5.147 5.334a1.333 1.333 0 010 1.866l-5.334 5.334a1.333 1.333 0 01-.933.426z\"\/><\/svg>\t\t\t<\/span>\n\t\t\t<\/a>\n\t\t\t<\/div>\n","protected":false},"excerpt":{"rendered":"<p>Mik\u00e4 on L\u00e4hilauantai? Syyskuun alussa vietet\u00e4\u00e4n taas valtakunnallista L\u00e4hilauantaita. P\u00e4iv\u00e4n tarkoitus on tukea paikallista yritt\u00e4jyytt\u00e4 ja muistuttaa siit\u00e4, miten t\u00e4rke\u00e4\u00e4 on, ett\u00e4 oman kotikunnan tai -kaupungin tarjolla olevat palvelut s\u00e4ilyv\u00e4t l\u00e4hell\u00e4 my\u00f6s tulevaisuudessa. Lauantaina 6.9. laitetaan siis ostohousut jalkaan, ovipumput laulamaan ja kassakoneet kilisem\u00e4\u00e4n ja suunnataan ostoksille l\u00e4hiseudun pieniin yrityksiin. Ostetaan l\u00e4helt\u00e4 ja tuetaan paikallista! &hellip; <a href=\"https:\/\/me.yrittajat.fi\/lahilauantai\/\">Lue lis\u00e4\u00e4<\/a><\/p>\n","protected":false},"author":4,"featured_media":27,"parent":0,"menu_order":0,"comment_status":"closed","ping_status":"closed","template":"","meta":{"_acf_changed":false,"footnotes":""},"class_list":["post-3","page","type-page","status-publish","has-post-thumbnail","hentry"],"acf":[],"_links":{"self":[{"href":"https:\/\/me.yrittajat.fi\/lahilauantai\/wp-json\/wp\/v2\/pages\/3","targetHints":{"allow":["GET"]}}],"collection":[{"href":"https:\/\/me.yrittajat.fi\/lahilauantai\/wp-json\/wp\/v2\/pages"}],"about":[{"href":"https:\/\/me.yrittajat.fi\/lahilauantai\/wp-json\/wp\/v2\/types\/page"}],"author":[{"embeddable":true,"href":"https:\/\/me.yrittajat.fi\/lahilauantai\/wp-json\/wp\/v2\/users\/4"}],"replies":[{"embeddable":true,"href":"https:\/\/me.yrittajat.fi\/lahilauantai\/wp-json\/wp\/v2\/comments?post=3"}],"version-history":[{"count":6,"href":"https:\/\/me.yrittajat.fi\/lahilauantai\/wp-json\/wp\/v2\/pages\/3\/revisions"}],"predecessor-version":[{"id":536,"href":"https:\/\/me.yrittajat.fi\/lahilauantai\/wp-json\/wp\/v2\/pages\/3\/revisions\/536"}],"wp:featuredmedia":[{"embeddable":true,"href":"https:\/\/me.yrittajat.fi\/lahilauantai\/wp-json\/wp\/v2\/media\/27"}],"wp:attachment":[{"href":"https:\/\/me.yrittajat.fi\/lahilauantai\/wp-json\/wp\/v2\/media?parent=3"}],"curies":[{"name":"wp","href":"https:\/\/api.w.org\/{rel}","templated":true}]}}

Lähilauantai

<h2 class="wp-block-heading" id="mika-on-lahilauantai">Mikä on Lähilauantai?</h2>



<p>Syyskuun alussa vietetään taas valtakunnallista Lähilauantaita. Päivän tarkoitus on tukea paikallista yrittäjyyttä ja muistuttaa siitä, miten tärkeää on, että oman kotikunnan tai -kaupungin tarjolla olevat palvelut säilyvät lähellä myös tulevaisuudessa. Lauantaina 6.9. laitetaan siis ostohousut jalkaan, ovipumput laulamaan ja kassakoneet kilisemään ja suunnataan ostoksille lähiseudun pieniin yrityksiin.</p>



<p><strong>Ostetaan läheltä ja tuetaan paikallista!</strong></p>



<h2 class="wp-block-heading" id="nain-voit-osallistua">Yrittäjä &#8211; tule mukaan Lähilauntaihin</h2>



<p><strong>Yrittäjä, haluatko mukaan?</strong> Tartu markkinointimahdollisuuteen ja tule mukaan viettämään Lähilauantaita! Kerro somessa, verkkosivuillasi ja liikkeessäsi, että olet mukana. Luo halutessasi vaikkapa tarjous tai kampanja ja kutsu ihmiset ostoksille.</p>



<p><a href="https://me.yrittajat.fi/lahilauantai/materiaalit/#materiaalit-yrittajalle">Täältä löydät materiaalit</a>, joiden avulla voit innostaa ihmisiä mukaan Lähilauantain viettoon.</p>



<p>Lähilauantaihin osallistuminen ei edellytä Yrittäjien jäsenyyttä. Kaikki pääsevät mukaan!</p>



<h2 class="wp-block-heading">Kuluttaja &#8211; näin voit osallistua</h2>



<p>Suuntaa ostoksille paikkakuntasi pk-yrityksiin ja suosi pieniä liikkeitä ja putiikkeja. Käytä lähipalveluita tai osta vaikka lahjakortti tulevan varalle. Tarkista myös tarjoaako joku seutukuntasi yrittäjistä edullisia Lähilauantai-tarjouksia.</p>



<p>Jos et pääse ostoksille, voit osallistua myös Lähilauantai-sanoman välittämiseen esimerkiksi somessa kertomalla omat suosikkiyrittäjäsi. Haasta myös ystäväsi tekemään samoin!</p>



<p><a href="https://me.yrittajat.fi/lahilauantai/materiaalit/#materiaalit-kuluttajalle">Jakomateriaaleja löydät täältä.</a></p>



<h3 class="wp-block-heading has-text-align-left">Yrityshausta löydät oman alueesi yritysten palveluita</h3>



<figure class="wp-block-image size-full"><a href="https://www.yrittajat.fi/yrityshakemisto/"><img loading="lazy" decoding="async" width="1024" height="341" src="https://me.yrittajat.fi/lahilauantai/app/uploads/sites/32/2022/06/Lahilauantai22_1024x341.png" alt="" class="wp-image-90" srcset="https://me.yrittajat.fi/app/uploads/sites/32/2022/06/Lahilauantai22_1024x341.png 1024w, https://me.yrittajat.fi/app/uploads/sites/32/2022/06/Lahilauantai22_1024x341-300x100.png 300w, https://me.yrittajat.fi/app/uploads/sites/32/2022/06/Lahilauantai22_1024x341-768x256.png 768w" sizes="auto, (max-width: 1024px) 100vw, 1024px" /></a></figure>



<h2 class="wp-block-heading has-text-align-left">Tätä on Suomen Yrittäjät</h2>



<p>Jäsenilleen yrittäjäjärjestö tarjoaa vaikutuskanavan kunnalliseen, alueelliseen ja valtakunnalliseen sekä toimialakohtaiseen päätöksentekoon ja vaikuttamiseen.</p>



<p>Tämän lisäksi yrittäjäjäsenten käytössä ovat monipuoliset <a href="https://www.yrittajat.fi/jasenyys/mita-saat-jasenena/">jäsenpalvelut ja -edut.</a></p>


	<div id="gb-button-block_ac5187fd37cbc33a421c58f451289683" class="gb-button gb-button-block_ac5187fd37cbc33a421c58f451289683">
						<a class="b-button b-button--color- b-button--style-"
	   href="https://www.yrittajat.fi/"
	   target="_blank">

		<span class="b-button__title">
			Lue lisää toiminnastamme		</span>

					<span class="b-button__icon">
				<svg xmlns="http://www.w3.org/2000/svg" viewBox="0 0 9 14"><path d="M2.001 13.664a1.333 1.333 0 01-.954-2.272l.007-.008 4.414-4.386-4.24-4.414A1.333 1.333 0 113.12.704l5.147 5.334a1.333 1.333 0 010 1.866l-5.334 5.334a1.333 1.333 0 01-.933.426z"/></svg>			</span>
			</a>
			</div>

<p>Mikä on Lähilauantai? Syyskuun alussa vietetään taas valtakunnallista Lähilauantaita. Päivän tarkoitus on tukea paikallista yrittäjyyttä ja muistuttaa siitä, miten tärkeää on, että oman kotikunnan tai -kaupungin tarjolla olevat palvelut säilyvät lähellä myös tulevaisuudessa. Lauantaina 6.9. laitetaan siis ostohousut jalkaan, ovipumput laulamaan ja kassakoneet kilisemään ja suunnataan ostoksille lähiseudun pieniin yrityksiin. Ostetaan läheltä ja tuetaan paikallista! &hellip; <a href="https://me.yrittajat.fi/lahilauantai/">Lue lisää</a></p>
