{"id":56,"date":"2022-05-19T13:45:33","date_gmt":"2022-05-19T10:45:33","guid":{"rendered":"https:\/\/me.yrittajat.fi\/lahilauantai\/?page_id=56"},"modified":"2025-05-23T05:49:07","modified_gmt":"2025-05-23T02:49:07","slug":"aluejarjestot","status":"publish","type":"page","link":"https:\/\/me.yrittajat.fi\/lahilauantai\/aluejarjestot\/","title":{"rendered":"Alueille ja paikallisyhdistyksille"},"content":{"rendered":"\n<p><strong>Nyt tuetaan joukolla paikallisia yrityksi\u00e4<\/strong>! 6.9.2025 vietet\u00e4\u00e4n taas valtakunnallista L\u00e4hilauantaita, jolloin kannustamme kaikkia ostamaan\u202fl\u00e4hialueen yritysten tuotteita ja palveluja. Onhan se mukavaa, ett\u00e4 palveluita saa l\u00e4helt\u00e4 \u2013 varmistetaan, ett\u00e4 n\u00e4in on tulevaisuudessakin. <a href=\"https:\/\/me.yrittajat.fi\/lahilauantai\/\" target=\"_blank\" rel=\"noreferrer noopener\">Lis\u00e4tietoa l\u00e4hilauantaista l\u00f6yd\u00e4t p\u00e4\u00e4sivulta.<\/a><\/p>\n\n\n\n<h2 class=\"wp-block-heading\" id=\"vinkit\">Mit\u00e4 voi tehd\u00e4 paikallisesti ja alueellisesti?&nbsp;<\/h2>\n\n\n\n<p>T\u00e4ss\u00e4 muutama esimerkki, kuinka paikallisyhdistykset ja aluej\u00e4rjest\u00f6t voivat olla mukana L\u00e4hilauantaissa.&nbsp;<\/p>\n\n\n\n<p>1.<strong> Tuo L\u00e4hilauantaita esille sosiaalisen median kanavissa<\/strong>. Mit\u00e4 enemm\u00e4n n\u00e4kyvyytt\u00e4 tapahtuma saa, sen enemm\u00e4n se ker\u00e4\u00e4 osallistujia ja samalla tukea paikallisille yrityksille. <a href=\"https:\/\/me.yrittajat.fi\/lahilauantai\/materiaalit\/#somemateriaalit-yrityksille\">T\u00e4\u00e4lt\u00e4 l\u00f6yd\u00e4t L\u00e4hilauantain somekuvat.<\/a> <\/p>\n\n\n\n<p>Millainen teksti somekuvan yhteyteen? Alla esimerkki postaustekstist\u00e4, jota voi hy\u00f6dynt\u00e4\u00e4 L\u00e4hilauantai-julkaisuissa:<\/p>\n\n\n\n<p><em>\u201dValtakunnallinen L\u00e4hilauantai tulee taas syyskuussa! Mik\u00e4 L\u00e4hilauantai? P\u00e4iv\u00e4, jolloin ostetaan l\u00e4hialueen pk-yrityksist\u00e4 ja tuetaan paikallisia oman kyl\u00e4n palveluita. Kaikki yritykset voivat l\u00e4hte\u00e4 maksutta mukaan ja kuluttajat osallistuvat vet\u00e4m\u00e4ll\u00e4 ostohousut jalkaan ja poikkeamalla paikallisissa putiikeissa. Katso lis\u00e4\u00e4 ja kerro kaverillekin!&nbsp;<br><br>Pidet\u00e4\u00e4n l\u00e4hiyritykset ja -palvelut hengiss\u00e4!&nbsp;<a rel=\"noreferrer noopener\" href=\"http:\/\/www.lahilauantai.fi\/\" target=\"_blank\">www.lahilauantai.fi<\/a><br><br>#l\u00e4hilauantai #yritt\u00e4j\u00e4t #tuepaikallista #ostapienelt\u00e4 #ostal\u00e4helt\u00e4 #suomenyritt\u00e4j\u00e4t\u201d<\/em><\/p>\n\n\n\n<p>2. <strong>Rohkaiskaa yritt\u00e4ji\u00e4 kertomaan millaisia palveluita ja tuotteita heill\u00e4 on tarjolla.<\/strong> Yritt\u00e4jien materiaalit ja ohjeet niiden k\u00e4ytt\u00f6\u00f6n l\u00f6ytyv\u00e4t <a href=\"https:\/\/me.yrittajat.fi\/lahilauantai\/materiaalit\/#somemateriaalit-yrityksille\" target=\"_blank\" rel=\"noreferrer noopener\">t\u00e4\u00e4lt\u00e4.<\/a>&nbsp;<br><\/p>\n\n\n\n<p>3. <strong>Olkaa yhteydess\u00e4 paikallismediaan ja kertokaa p\u00e4iv\u00e4st\u00e4<\/strong>. Halutessanne voitte my\u00f6s kirjoittaa mielipidekirjoituksen, jossa tuodaan esille, ettei kuntaa ole ilman yrityksi\u00e4 sek\u00e4 rohkaistaan ostamaan paikalliselta yritykselt\u00e4.<\/p>\n\n\n\n<p>4. <strong>Innostakaa paikallisia vaikuttajia huomioimaan L\u00e4hilauantai. Haastakaa heit\u00e4 kertomaan L\u00e4hilauantaista esimerkiksi seuraavasti:\u202f<\/strong>&nbsp;<\/p>\n\n\n\n<p>Nyt ja aina kannattaa ostaa l\u00e4helt\u00e4 \u2013 k\u00e4ytt\u00e4m\u00e4ll\u00e4 paikallisia palveluja my\u00f6s meid\u00e4n koko kuntamme menestyy. Min\u00e4 suosittelen erityisesti n\u00e4iden yritysten palveluja:\u202fXX, XX ja XX.\u202fMit\u00e4 sin\u00e4 suosittelet?&nbsp;<\/p>\n\n\n\n<p>#Ostal\u00e4helt\u00e4 #L\u00e4hilauantai #EiKuntaaIlmanYrityksi\u00e4 #yritt\u00e4j\u00e4t&nbsp;&nbsp;<\/p>\n\n\n\n<p><\/p>\n\n\n\n<p>5. <strong>Osta l\u00e4helt\u00e4 L\u00e4hilauantaina.<\/strong>&nbsp;<\/p>\n\n\n\n<h2 class=\"wp-block-heading\" id=\"ideat\">Ideapankki paikallisyhdistyksille&nbsp;<\/h2>\n\n\n\n<p>Voit my\u00f6s ottaa inspiraatiota seuraavista ideoista L\u00e4hilauantain paikalliseen toteutukseen:&nbsp;<\/p>\n\n\n\n<p><strong>Yhdistyksen Facebook-sivuilla kilpailu ja lahjakortin arvonta<\/strong>&nbsp;<br>Tehd\u00e4\u00e4n Facebook-arvonta, jossa pyydet\u00e4\u00e4n kertomaan, miss\u00e4 paikkakunnan yrityksess\u00e4 on viimeksi asioinut ja l\u00e4hett\u00e4m\u00e4\u00e4n kiitokset yritt\u00e4j\u00e4lle. Arvotaan vastaajien kesken lahjakortteja paikallisiin yrityksiin.&nbsp;<\/p>\n\n\n\n<p><strong>Yhteisty\u00f6 paikallismedian kanssa<\/strong>&nbsp;<br>Tehd\u00e4\u00e4n paikallislehden kanssa mainosyhteisty\u00f6, jossa lehti tekee tarjouksen mainoksista mukaan l\u00e4hteville yritt\u00e4jille ja kootaan yritykset yhteiseen aukeamaan. Tai vaihtoehtoisesti paikallisyhdistys tarjoaa x m\u00e4\u00e4r\u00e4lle j\u00e4senyrityksi\u00e4 n\u00e4kyvyytt\u00e4 paikallislehdess\u00e4 L\u00e4hilauantain ilmoituksen yhteydess\u00e4.&nbsp;<\/p>\n\n\n\n<p><strong>Tapahtuma torilla<\/strong>&nbsp;<br>J\u00e4rjestet\u00e4\u00e4n L\u00e4hilauantaina tapahtuma, jossa on paikallisia yrityksi\u00e4 ja yritt\u00e4ji\u00e4 myym\u00e4ss\u00e4 tuotteitaan ja kertomassa yrityksens\u00e4 palveluista. Kutsutaan mukaan kuntavaikuttajia (yritt\u00e4ji\u00e4) ja paikallismedia.&nbsp;<\/p>\n\n\n\n<p><strong>Puheenjohtajan kierros kivijalkakaupoissa<\/strong>&nbsp;<br>Paikallisyhdistyksen puheenjohtaja kiert\u00e4\u00e4 yrityksiss\u00e4 ja tehd\u00e4\u00e4n kierroksesta videoita sosiaaliseen mediaan.&nbsp;<\/p>\n\n\n\n<p><strong>Leimakortti \/ yritysrasti<\/strong>&nbsp;<br>Leimakortti ostamiseen aktivoivana toimintamallina.\u202fKer\u00e4\u00e4 esim. kolme leimaa ostamalla paikallisilta yritt\u00e4jilt\u00e4 tietyll\u00e4 aikav\u00e4lill\u00e4. Jos yritt\u00e4j\u00e4ll\u00e4 ei ole mahdollisuutta antaa leimaa, my\u00f6s tarra tai allekirjoitus k\u00e4y.\u202fKun passissa on kolme leimaa, passi palautetaan sovittuihin pisteisiin. Sama henkil\u00f6 voi ker\u00e4t\u00e4 useamman passin. Arvotaan passin palauttaneiden kesken lahjakortteja.\u202f&nbsp;<\/p>\n\n\n\n<p>Yritysrasti-tyyppinen kierros kampanjaan osallistuvissa yrityksiss\u00e4 sek\u00e4 Yritt\u00e4jien kiinte\u00e4 piste ns. l\u00e4ht\u00f6n\u00e4 ja maalina. Ko. pisteess\u00e4 voi kertoa yritt\u00e4j\u00e4yhdistyksen toiminnasta.&nbsp;<br>&nbsp;<br><strong>Asiakkaiden aktivoiminen ohjelmallisesti esimerkiksi seuraavilla tavoilla:<\/strong><\/p>\n\n\n\n<ul class=\"wp-block-list\">\n<li>Kukkakauppa, joka voi opastaa seppeleen teossa&nbsp;<\/li>\n\n\n\n<li>Ravintolan tms. olut-tasting, juustotasting, suklaatasting&nbsp;<\/li>\n\n\n\n<li>Askartelu-\/taidetarvikeliike j\u00e4rjest\u00e4\u00e4 askartelumahdollisuuden&nbsp;<\/li>\n\n\n\n<li>Kampaaja j\u00e4rjest\u00e4\u00e4 letitysohjausta&nbsp;<\/li>\n\n\n\n<li>Kosmetologi j\u00e4rjest\u00e4\u00e4 meikkausohjausta&nbsp;<\/li>\n\n\n\n<li>Jne.<\/li>\n<\/ul>\n\n\n\n<h2 class=\"wp-block-heading\" id=\"materiaaliohjeet\">Materiaalit alueille ja paikallisyhdistyksille<\/h2>\n\n\n\n<p>Kaikki <a rel=\"noreferrer noopener\" href=\"https:\/\/me.yrittajat.fi\/lahilauantai\/materiaalit\/\" target=\"_blank\">materiaalit-osiosta<\/a> l\u00f6ytyv\u00e4t digi- ja printtimateriaalit ovat vapaasti aluej\u00e4rjest\u00f6jen ja paikallisyhdistysten k\u00e4ytett\u00e4viss\u00e4. <br><br><strong>Oikopolut materiaaleihin:<br><\/strong><a rel=\"noreferrer noopener\" href=\"https:\/\/me.yrittajat.fi\/lahilauantai\/materiaalit\/#somemateriaalit-yrityksille\" target=\"_blank\">Somemateriaalit<br><\/a><a rel=\"noreferrer noopener\" href=\"https:\/\/me.yrittajat.fi\/lahilauantai\/materiaalit\/#uutiskirjeet\" target=\"_blank\">Uutiskirjebannerit<\/a><br><a href=\"https:\/\/me.yrittajat.fi\/lahilauantai\/materiaalit\/#painomateriaalit\">Painomateriaalit<br><\/a><br>Omille sivustoille lis\u00e4tt\u00e4v\u00e4t bannerit l\u00f6ytyv\u00e4t valmiina WordPressin markkinointimateriaalit-kuvakansiosta.<\/p>\n\n\n\n<p>Eik\u00f6 toivomaasi materiaalia l\u00f6ydy? Tai kaipaatko lis\u00e4ohjeistusta niiden k\u00e4ytt\u00f6\u00f6n?&nbsp;<a href=\"https:\/\/me.yrittajat.fi\/lahilauantai\/ota-yhteytta\/\"><strong>Ole meihin yhteydess\u00e4 ja kerro toiveesi!<\/strong><\/a><\/p>\n","protected":false},"excerpt":{"rendered":"<p>Nyt tuetaan joukolla paikallisia yrityksi\u00e4! 6.9.2025 vietet\u00e4\u00e4n taas valtakunnallista L\u00e4hilauantaita, jolloin kannustamme kaikkia ostamaan\u202fl\u00e4hialueen yritysten tuotteita ja palveluja. Onhan se mukavaa, ett\u00e4 palveluita saa l\u00e4helt\u00e4 \u2013 varmistetaan, ett\u00e4 n\u00e4in on tulevaisuudessakin. Lis\u00e4tietoa l\u00e4hilauantaista l\u00f6yd\u00e4t p\u00e4\u00e4sivulta. Mit\u00e4 voi tehd\u00e4 paikallisesti ja alueellisesti?&nbsp; T\u00e4ss\u00e4 muutama esimerkki, kuinka paikallisyhdistykset ja aluej\u00e4rjest\u00f6t voivat olla mukana L\u00e4hilauantaissa.&nbsp; 1. Tuo L\u00e4hilauantaita &hellip; <a href=\"https:\/\/me.yrittajat.fi\/lahilauantai\/aluejarjestot\/\">Lue lis\u00e4\u00e4<\/a><\/p>\n","protected":false},"author":47,"featured_media":0,"parent":0,"menu_order":0,"comment_status":"closed","ping_status":"closed","template":"","meta":{"_acf_changed":false,"footnotes":""},"class_list":["post-56","page","type-page","status-publish","hentry"],"acf":[],"_links":{"self":[{"href":"https:\/\/me.yrittajat.fi\/lahilauantai\/wp-json\/wp\/v2\/pages\/56","targetHints":{"allow":["GET"]}}],"collection":[{"href":"https:\/\/me.yrittajat.fi\/lahilauantai\/wp-json\/wp\/v2\/pages"}],"about":[{"href":"https:\/\/me.yrittajat.fi\/lahilauantai\/wp-json\/wp\/v2\/types\/page"}],"author":[{"embeddable":true,"href":"https:\/\/me.yrittajat.fi\/lahilauantai\/wp-json\/wp\/v2\/users\/47"}],"replies":[{"embeddable":true,"href":"https:\/\/me.yrittajat.fi\/lahilauantai\/wp-json\/wp\/v2\/comments?post=56"}],"version-history":[{"count":5,"href":"https:\/\/me.yrittajat.fi\/lahilauantai\/wp-json\/wp\/v2\/pages\/56\/revisions"}],"predecessor-version":[{"id":500,"href":"https:\/\/me.yrittajat.fi\/lahilauantai\/wp-json\/wp\/v2\/pages\/56\/revisions\/500"}],"wp:attachment":[{"href":"https:\/\/me.yrittajat.fi\/lahilauantai\/wp-json\/wp\/v2\/media?parent=56"}],"curies":[{"name":"wp","href":"https:\/\/api.w.org\/{rel}","templated":true}]}}

<p><strong>Nyt tuetaan joukolla paikallisia yrityksiä</strong>! 6.9.2025 vietetään taas valtakunnallista Lähilauantaita, jolloin kannustamme kaikkia ostamaan lähialueen yritysten tuotteita ja palveluja. Onhan se mukavaa, että palveluita saa läheltä – varmistetaan, että näin on tulevaisuudessakin. <a href="https://me.yrittajat.fi/lahilauantai/" target="_blank" rel="noreferrer noopener">Lisätietoa lähilauantaista löydät pääsivulta.</a></p>



<h2 class="wp-block-heading" id="vinkit">Mitä voi tehdä paikallisesti ja alueellisesti?&nbsp;</h2>



<p>Tässä muutama esimerkki, kuinka paikallisyhdistykset ja aluejärjestöt voivat olla mukana Lähilauantaissa.&nbsp;</p>



<p>1.<strong> Tuo Lähilauantaita esille sosiaalisen median kanavissa</strong>. Mitä enemmän näkyvyyttä tapahtuma saa, sen enemmän se kerää osallistujia ja samalla tukea paikallisille yrityksille. <a href="https://me.yrittajat.fi/lahilauantai/materiaalit/#somemateriaalit-yrityksille">Täältä löydät Lähilauantain somekuvat.</a> </p>



<p>Millainen teksti somekuvan yhteyteen? Alla esimerkki postaustekstistä, jota voi hyödyntää Lähilauantai-julkaisuissa:</p>



<p><em>”Valtakunnallinen Lähilauantai tulee taas syyskuussa! Mikä Lähilauantai? Päivä, jolloin ostetaan lähialueen pk-yrityksistä ja tuetaan paikallisia oman kylän palveluita. Kaikki yritykset voivat lähteä maksutta mukaan ja kuluttajat osallistuvat vetämällä ostohousut jalkaan ja poikkeamalla paikallisissa putiikeissa. Katso lisää ja kerro kaverillekin!&nbsp;<br><br>Pidetään lähiyritykset ja -palvelut hengissä!&nbsp;<a rel="noreferrer noopener" href="http://www.lahilauantai.fi/" target="_blank">www.lahilauantai.fi</a><br><br>#lähilauantai #yrittäjät #tuepaikallista #ostapieneltä #ostaläheltä #suomenyrittäjät”</em></p>



<p>2. <strong>Rohkaiskaa yrittäjiä kertomaan millaisia palveluita ja tuotteita heillä on tarjolla.</strong> Yrittäjien materiaalit ja ohjeet niiden käyttöön löytyvät <a href="https://me.yrittajat.fi/lahilauantai/materiaalit/#somemateriaalit-yrityksille" target="_blank" rel="noreferrer noopener">täältä.</a>&nbsp;<br></p>



<p>3. <strong>Olkaa yhteydessä paikallismediaan ja kertokaa päivästä</strong>. Halutessanne voitte myös kirjoittaa mielipidekirjoituksen, jossa tuodaan esille, ettei kuntaa ole ilman yrityksiä sekä rohkaistaan ostamaan paikalliselta yritykseltä.</p>



<p>4. <strong>Innostakaa paikallisia vaikuttajia huomioimaan Lähilauantai. Haastakaa heitä kertomaan Lähilauantaista esimerkiksi seuraavasti: </strong>&nbsp;</p>



<p>Nyt ja aina kannattaa ostaa läheltä – käyttämällä paikallisia palveluja myös meidän koko kuntamme menestyy. Minä suosittelen erityisesti näiden yritysten palveluja: XX, XX ja XX. Mitä sinä suosittelet?&nbsp;</p>



<p>#Ostaläheltä #Lähilauantai #EiKuntaaIlmanYrityksiä #yrittäjät&nbsp;&nbsp;</p>



<p></p>



<p>5. <strong>Osta läheltä Lähilauantaina.</strong>&nbsp;</p>



<h2 class="wp-block-heading" id="ideat">Ideapankki paikallisyhdistyksille&nbsp;</h2>



<p>Voit myös ottaa inspiraatiota seuraavista ideoista Lähilauantain paikalliseen toteutukseen:&nbsp;</p>



<p><strong>Yhdistyksen Facebook-sivuilla kilpailu ja lahjakortin arvonta</strong>&nbsp;<br>Tehdään Facebook-arvonta, jossa pyydetään kertomaan, missä paikkakunnan yrityksessä on viimeksi asioinut ja lähettämään kiitokset yrittäjälle. Arvotaan vastaajien kesken lahjakortteja paikallisiin yrityksiin.&nbsp;</p>



<p><strong>Yhteistyö paikallismedian kanssa</strong>&nbsp;<br>Tehdään paikallislehden kanssa mainosyhteistyö, jossa lehti tekee tarjouksen mainoksista mukaan lähteville yrittäjille ja kootaan yritykset yhteiseen aukeamaan. Tai vaihtoehtoisesti paikallisyhdistys tarjoaa x määrälle jäsenyrityksiä näkyvyyttä paikallislehdessä Lähilauantain ilmoituksen yhteydessä.&nbsp;</p>



<p><strong>Tapahtuma torilla</strong>&nbsp;<br>Järjestetään Lähilauantaina tapahtuma, jossa on paikallisia yrityksiä ja yrittäjiä myymässä tuotteitaan ja kertomassa yrityksensä palveluista. Kutsutaan mukaan kuntavaikuttajia (yrittäjiä) ja paikallismedia.&nbsp;</p>



<p><strong>Puheenjohtajan kierros kivijalkakaupoissa</strong>&nbsp;<br>Paikallisyhdistyksen puheenjohtaja kiertää yrityksissä ja tehdään kierroksesta videoita sosiaaliseen mediaan.&nbsp;</p>



<p><strong>Leimakortti / yritysrasti</strong>&nbsp;<br>Leimakortti ostamiseen aktivoivana toimintamallina. Kerää esim. kolme leimaa ostamalla paikallisilta yrittäjiltä tietyllä aikavälillä. Jos yrittäjällä ei ole mahdollisuutta antaa leimaa, myös tarra tai allekirjoitus käy. Kun passissa on kolme leimaa, passi palautetaan sovittuihin pisteisiin. Sama henkilö voi kerätä useamman passin. Arvotaan passin palauttaneiden kesken lahjakortteja. &nbsp;</p>



<p>Yritysrasti-tyyppinen kierros kampanjaan osallistuvissa yrityksissä sekä Yrittäjien kiinteä piste ns. lähtönä ja maalina. Ko. pisteessä voi kertoa yrittäjäyhdistyksen toiminnasta.&nbsp;<br>&nbsp;<br><strong>Asiakkaiden aktivoiminen ohjelmallisesti esimerkiksi seuraavilla tavoilla:</strong></p>



<ul class="wp-block-list">
<li>Kukkakauppa, joka voi opastaa seppeleen teossa&nbsp;</li>



<li>Ravintolan tms. olut-tasting, juustotasting, suklaatasting&nbsp;</li>



<li>Askartelu-/taidetarvikeliike järjestää askartelumahdollisuuden&nbsp;</li>



<li>Kampaaja järjestää letitysohjausta&nbsp;</li>



<li>Kosmetologi järjestää meikkausohjausta&nbsp;</li>



<li>Jne.</li>
</ul>



<h2 class="wp-block-heading" id="materiaaliohjeet">Materiaalit alueille ja paikallisyhdistyksille</h2>



<p>Kaikki <a rel="noreferrer noopener" href="https://me.yrittajat.fi/lahilauantai/materiaalit/" target="_blank">materiaalit-osiosta</a> löytyvät digi- ja printtimateriaalit ovat vapaasti aluejärjestöjen ja paikallisyhdistysten käytettävissä. <br><br><strong>Oikopolut materiaaleihin:<br></strong><a rel="noreferrer noopener" href="https://me.yrittajat.fi/lahilauantai/materiaalit/#somemateriaalit-yrityksille" target="_blank">Somemateriaalit<br></a><a rel="noreferrer noopener" href="https://me.yrittajat.fi/lahilauantai/materiaalit/#uutiskirjeet" target="_blank">Uutiskirjebannerit</a><br><a href="https://me.yrittajat.fi/lahilauantai/materiaalit/#painomateriaalit">Painomateriaalit<br></a><br>Omille sivustoille lisättävät bannerit löytyvät valmiina WordPressin markkinointimateriaalit-kuvakansiosta.</p>



<p>Eikö toivomaasi materiaalia löydy? Tai kaipaatko lisäohjeistusta niiden käyttöön?&nbsp;<a href="https://me.yrittajat.fi/lahilauantai/ota-yhteytta/"><strong>Ole meihin yhteydessä ja kerro toiveesi!</strong></a></p>

<p>Nyt tuetaan joukolla paikallisia yrityksiä! 6.9.2025 vietetään taas valtakunnallista Lähilauantaita, jolloin kannustamme kaikkia ostamaan lähialueen yritysten tuotteita ja palveluja. Onhan se mukavaa, että palveluita saa läheltä – varmistetaan, että näin on tulevaisuudessakin. Lisätietoa lähilauantaista löydät pääsivulta. Mitä voi tehdä paikallisesti ja alueellisesti?&nbsp; Tässä muutama esimerkki, kuinka paikallisyhdistykset ja aluejärjestöt voivat olla mukana Lähilauantaissa.&nbsp; 1. Tuo Lähilauantaita &hellip; <a href="https://me.yrittajat.fi/lahilauantai/aluejarjestot/">Lue lisää</a></p>
