{"id":3,"date":"2022-11-28T14:47:48","date_gmt":"2022-11-28T12:47:48","guid":{"rendered":"https:\/\/me.yrittajat.fi\/myytinmurtajat\/etusivu\/"},"modified":"2024-04-11T16:05:31","modified_gmt":"2024-04-11T13:05:31","slug":"etusivu","status":"publish","type":"page","link":"https:\/\/me.yrittajat.fi\/myytinmurtajat\/","title":{"rendered":"Myytinmurtajat"},"content":{"rendered":"\n<p>Yritt\u00e4jyydest\u00e4 liikkuu valtava m\u00e4\u00e4r\u00e4 mit\u00e4 erikoisempia myyttej\u00e4, mutta mitk\u00e4 niist\u00e4 ovat totta? Me puramme myytit yksi kerrallaan &#8211;<strong> <a href=\"https:\/\/me.yrittajat.fi\/myytinmurtajat\/myytit\/\">katso t\u00e4st\u00e4 kaikki t\u00e4h\u00e4n asti murretut myytit &gt;<\/a><\/strong><\/p>\n\n\n\n<p>Oletko joskus kuullut lausahduksen &#8220;Yritt\u00e4j\u00e4n tulee aina p\u00e4rj\u00e4t\u00e4 yksin&#8221;? T\u00e4m\u00e4 yritt\u00e4jyysmyytti on tarua! Jokainen tarvitsee joskus apua. Yritt\u00e4jiss\u00e4 kenenk\u00e4\u00e4n ei tarvitse sinnitell\u00e4 omin avuin, vaan asiantuntijamme neuvovat, opastavat ja auttavat. Sin\u00e4 voi keskitty\u00e4 olennaiseen eli py\u00f6ritt\u00e4m\u00e4\u00e4n liiketoimintaa. <strong>Tutustu&nbsp;j\u00e4senyytemme <a href=\"#edut\" data-type=\"internal\" data-id=\"#edut\">etuihin<\/a> ja <a href=\"https:\/\/www.yrittajat.fi\/yrittajajarjesto\/liity-jaseneksi\/\">liity mukaan<\/a>!<\/strong><\/p>\n\n\n\n<div class=\"wp-block-columns is-layout-flex wp-container-core-columns-is-layout-1 wp-block-columns-is-layout-flex\">\n<div class=\"wp-block-column is-layout-flow wp-block-column-is-layout-flow\">\n<figure class=\"wp-block-image size-large\"><a href=\"https:\/\/me.yrittajat.fi\/myytinmurtajat\/myytit\/#myytti6\"><img loading=\"lazy\" decoding=\"async\" width=\"1024\" height=\"683\" src=\"https:\/\/me.yrittajat.fi\/myytinmurtajat\/app\/uploads\/sites\/57\/2023\/08\/yrittajat_myytinmurtajat_kuvitus_1080x720_2-1024x683.jpg\" alt=\"\" class=\"wp-image-300\" srcset=\"https:\/\/me.yrittajat.fi\/app\/uploads\/sites\/57\/2023\/08\/yrittajat_myytinmurtajat_kuvitus_1080x720_2-1024x683.jpg 1024w, https:\/\/me.yrittajat.fi\/app\/uploads\/sites\/57\/2023\/08\/yrittajat_myytinmurtajat_kuvitus_1080x720_2-300x200.jpg 300w, https:\/\/me.yrittajat.fi\/app\/uploads\/sites\/57\/2023\/08\/yrittajat_myytinmurtajat_kuvitus_1080x720_2-768x512.jpg 768w, https:\/\/me.yrittajat.fi\/app\/uploads\/sites\/57\/2023\/08\/yrittajat_myytinmurtajat_kuvitus_1080x720_2-668x445.jpg 668w, https:\/\/me.yrittajat.fi\/app\/uploads\/sites\/57\/2023\/08\/yrittajat_myytinmurtajat_kuvitus_1080x720_2.jpg 1080w\" sizes=\"auto, (max-width: 1024px) 100vw, 1024px\" \/><\/a><\/figure>\n\n\n\n<p class=\"has-text-align-center\"><strong>\u201dYritt\u00e4j\u00e4n pit\u00e4\u00e4 vaan painaa\u201d<\/strong> <strong><strong><a href=\"https:\/\/me.yrittajat.fi\/myytinmurtajat\/myytit\/#myytti6\">Katso myytti &gt;<\/a><\/strong><\/strong><\/p>\n<\/div>\n\n\n\n<div class=\"wp-block-column is-layout-flow wp-block-column-is-layout-flow\">\n<figure class=\"wp-block-image size-large\"><a href=\"https:\/\/me.yrittajat.fi\/myytinmurtajat\/myytit\/#myytti3\"><img loading=\"lazy\" decoding=\"async\" width=\"1024\" height=\"683\" src=\"https:\/\/me.yrittajat.fi\/myytinmurtajat\/app\/uploads\/sites\/57\/2023\/09\/yrittajat_myytinmurjat_isojen_puolella_031_final-kopio-2-3-1024x683.jpg\" alt=\"\" class=\"wp-image-319\" srcset=\"https:\/\/me.yrittajat.fi\/app\/uploads\/sites\/57\/2023\/09\/yrittajat_myytinmurjat_isojen_puolella_031_final-kopio-2-3-1024x683.jpg 1024w, https:\/\/me.yrittajat.fi\/app\/uploads\/sites\/57\/2023\/09\/yrittajat_myytinmurjat_isojen_puolella_031_final-kopio-2-3-300x200.jpg 300w, https:\/\/me.yrittajat.fi\/app\/uploads\/sites\/57\/2023\/09\/yrittajat_myytinmurjat_isojen_puolella_031_final-kopio-2-3-768x512.jpg 768w, https:\/\/me.yrittajat.fi\/app\/uploads\/sites\/57\/2023\/09\/yrittajat_myytinmurjat_isojen_puolella_031_final-kopio-2-3-1536x1024.jpg 1536w, https:\/\/me.yrittajat.fi\/app\/uploads\/sites\/57\/2023\/09\/yrittajat_myytinmurjat_isojen_puolella_031_final-kopio-2-3-2048x1365.jpg 2048w, https:\/\/me.yrittajat.fi\/app\/uploads\/sites\/57\/2023\/09\/yrittajat_myytinmurjat_isojen_puolella_031_final-kopio-2-3-668x445.jpg 668w\" sizes=\"auto, (max-width: 1024px) 100vw, 1024px\" \/><\/a><\/figure>\n\n\n\n<p class=\"has-text-align-center\"><strong>&#8220;Yritt\u00e4j\u00e4t pit\u00e4\u00e4 vain isojen puolia&#8221;<\/strong> <strong><a href=\"https:\/\/me.yrittajat.fi\/myytinmurtajat\/myytit\/#myytti3\">Katso myytti &gt;<\/a><\/strong><\/p>\n<\/div>\n\n\n\n<div class=\"wp-block-column is-layout-flow wp-block-column-is-layout-flow\">\n<figure class=\"wp-block-image size-large\"><a href=\"https:\/\/me.yrittajat.fi\/myytinmurtajat\/myytit\/#myytti13\"><img loading=\"lazy\" decoding=\"async\" width=\"1024\" height=\"683\" src=\"https:\/\/me.yrittajat.fi\/myytinmurtajat\/app\/uploads\/sites\/57\/2022\/12\/myytinmurtajat-etusivu-1024x683.jpg\" alt=\"\" class=\"wp-image-157\" srcset=\"https:\/\/me.yrittajat.fi\/app\/uploads\/sites\/57\/2022\/12\/myytinmurtajat-etusivu-1024x683.jpg 1024w, https:\/\/me.yrittajat.fi\/app\/uploads\/sites\/57\/2022\/12\/myytinmurtajat-etusivu-300x200.jpg 300w, https:\/\/me.yrittajat.fi\/app\/uploads\/sites\/57\/2022\/12\/myytinmurtajat-etusivu-768x512.jpg 768w, https:\/\/me.yrittajat.fi\/app\/uploads\/sites\/57\/2022\/12\/myytinmurtajat-etusivu-668x445.jpg 668w, https:\/\/me.yrittajat.fi\/app\/uploads\/sites\/57\/2022\/12\/myytinmurtajat-etusivu.jpg 1062w\" sizes=\"auto, (max-width: 1024px) 100vw, 1024px\" \/><\/a><\/figure>\n\n\n\n<p class=\"has-text-align-center\"><strong><strong><strong>&#8220;Yritt\u00e4j\u00e4n on pakko olla juristi&#8221; <a href=\"https:\/\/me.yrittajat.fi\/myytinmurtajat\/myytit\/#myytti13\">Katso myytti &gt;<\/a><\/strong><\/strong><\/strong><\/p>\n<\/div>\n<\/div>\n\n\n\n\t<div id=\"gb-anchor-block_27bfcc20de707b93c99f932e2753b699\" class=\"gb-anchor gb-anchor-block_27bfcc20de707b93c99f932e2753b699\">\n\t\t\t\t\t<div class=\"gb-anchor__anchor\" id=\"edut\"><\/div>\n\n\t\t\t\t\t\t<\/div>\n\n\n\n\n<div class=\"wp-block-media-text alignwide is-stacked-on-mobile\"><figure class=\"wp-block-media-text__media\"><img loading=\"lazy\" decoding=\"async\" width=\"1024\" height=\"682\" src=\"https:\/\/me.yrittajat.fi\/myytinmurtajat\/app\/uploads\/sites\/57\/2024\/01\/hintakuva-2024-vaaka-1024x682.jpg\" alt=\"\" class=\"wp-image-355 size-full\" srcset=\"https:\/\/me.yrittajat.fi\/app\/uploads\/sites\/57\/2024\/01\/hintakuva-2024-vaaka-1024x682.jpg 1024w, https:\/\/me.yrittajat.fi\/app\/uploads\/sites\/57\/2024\/01\/hintakuva-2024-vaaka-300x200.jpg 300w, https:\/\/me.yrittajat.fi\/app\/uploads\/sites\/57\/2024\/01\/hintakuva-2024-vaaka-768x512.jpg 768w, https:\/\/me.yrittajat.fi\/app\/uploads\/sites\/57\/2024\/01\/hintakuva-2024-vaaka-668x445.jpg 668w, https:\/\/me.yrittajat.fi\/app\/uploads\/sites\/57\/2024\/01\/hintakuva-2024-vaaka.jpg 1387w\" sizes=\"auto, (max-width: 1024px) 100vw, 1024px\" \/><\/figure><div class=\"wp-block-media-text__content\">\n<h1 class=\"wp-block-heading\">Kuinka hy\u00f6dyt Yritt\u00e4jien j\u00e4senyydest\u00e4?<\/h1>\n\n\n\n<ul class=\"wp-block-list\">\n<li>J\u00e4senen\u00e4 saat kaikki Yritt\u00e4jien palvelut, kuten&nbsp;<strong>lakineuvonnan<\/strong>&nbsp;k\u00e4ytt\u00f6\u00f6si.<\/li>\n\n\n\n<li>J\u00e4senen\u00e4 et j\u00e4\u00e4 yksin, sill\u00e4 tukenasi on Suomen suurin&nbsp;<strong>yritt\u00e4j\u00e4verkosto ja -yhteis\u00f6<\/strong>.<\/li>\n\n\n\n<li>J\u00e4senen\u00e4 s\u00e4\u00e4st\u00e4t rahaa ja nautit kumppaneidemme&nbsp;<strong>alennuksista ja eduista<\/strong>.<\/li>\n<\/ul>\n\n\n\t<div id=\"gb-button-block_9db6c03b52ab8ec04445a5d0b686b737\" class=\"gb-button gb-button-block_9db6c03b52ab8ec04445a5d0b686b737\">\n\t\t\t\t\t\t<a class=\"b-button b-button--color- b-button--style-\"\n\t   href=\"https:\/\/www.yrittajat.fi\/yrittajajarjesto\/liity-jaseneksi\/\"\n\t   target=\"_blank\">\n\n\t\t<span class=\"b-button__title\">\n\t\t\tLiity j\u00e4seneksi\t\t<\/span>\n\n\t\t\t\t\t<span class=\"b-button__icon\">\n\t\t\t\t<svg xmlns=\"http:\/\/www.w3.org\/2000\/svg\" viewBox=\"0 0 9 14\"><path d=\"M2.001 13.664a1.333 1.333 0 01-.954-2.272l.007-.008 4.414-4.386-4.24-4.414A1.333 1.333 0 113.12.704l5.147 5.334a1.333 1.333 0 010 1.866l-5.334 5.334a1.333 1.333 0 01-.933.426z\"\/><\/svg>\t\t\t<\/span>\n\t\t\t<\/a>\n\t\t\t<\/div>\n<\/div><\/div>\n\n\n\n<div class=\"wp-block-columns is-layout-flex wp-container-core-columns-is-layout-2 wp-block-columns-is-layout-flex\">\n<div class=\"wp-block-column is-layout-flow wp-block-column-is-layout-flow\">\n<figure class=\"wp-block-image size-large\"><img loading=\"lazy\" decoding=\"async\" width=\"1024\" height=\"683\" src=\"https:\/\/me.yrittajat.fi\/myytinmurtajat\/app\/uploads\/sites\/57\/2022\/12\/yrittajat_pk2_5049-2-5-1024x683.jpg\" alt=\"\" class=\"wp-image-195\" srcset=\"https:\/\/me.yrittajat.fi\/app\/uploads\/sites\/57\/2022\/12\/yrittajat_pk2_5049-2-5-1024x683.jpg 1024w, https:\/\/me.yrittajat.fi\/app\/uploads\/sites\/57\/2022\/12\/yrittajat_pk2_5049-2-5-300x200.jpg 300w, https:\/\/me.yrittajat.fi\/app\/uploads\/sites\/57\/2022\/12\/yrittajat_pk2_5049-2-5-768x512.jpg 768w, https:\/\/me.yrittajat.fi\/app\/uploads\/sites\/57\/2022\/12\/yrittajat_pk2_5049-2-5-1536x1024.jpg 1536w, https:\/\/me.yrittajat.fi\/app\/uploads\/sites\/57\/2022\/12\/yrittajat_pk2_5049-2-5-668x445.jpg 668w, https:\/\/me.yrittajat.fi\/app\/uploads\/sites\/57\/2022\/12\/yrittajat_pk2_5049-2-5.jpg 1981w\" sizes=\"auto, (max-width: 1024px) 100vw, 1024px\" \/><figcaption class=\"wp-element-caption\"><strong>Maksuton neuvontapalvelu<br><\/strong>Kysy esimerkiksi TES-kiemuroista, veroista tai sosiaaliturvasta. Autamme ammattitaidolla. <a href=\"https:\/\/me.yrittajat.fi\/myytinmurtajat\/jasenedut\/#neuvontapalvelu\">Lue lis\u00e4\u00e4 &gt;<\/a><\/figcaption><\/figure>\n<\/div>\n\n\n\n<div class=\"wp-block-column is-layout-flow wp-block-column-is-layout-flow\">\n<figure class=\"wp-block-image size-full\"><img loading=\"lazy\" decoding=\"async\" width=\"1024\" height=\"683\" src=\"https:\/\/me.yrittajat.fi\/myytinmurtajat\/app\/uploads\/sites\/57\/2023\/01\/yrittajat_3292-1-1024x683-2.jpg\" alt=\"\" class=\"wp-image-259\" srcset=\"https:\/\/me.yrittajat.fi\/app\/uploads\/sites\/57\/2023\/01\/yrittajat_3292-1-1024x683-2.jpg 1024w, https:\/\/me.yrittajat.fi\/app\/uploads\/sites\/57\/2023\/01\/yrittajat_3292-1-1024x683-2-300x200.jpg 300w, https:\/\/me.yrittajat.fi\/app\/uploads\/sites\/57\/2023\/01\/yrittajat_3292-1-1024x683-2-768x512.jpg 768w, https:\/\/me.yrittajat.fi\/app\/uploads\/sites\/57\/2023\/01\/yrittajat_3292-1-1024x683-2-668x445.jpg 668w\" sizes=\"auto, (max-width: 1024px) 100vw, 1024px\" \/><figcaption class=\"wp-element-caption\"><strong>Rahanarvoiset j\u00e4senedut<\/strong><br>S\u00e4\u00e4st\u00e4 esimerkiksi polttoaineesta, matkoista, majoituksesta ja vakuutuksista. <a href=\"https:\/\/me.yrittajat.fi\/myytinmurtajat\/jasenedut\/#jasenedut\">Lue lis\u00e4\u00e4 &gt;<\/a><\/figcaption><\/figure>\n<\/div>\n\n\n\n<div class=\"wp-block-column is-layout-flow wp-block-column-is-layout-flow\">\n<figure class=\"wp-block-image size-full\"><img loading=\"lazy\" decoding=\"async\" width=\"1024\" height=\"683\" src=\"https:\/\/me.yrittajat.fi\/myytinmurtajat\/app\/uploads\/sites\/57\/2023\/01\/koulutus_yrittajat_2-1024x683-2.jpg\" alt=\"\" class=\"wp-image-257\" srcset=\"https:\/\/me.yrittajat.fi\/app\/uploads\/sites\/57\/2023\/01\/koulutus_yrittajat_2-1024x683-2.jpg 1024w, https:\/\/me.yrittajat.fi\/app\/uploads\/sites\/57\/2023\/01\/koulutus_yrittajat_2-1024x683-2-300x200.jpg 300w, https:\/\/me.yrittajat.fi\/app\/uploads\/sites\/57\/2023\/01\/koulutus_yrittajat_2-1024x683-2-768x512.jpg 768w, https:\/\/me.yrittajat.fi\/app\/uploads\/sites\/57\/2023\/01\/koulutus_yrittajat_2-1024x683-2-668x445.jpg 668w\" sizes=\"auto, (max-width: 1024px) 100vw, 1024px\" \/><figcaption class=\"wp-element-caption\"><strong>J\u00e4senhintaiset koulutukset<\/strong><br>Opi esimerkiksi markkinoinnista, myynnist\u00e4 tai johtajuudesta koulutustemme avulla. <a href=\"https:\/\/me.yrittajat.fi\/myytinmurtajat\/jasenedut\/#koulutukset\">Lue lis\u00e4\u00e4 &gt;<\/a><\/figcaption><\/figure>\n<\/div>\n<\/div>\n\n\n\n<div class=\"wp-block-columns is-layout-flex wp-container-core-columns-is-layout-3 wp-block-columns-is-layout-flex\">\n<div class=\"wp-block-column is-layout-flow wp-block-column-is-layout-flow\">\n<figure class=\"wp-block-image size-full\"><img loading=\"lazy\" decoding=\"async\" width=\"1024\" height=\"683\" src=\"https:\/\/me.yrittajat.fi\/myytinmurtajat\/app\/uploads\/sites\/57\/2023\/01\/yrittajat_v2_7953-1-1024x683-2.jpg\" alt=\"\" class=\"wp-image-258\" srcset=\"https:\/\/me.yrittajat.fi\/app\/uploads\/sites\/57\/2023\/01\/yrittajat_v2_7953-1-1024x683-2.jpg 1024w, https:\/\/me.yrittajat.fi\/app\/uploads\/sites\/57\/2023\/01\/yrittajat_v2_7953-1-1024x683-2-300x200.jpg 300w, https:\/\/me.yrittajat.fi\/app\/uploads\/sites\/57\/2023\/01\/yrittajat_v2_7953-1-1024x683-2-768x512.jpg 768w, https:\/\/me.yrittajat.fi\/app\/uploads\/sites\/57\/2023\/01\/yrittajat_v2_7953-1-1024x683-2-668x445.jpg 668w\" sizes=\"auto, (max-width: 1024px) 100vw, 1024px\" \/><figcaption class=\"wp-element-caption\"><strong>Verkostot tukenasi<\/strong><br>Verkostoidu muiden yritt\u00e4jien kanssa ja hanki kumppaneita tai asiakkaita. <a href=\"https:\/\/me.yrittajat.fi\/myytinmurtajat\/jasenedut\/#verkostot\">Lue lis\u00e4\u00e4 &gt;<\/a><\/figcaption><\/figure>\n<\/div>\n\n\n\n<div class=\"wp-block-column is-layout-flow wp-block-column-is-layout-flow\">\n<figure class=\"wp-block-image size-full\"><img loading=\"lazy\" decoding=\"async\" width=\"1024\" height=\"683\" src=\"https:\/\/me.yrittajat.fi\/myytinmurtajat\/app\/uploads\/sites\/57\/2023\/01\/yrittajat_netti_12-1-1024x683-2.jpg\" alt=\"\" class=\"wp-image-256\" srcset=\"https:\/\/me.yrittajat.fi\/app\/uploads\/sites\/57\/2023\/01\/yrittajat_netti_12-1-1024x683-2.jpg 1024w, https:\/\/me.yrittajat.fi\/app\/uploads\/sites\/57\/2023\/01\/yrittajat_netti_12-1-1024x683-2-300x200.jpg 300w, https:\/\/me.yrittajat.fi\/app\/uploads\/sites\/57\/2023\/01\/yrittajat_netti_12-1-1024x683-2-768x512.jpg 768w, https:\/\/me.yrittajat.fi\/app\/uploads\/sites\/57\/2023\/01\/yrittajat_netti_12-1-1024x683-2-668x445.jpg 668w\" sizes=\"auto, (max-width: 1024px) 100vw, 1024px\" \/><figcaption class=\"wp-element-caption\"><strong>T\u00e4rke\u00e4t uutiset<br><\/strong>Pysy ajan tasalla uutiskirjeen, j\u00e4senlehden ja verkkosivujen avulla. <a href=\"https:\/\/me.yrittajat.fi\/myytinmurtajat\/jasenedut\/#uutiset\">Lue lis\u00e4\u00e4 &gt;<\/a><\/figcaption><\/figure>\n<\/div>\n\n\n\n<div class=\"wp-block-column is-layout-flow wp-block-column-is-layout-flow\">\n<figure class=\"wp-block-image size-full\"><img loading=\"lazy\" decoding=\"async\" width=\"1024\" height=\"683\" src=\"https:\/\/me.yrittajat.fi\/myytinmurtajat\/app\/uploads\/sites\/57\/2023\/01\/puhelu_yrittajat_2-1024x683-2.jpg\" alt=\"\" class=\"wp-image-255\" srcset=\"https:\/\/me.yrittajat.fi\/app\/uploads\/sites\/57\/2023\/01\/puhelu_yrittajat_2-1024x683-2.jpg 1024w, https:\/\/me.yrittajat.fi\/app\/uploads\/sites\/57\/2023\/01\/puhelu_yrittajat_2-1024x683-2-300x200.jpg 300w, https:\/\/me.yrittajat.fi\/app\/uploads\/sites\/57\/2023\/01\/puhelu_yrittajat_2-1024x683-2-768x512.jpg 768w, https:\/\/me.yrittajat.fi\/app\/uploads\/sites\/57\/2023\/01\/puhelu_yrittajat_2-1024x683-2-668x445.jpg 668w\" sizes=\"auto, (max-width: 1024px) 100vw, 1024px\" \/><figcaption class=\"wp-element-caption\"><strong>Vaikutamme puolestasi<\/strong><br>Yksin on vaikea saada \u00e4\u00e4nt\u00e4ns\u00e4 kuulumaan \u2013 me pid\u00e4mme puoliasi. <a href=\"https:\/\/me.yrittajat.fi\/myytinmurtajat\/jasenedut\/#vaikuttaminen\">Lue lis\u00e4\u00e4 &gt;<\/a><\/figcaption><\/figure>\n<\/div>\n<\/div>\n\n\n\n\t<div id=\"gb-anchor-block_cb82fda4ff21344d1a511a94f107bad6\" class=\"gb-anchor gb-anchor-block_cb82fda4ff21344d1a511a94f107bad6\">\n\t\t\t\t\t<div class=\"gb-anchor__anchor\" id=\"liity\"><\/div>\n\n\t\t\t\t\t\t<\/div>\n\n\n\n\n<h2 class=\"wp-block-heading has-text-align-center\">Kokemuksia Yritt\u00e4jien j\u00e4senilt\u00e4<\/h2>\n\n\n\n<div class=\"wp-block-columns is-layout-flex wp-container-core-columns-is-layout-4 wp-block-columns-is-layout-flex\">\n<div class=\"wp-block-column is-layout-flow wp-block-column-is-layout-flow\">\n<figure class=\"wp-block-image size-large\"><img loading=\"lazy\" decoding=\"async\" width=\"1024\" height=\"683\" src=\"https:\/\/me.yrittajat.fi\/myytinmurtajat\/app\/uploads\/sites\/57\/2022\/11\/jutta_webinaariliidiviesti-1024x683.jpg\" alt=\"\" class=\"wp-image-37\" srcset=\"https:\/\/me.yrittajat.fi\/app\/uploads\/sites\/57\/2022\/11\/jutta_webinaariliidiviesti-1024x683.jpg 1024w, https:\/\/me.yrittajat.fi\/app\/uploads\/sites\/57\/2022\/11\/jutta_webinaariliidiviesti-300x200.jpg 300w, https:\/\/me.yrittajat.fi\/app\/uploads\/sites\/57\/2022\/11\/jutta_webinaariliidiviesti-768x512.jpg 768w, https:\/\/me.yrittajat.fi\/app\/uploads\/sites\/57\/2022\/11\/jutta_webinaariliidiviesti-668x445.jpg 668w, https:\/\/me.yrittajat.fi\/app\/uploads\/sites\/57\/2022\/11\/jutta_webinaariliidiviesti.jpg 1500w\" sizes=\"auto, (max-width: 1024px) 100vw, 1024px\" \/><figcaption class=\"wp-element-caption\"><em>\u201dYritt\u00e4jien <strong>lakineuvonta<\/strong> on mielet\u00f6n palvelu\u201d<br><\/em><strong><strong>\u2013<\/strong>Jutta Larm<\/strong><\/figcaption><\/figure>\n<\/div>\n\n\n\n<div class=\"wp-block-column is-layout-flow wp-block-column-is-layout-flow\">\n<figure class=\"wp-block-image size-large\"><img loading=\"lazy\" decoding=\"async\" width=\"1024\" height=\"682\" src=\"https:\/\/me.yrittajat.fi\/myytinmurtajat\/app\/uploads\/sites\/57\/2023\/08\/gtkiia-1024x682.jpg\" alt=\"\" class=\"wp-image-307\" srcset=\"https:\/\/me.yrittajat.fi\/app\/uploads\/sites\/57\/2023\/08\/gtkiia-1024x682.jpg 1024w, https:\/\/me.yrittajat.fi\/app\/uploads\/sites\/57\/2023\/08\/gtkiia-300x200.jpg 300w, https:\/\/me.yrittajat.fi\/app\/uploads\/sites\/57\/2023\/08\/gtkiia-768x512.jpg 768w, https:\/\/me.yrittajat.fi\/app\/uploads\/sites\/57\/2023\/08\/gtkiia-668x445.jpg 668w, https:\/\/me.yrittajat.fi\/app\/uploads\/sites\/57\/2023\/08\/gtkiia.jpg 1360w\" sizes=\"auto, (max-width: 1024px) 100vw, 1024px\" \/><figcaption class=\"wp-element-caption\"><em>\u201dYritt\u00e4jist\u00e4 kaikenik\u00e4iset yritt\u00e4j\u00e4t voivat saada itselleen tarpeellisinta<strong> apua<\/strong> sek\u00e4 erityisesti <strong>verkostoja.<\/strong>&#8220;<\/em><br><strong>\u2013Kiia Riuttula<\/strong><\/figcaption><\/figure>\n<\/div>\n\n\n\n<div class=\"wp-block-column is-layout-flow wp-block-column-is-layout-flow\">\n<figure class=\"wp-block-image size-large\"><img loading=\"lazy\" decoding=\"async\" width=\"1024\" height=\"683\" src=\"https:\/\/me.yrittajat.fi\/myytinmurtajat\/app\/uploads\/sites\/57\/2022\/11\/siva_webinaariliidiviesti-1024x683.jpg\" alt=\"\" class=\"wp-image-38\" srcset=\"https:\/\/me.yrittajat.fi\/app\/uploads\/sites\/57\/2022\/11\/siva_webinaariliidiviesti-1024x683.jpg 1024w, https:\/\/me.yrittajat.fi\/app\/uploads\/sites\/57\/2022\/11\/siva_webinaariliidiviesti-300x200.jpg 300w, https:\/\/me.yrittajat.fi\/app\/uploads\/sites\/57\/2022\/11\/siva_webinaariliidiviesti-768x512.jpg 768w, https:\/\/me.yrittajat.fi\/app\/uploads\/sites\/57\/2022\/11\/siva_webinaariliidiviesti-668x445.jpg 668w, https:\/\/me.yrittajat.fi\/app\/uploads\/sites\/57\/2022\/11\/siva_webinaariliidiviesti.jpg 1500w\" sizes=\"auto, (max-width: 1024px) 100vw, 1024px\" \/><figcaption class=\"wp-element-caption\"><em>\u201dTulee p\u00e4ivi\u00e4, jolloin haluaisit lopettaa, mutta <strong>et vain luovuta<\/strong>\u201d<\/em><br><strong>\u2013Siva Parlar<\/strong><\/figcaption><\/figure>\n<\/div>\n<\/div>\n\n\n\n<h2 class=\"wp-block-heading\">Kuulostaako hyv\u00e4lle?<\/h2>\n\n\n\n<p>Yritt\u00e4jien j\u00e4senen\u00e4 saat kaiken t\u00e4m\u00e4n ja paljon muuta. Ota asiantuntijat avuksesi ja hy\u00f6dynn\u00e4 rahanarvoiset edut &#8211; tule sin\u00e4kin mukaan Yritt\u00e4jiin!<\/p>\n\n\n\t<div id=\"gb-button-block_ac967453a9b9a161a716c20598f2bb5d\" class=\"gb-button gb-button-block_ac967453a9b9a161a716c20598f2bb5d\">\n\t\t\t\t\t\t<a class=\"b-button b-button--color- b-button--style-\"\n\t   href=\"https:\/\/www.yrittajat.fi\/yrittajajarjesto\/liity-jaseneksi\/\"\n\t   target=\"_blank\">\n\n\t\t<span class=\"b-button__title\">\n\t\t\tLiity j\u00e4seneksi t\u00e4st\u00e4\t\t<\/span>\n\n\t\t\t\t\t<span class=\"b-button__icon\">\n\t\t\t\t<svg xmlns=\"http:\/\/www.w3.org\/2000\/svg\" viewBox=\"0 0 9 14\"><path d=\"M2.001 13.664a1.333 1.333 0 01-.954-2.272l.007-.008 4.414-4.386-4.24-4.414A1.333 1.333 0 113.12.704l5.147 5.334a1.333 1.333 0 010 1.866l-5.334 5.334a1.333 1.333 0 01-.933.426z\"\/><\/svg>\t\t\t<\/span>\n\t\t\t<\/a>\n\t\t\t<\/div>\n","protected":false},"excerpt":{"rendered":"<p>Yritt\u00e4jyydest\u00e4 liikkuu valtava m\u00e4\u00e4r\u00e4 mit\u00e4 erikoisempia myyttej\u00e4, mutta mitk\u00e4 niist\u00e4 ovat totta? Me puramme myytit yksi kerrallaan &#8211; katso t\u00e4st\u00e4 kaikki t\u00e4h\u00e4n asti murretut myytit &gt; Oletko joskus kuullut lausahduksen &#8220;Yritt\u00e4j\u00e4n tulee aina p\u00e4rj\u00e4t\u00e4 yksin&#8221;? T\u00e4m\u00e4 yritt\u00e4jyysmyytti on tarua! Jokainen tarvitsee joskus apua. Yritt\u00e4jiss\u00e4 kenenk\u00e4\u00e4n ei tarvitse sinnitell\u00e4 omin avuin, vaan asiantuntijamme neuvovat, opastavat ja &hellip; <a href=\"https:\/\/me.yrittajat.fi\/myytinmurtajat\/\">Lue lis\u00e4\u00e4<\/a><\/p>\n","protected":false},"author":4,"featured_media":131,"parent":0,"menu_order":0,"comment_status":"closed","ping_status":"closed","template":"","meta":{"_acf_changed":false,"footnotes":""},"class_list":["post-3","page","type-page","status-publish","has-post-thumbnail","hentry"],"acf":[],"_links":{"self":[{"href":"https:\/\/me.yrittajat.fi\/myytinmurtajat\/wp-json\/wp\/v2\/pages\/3","targetHints":{"allow":["GET"]}}],"collection":[{"href":"https:\/\/me.yrittajat.fi\/myytinmurtajat\/wp-json\/wp\/v2\/pages"}],"about":[{"href":"https:\/\/me.yrittajat.fi\/myytinmurtajat\/wp-json\/wp\/v2\/types\/page"}],"author":[{"embeddable":true,"href":"https:\/\/me.yrittajat.fi\/myytinmurtajat\/wp-json\/wp\/v2\/users\/4"}],"replies":[{"embeddable":true,"href":"https:\/\/me.yrittajat.fi\/myytinmurtajat\/wp-json\/wp\/v2\/comments?post=3"}],"version-history":[{"count":99,"href":"https:\/\/me.yrittajat.fi\/myytinmurtajat\/wp-json\/wp\/v2\/pages\/3\/revisions"}],"predecessor-version":[{"id":360,"href":"https:\/\/me.yrittajat.fi\/myytinmurtajat\/wp-json\/wp\/v2\/pages\/3\/revisions\/360"}],"wp:featuredmedia":[{"embeddable":true,"href":"https:\/\/me.yrittajat.fi\/myytinmurtajat\/wp-json\/wp\/v2\/media\/131"}],"wp:attachment":[{"href":"https:\/\/me.yrittajat.fi\/myytinmurtajat\/wp-json\/wp\/v2\/media?parent=3"}],"curies":[{"name":"wp","href":"https:\/\/api.w.org\/{rel}","templated":true}]}}