{"id":55,"date":"2022-11-30T15:10:18","date_gmt":"2022-11-30T13:10:18","guid":{"rendered":"https:\/\/me.yrittajat.fi\/myytinmurtajat\/?page_id=55"},"modified":"2023-11-07T15:08:09","modified_gmt":"2023-11-07T13:08:09","slug":"jasenedut","status":"publish","type":"page","link":"https:\/\/me.yrittajat.fi\/myytinmurtajat\/jasenedut\/","title":{"rendered":"J\u00e4senedut"},"content":{"rendered":"\n<p>Yritt\u00e4jien j\u00e4senen\u00e4 olet osa Suomen suurinta yritt\u00e4j\u00e4yhteis\u00f6\u00e4 ja nautit rahanarvoisista eduista sek\u00e4 liiketoimintaasi edist\u00e4vist\u00e4 palveluista. Tutustu j\u00e4senyytemme etuihin tarkemmin ja liity mukaan!<\/p>\n\n\n\n\t<div id=\"gb-anchor-block_752b4dc0d70a677416fc104ffd74eb00\" class=\"gb-anchor gb-anchor-block_752b4dc0d70a677416fc104ffd74eb00\">\n\t\t\t\t\t<div class=\"gb-anchor__anchor\" id=\"neuvontapalvelu\"><\/div>\n\n\t\t\t\t\t\t<\/div>\n\n\n\n\n<div class=\"wp-block-media-text alignwide is-stacked-on-mobile\"><figure class=\"wp-block-media-text__media\"><img loading=\"lazy\" decoding=\"async\" width=\"1024\" height=\"683\" src=\"https:\/\/me.yrittajat.fi\/myytinmurtajat\/app\/uploads\/sites\/57\/2022\/11\/yrittajat_netti_37-1024x683-1.jpg\" alt=\"\" class=\"wp-image-56 size-full\" srcset=\"https:\/\/me.yrittajat.fi\/app\/uploads\/sites\/57\/2022\/11\/yrittajat_netti_37-1024x683-1.jpg 1024w, https:\/\/me.yrittajat.fi\/app\/uploads\/sites\/57\/2022\/11\/yrittajat_netti_37-1024x683-1-300x200.jpg 300w, https:\/\/me.yrittajat.fi\/app\/uploads\/sites\/57\/2022\/11\/yrittajat_netti_37-1024x683-1-768x512.jpg 768w, https:\/\/me.yrittajat.fi\/app\/uploads\/sites\/57\/2022\/11\/yrittajat_netti_37-1024x683-1-668x445.jpg 668w\" sizes=\"auto, (max-width: 1024px) 100vw, 1024px\" \/><\/figure><div class=\"wp-block-media-text__content\">\n<h1 class=\"wp-block-heading\" style=\"font-style:normal;font-weight:400\">Maksuton neuvontapalvelu<\/h1>\n\n\n\n<p><strong>Ongelmia? Soita 09 229 222, saat avun nopeasti ja Yritt\u00e4jien j\u00e4senen\u00e4 maksutta.<\/strong><\/p>\n\n\n\n<p>Asiantuntijat neuvovat sinua muun muassa:<\/p>\n\n\n\n<ul class=\"wp-block-list\">\n<li>Ty\u00f6el\u00e4m\u00e4n juridiikassa ja TES-asioissa<\/li>\n\n\n\n<li>Yritt\u00e4j\u00e4n sosiaaliturvassa<\/li>\n\n\n\n<li>Verotuksessa<\/li>\n\n\n\n<li>Maksukyvytt\u00f6myydess\u00e4<\/li>\n\n\n\n<li>Yritysjuridiikassa<\/li>\n\n\n\n<li>Sopimusoikeudessa<\/li>\n\n\n\n<li>J\u00e4senten k\u00e4yt\u00f6ss\u00e4 on my\u00f6s aluej\u00e4rjest\u00f6jen neuvontapalvelut<\/li>\n<\/ul>\n<\/div><\/div>\n\n\n\n\t<div id=\"gb-anchor-block_ddca12db0dd1a14cec30fa6546e141df\" class=\"gb-anchor gb-anchor-block_ddca12db0dd1a14cec30fa6546e141df\">\n\t\t\t\t\t<div class=\"gb-anchor__anchor\" id=\"jasenedut\"><\/div>\n\n\t\t\t\t\t\t<\/div>\n\n\n\n\n<div class=\"wp-block-media-text alignwide is-stacked-on-mobile\"><figure class=\"wp-block-media-text__media\"><img loading=\"lazy\" decoding=\"async\" width=\"1024\" height=\"683\" src=\"https:\/\/me.yrittajat.fi\/myytinmurtajat\/app\/uploads\/sites\/57\/2022\/11\/yrittajat_3292-1024x683-1.jpg\" alt=\"\" class=\"wp-image-60 size-full\" srcset=\"https:\/\/me.yrittajat.fi\/app\/uploads\/sites\/57\/2022\/11\/yrittajat_3292-1024x683-1.jpg 1024w, https:\/\/me.yrittajat.fi\/app\/uploads\/sites\/57\/2022\/11\/yrittajat_3292-1024x683-1-300x200.jpg 300w, https:\/\/me.yrittajat.fi\/app\/uploads\/sites\/57\/2022\/11\/yrittajat_3292-1024x683-1-768x512.jpg 768w, https:\/\/me.yrittajat.fi\/app\/uploads\/sites\/57\/2022\/11\/yrittajat_3292-1024x683-1-668x445.jpg 668w\" sizes=\"auto, (max-width: 1024px) 100vw, 1024px\" \/><\/figure><div class=\"wp-block-media-text__content\">\n<h1 class=\"wp-block-heading\" style=\"font-style:normal;font-weight:400\">Rahanarvoiset j\u00e4senedut<\/h1>\n\n\n\n<p><strong>J\u00e4senen\u00e4 saat alennusta kumppaneiltamme ja s\u00e4\u00e4st\u00e4t selv\u00e4\u00e4 rahaa.<\/strong><\/p>\n\n\n\n<p>Suomen Yritt\u00e4jien j\u00e4senkortilla ja mobiilikortilla saat tuntuvia etuja mm. polttoaineesta, matkoista, majoituksesta, vakuutuksista, ty\u00f6suhde-eduista, tukkukaupasta, aikakauslehdist\u00e4, lakipalveluista ja liittym\u00e4palveluista.<\/p>\n\n\n\n<p><a rel=\"noreferrer noopener\" href=\"https:\/\/www.yrittajat.fi\/jasenedut\/#\/?search=&amp;benefitCategories=&amp;nationwide=&amp;taxAssociations=&amp;taxOrganizations=&amp;regions=&amp;contentTypes=MEMBERSHIP_BENEFIT&amp;currentPage=0&amp;offset=\" target=\"_blank\">Sivuiltamme l\u00f6yd\u00e4t kattavan listauksen<\/a>&nbsp;kumppaneidemme huikeista eduista.<\/p>\n<\/div><\/div>\n\n\n\n\t<div id=\"gb-anchor-block_c9ce73735d784c3bae9648e9a29ed3f8\" class=\"gb-anchor gb-anchor-block_c9ce73735d784c3bae9648e9a29ed3f8\">\n\t\t\t\t\t<div class=\"gb-anchor__anchor\" id=\"koulutukset\"><\/div>\n\n\t\t\t\t\t\t<\/div>\n\n\n\n\n<div class=\"wp-block-media-text alignwide is-stacked-on-mobile\"><figure class=\"wp-block-media-text__media\"><img loading=\"lazy\" decoding=\"async\" width=\"1024\" height=\"683\" src=\"https:\/\/me.yrittajat.fi\/myytinmurtajat\/app\/uploads\/sites\/57\/2022\/11\/yrittajat_2646_2-1-1024x683-1.jpg\" alt=\"\" class=\"wp-image-62 size-full\" srcset=\"https:\/\/me.yrittajat.fi\/app\/uploads\/sites\/57\/2022\/11\/yrittajat_2646_2-1-1024x683-1.jpg 1024w, https:\/\/me.yrittajat.fi\/app\/uploads\/sites\/57\/2022\/11\/yrittajat_2646_2-1-1024x683-1-300x200.jpg 300w, https:\/\/me.yrittajat.fi\/app\/uploads\/sites\/57\/2022\/11\/yrittajat_2646_2-1-1024x683-1-768x512.jpg 768w, https:\/\/me.yrittajat.fi\/app\/uploads\/sites\/57\/2022\/11\/yrittajat_2646_2-1-1024x683-1-668x445.jpg 668w\" sizes=\"auto, (max-width: 1024px) 100vw, 1024px\" \/><\/figure><div class=\"wp-block-media-text__content\">\n<h1 class=\"wp-block-heading\" style=\"font-style:normal;font-weight:400\">J\u00e4senhintaiset koulutukset<\/h1>\n\n\n\n<p><strong>Kanssamme p\u00e4ivit\u00e4t osaamisesi huippukuntoon j\u00e4senetuhinnoilla.<\/strong><\/p>\n\n\n\n<p>J\u00e4rjest\u00e4mme webinaareja ja seminaareja yritystoiminnan eri osa-alueilta. Kaipaatko esimerkiksi vinkkej\u00e4 markkinointiin sosiaalisessa mediassa? Mietitk\u00f6, miten voit tehostaa myynti\u00e4? Haluatko sparrausta esimiestaitoihin? Onko tuloslaskelman ja taseen er\u00e4t sek\u00e4 tunnusluvut hallussa? Tai etsitk\u00f6 kenties vahvistusta viestisi perille menoon?<\/p>\n\n\n\n<p>N\u00e4ihin ja moniin muihin aiheisiin saat oppeja Suomen Yritt\u00e4jien koulutuksista. Webinaareihin osallistujat saavat my\u00f6s tallenteen itselleen ja voivat n\u00e4in palata koulutuksen pariin uudemman kerran. Osa koulutuksista on j\u00e4senille maksuttomia ja maksullisista saat jopa 40 prosentin j\u00e4senalennuksen.&nbsp;<a rel=\"noreferrer noopener\" href=\"https:\/\/www.yrittajat.fi\/tapahtumat-ja-koulutukset\/#\/?search=&amp;eventTypes=&amp;themes=&amp;date=&amp;taxAssociations=&amp;taxOrganizations=&amp;regions=&amp;eventRemote=&amp;eventAdmissionType=&amp;keywords=&amp;contentTypes=EVENT&amp;currentPage=0&amp;offset=0\" target=\"_blank\">Tutustu ajankohtaiseen koulutustarjontaan.<\/a><\/p>\n<\/div><\/div>\n\n\n\n\t<div id=\"gb-anchor-block_65355ba9e4e6236fc622c0c479706048\" class=\"gb-anchor gb-anchor-block_65355ba9e4e6236fc622c0c479706048\">\n\t\t\t\t\t<div class=\"gb-anchor__anchor\" id=\"verkostot\"><\/div>\n\n\t\t\t\t\t\t<\/div>\n\n\n\n\n<div class=\"wp-block-media-text alignwide is-stacked-on-mobile\"><figure class=\"wp-block-media-text__media\"><img loading=\"lazy\" decoding=\"async\" width=\"1024\" height=\"683\" src=\"https:\/\/me.yrittajat.fi\/myytinmurtajat\/app\/uploads\/sites\/57\/2022\/11\/yrittajat_netti_12-1024x683-1.jpg\" alt=\"\" class=\"wp-image-63 size-full\" srcset=\"https:\/\/me.yrittajat.fi\/app\/uploads\/sites\/57\/2022\/11\/yrittajat_netti_12-1024x683-1.jpg 1024w, https:\/\/me.yrittajat.fi\/app\/uploads\/sites\/57\/2022\/11\/yrittajat_netti_12-1024x683-1-300x200.jpg 300w, https:\/\/me.yrittajat.fi\/app\/uploads\/sites\/57\/2022\/11\/yrittajat_netti_12-1024x683-1-768x512.jpg 768w, https:\/\/me.yrittajat.fi\/app\/uploads\/sites\/57\/2022\/11\/yrittajat_netti_12-1024x683-1-668x445.jpg 668w\" sizes=\"auto, (max-width: 1024px) 100vw, 1024px\" \/><\/figure><div class=\"wp-block-media-text__content\">\n<h1 class=\"wp-block-heading\" style=\"font-style:normal;font-weight:400\">Verkostot tukenasi<\/h1>\n\n\n\n<p><strong>Tarjoamme verkostomme k\u00e4ytt\u00f6\u00f6si, jonka kautta l\u00f6yd\u00e4t mahdollisia asiakkaita tai kumppaneita.<\/strong><\/p>\n\n\n\n<p>Yritt\u00e4jien tapahtumissa tapaat toisia yritt\u00e4ji\u00e4, potentiaalisia kumppaneita ja asiakkaita sek\u00e4 liiketoimintasi tai yrityksesi kotipaikkakunnan kannalta t\u00e4rkeit\u00e4 p\u00e4\u00e4tt\u00e4ji\u00e4. Oli sinulla sitten yksitt\u00e4inen ongelma, tarve l\u00f6yt\u00e4\u00e4 samalla alalla toimivia yritt\u00e4j\u00e4kollegoita tai halu p\u00e4\u00e4st\u00e4 kuntasi p\u00e4\u00e4tt\u00e4j\u00e4n kanssa juttusille, autamme l\u00f6yt\u00e4m\u00e4\u00e4n juuri oikean ihmisen.<\/p>\n<\/div><\/div>\n\n\n\n\t<div id=\"gb-anchor-block_7a5c7e9ceb5e3e0ae06a538cd8fea51c\" class=\"gb-anchor gb-anchor-block_7a5c7e9ceb5e3e0ae06a538cd8fea51c\">\n\t\t\t\t\t<div class=\"gb-anchor__anchor\" id=\"uutiset\"><\/div>\n\n\t\t\t\t\t\t<\/div>\n\n\n\n\n<div class=\"wp-block-media-text alignwide is-stacked-on-mobile\"><figure class=\"wp-block-media-text__media\"><img loading=\"lazy\" decoding=\"async\" width=\"1024\" height=\"683\" src=\"https:\/\/me.yrittajat.fi\/myytinmurtajat\/app\/uploads\/sites\/57\/2022\/11\/yrittajat_6903-1024x683-1.jpg\" alt=\"\" class=\"wp-image-64 size-full\" srcset=\"https:\/\/me.yrittajat.fi\/app\/uploads\/sites\/57\/2022\/11\/yrittajat_6903-1024x683-1.jpg 1024w, https:\/\/me.yrittajat.fi\/app\/uploads\/sites\/57\/2022\/11\/yrittajat_6903-1024x683-1-300x200.jpg 300w, https:\/\/me.yrittajat.fi\/app\/uploads\/sites\/57\/2022\/11\/yrittajat_6903-1024x683-1-768x512.jpg 768w, https:\/\/me.yrittajat.fi\/app\/uploads\/sites\/57\/2022\/11\/yrittajat_6903-1024x683-1-668x445.jpg 668w\" sizes=\"auto, (max-width: 1024px) 100vw, 1024px\" \/><\/figure><div class=\"wp-block-media-text__content\">\n<h1 class=\"wp-block-heading\" style=\"font-style:normal;font-weight:400\">T\u00e4rke\u00e4t uutiset<\/h1>\n\n\n\n<p><strong>Pid\u00e4mme sinut ajan tasalla yritt\u00e4jille t\u00e4rkeist\u00e4 uutisista ja ilmi\u00f6ist\u00e4.<\/strong><\/p>\n\n\n\n<p>Toimituksemme laatii ja kokoaa yritt\u00e4j\u00e4n n\u00e4k\u00f6kulmasta mielenkiintoiset uutiset, tarinat ja tietoiskut verkkosivuille, uutiskirjeeseen sek\u00e4 j\u00e4senlehteen.<\/p>\n\n\n\n<p><strong>Yritt\u00e4j\u00e4t.fi<\/strong>: Kertoo p\u00e4iv\u00e4n puhuttavimmat uutiset, yritt\u00e4j\u00e4n kokemukset, liiketoimintaasi vaikuttavat lakimuutokset ja arjessa auttavat ohjeet.<\/p>\n\n\n\n<p><strong>Uutiskirje<\/strong>: S\u00e4\u00e4st\u00e4\u00e4 aikaasi ja kokoaa sinulle, mit\u00e4 sinun pit\u00e4\u00e4 tiet\u00e4\u00e4 yritt\u00e4jyydest\u00e4 juuri nyt. Saat t\u00e4rkeimm\u00e4t muutokset, hy\u00f6dylliset vinkit ja inspiroivat henkil\u00f6t suoraan s\u00e4hk\u00f6postiisi.<\/p>\n\n\n\n<p><strong>Yritt\u00e4j\u00e4-lehti<\/strong>: Vahvistaa liiketoimintaasi, tuo verkostot l\u00e4hellesi ja vinkkaa parhaat k\u00e4yt\u00e4nn\u00f6t ja arkea helpottavat niksit. J\u00e4senetuna pari kertaa vuodessa.<\/p>\n<\/div><\/div>\n\n\n\n\t<div id=\"gb-anchor-block_6dd62a951b881aeb29bc49679ab6e595\" class=\"gb-anchor gb-anchor-block_6dd62a951b881aeb29bc49679ab6e595\">\n\t\t\t\t\t<div class=\"gb-anchor__anchor\" id=\"vaikuttaminen\"><\/div>\n\n\t\t\t\t\t\t<\/div>\n\n\n\n\n<div class=\"wp-block-media-text alignwide is-stacked-on-mobile\"><figure class=\"wp-block-media-text__media\"><img loading=\"lazy\" decoding=\"async\" width=\"1024\" height=\"683\" src=\"https:\/\/me.yrittajat.fi\/myytinmurtajat\/app\/uploads\/sites\/57\/2022\/11\/yrittajat_3391-1024x683-1.jpg\" alt=\"\" class=\"wp-image-68 size-full\" srcset=\"https:\/\/me.yrittajat.fi\/app\/uploads\/sites\/57\/2022\/11\/yrittajat_3391-1024x683-1.jpg 1024w, https:\/\/me.yrittajat.fi\/app\/uploads\/sites\/57\/2022\/11\/yrittajat_3391-1024x683-1-300x200.jpg 300w, https:\/\/me.yrittajat.fi\/app\/uploads\/sites\/57\/2022\/11\/yrittajat_3391-1024x683-1-768x512.jpg 768w, https:\/\/me.yrittajat.fi\/app\/uploads\/sites\/57\/2022\/11\/yrittajat_3391-1024x683-1-668x445.jpg 668w\" sizes=\"auto, (max-width: 1024px) 100vw, 1024px\" \/><\/figure><div class=\"wp-block-media-text__content\">\n<h1 class=\"wp-block-heading\" style=\"font-style:normal;font-weight:400\">Vaikutamme puolestasi<\/h1>\n\n\n\n<p><strong>Yksin on vaikea saada \u00e4\u00e4nt\u00e4ns\u00e4 kuulumaan \u2013 Me pid\u00e4mme puoliasi.<\/strong><\/p>\n\n\n\n<p>Vaikuttaminen vaatii pitk\u00e4j\u00e4nteisyytt\u00e4: kannanottojen laatimista sek\u00e4 istumista lainvalmisteluty\u00f6ryhmiss\u00e4, valiokunnissa ja ministeri\u00f6iden kuulemisissa. Teemme t\u00e4m\u00e4n, jotta yritt\u00e4j\u00e4n\u00e4 olisi Suomessa vuosi vuodelta v\u00e4h\u00e4n parempi olla.<\/p>\n\n\n\n<p><\/p>\n\n\n\n<ul class=\"wp-block-list\">\n<li><a rel=\"noreferrer noopener\" href=\"https:\/\/www.yrittajat.fi\/yrittajajarjesto\/nain-vaikutamme\/\" target=\"_blank\">Tutustu, miten olemme yli 20 vuoden aikana vaikuttaneet ja parantaneet yritt\u00e4jien asemaa sek\u00e4 yritt\u00e4misen olosuhteita.<\/a><\/li>\n<\/ul>\n<\/div><\/div>\n\n\n\n\t<div id=\"gb-anchor-block_32bd7d0a43d991958465605d7775cfc0\" class=\"gb-anchor gb-anchor-block_32bd7d0a43d991958465605d7775cfc0\">\n\t\t\t\t\t<div class=\"gb-anchor__anchor\" id=\"tyokalut\"><\/div>\n\n\t\t\t\t\t\t<\/div>\n\n\n\n\n<div class=\"wp-block-media-text alignwide is-stacked-on-mobile\"><figure class=\"wp-block-media-text__media\"><img loading=\"lazy\" decoding=\"async\" width=\"768\" height=\"512\" src=\"https:\/\/me.yrittajat.fi\/myytinmurtajat\/app\/uploads\/sites\/57\/2022\/11\/yrittajat_6690-1-768x512-1.jpg\" alt=\"\" class=\"wp-image-74 size-full\" srcset=\"https:\/\/me.yrittajat.fi\/app\/uploads\/sites\/57\/2022\/11\/yrittajat_6690-1-768x512-1.jpg 768w, https:\/\/me.yrittajat.fi\/app\/uploads\/sites\/57\/2022\/11\/yrittajat_6690-1-768x512-1-300x200.jpg 300w, https:\/\/me.yrittajat.fi\/app\/uploads\/sites\/57\/2022\/11\/yrittajat_6690-1-768x512-1-668x445.jpg 668w\" sizes=\"auto, (max-width: 768px) 100vw, 768px\" \/><\/figure><div class=\"wp-block-media-text__content\">\n<h1 class=\"wp-block-heading\" style=\"font-style:normal;font-weight:400\">Hy\u00f6dylliset ty\u00f6kalut<\/h1>\n\n\n\n<p>Tarjoamme j\u00e4senillemme yritt\u00e4j\u00e4lle hy\u00f6dyllisi\u00e4 ty\u00f6kaluja, kuten:<\/p>\n\n\n\n<ul class=\"wp-block-list\">\n<li><strong>palkka- ja alennuslaskurin<\/strong><\/li>\n\n\n\n<li><strong>maksuttomia koulutustallenteita<\/strong><\/li>\n\n\n\n<li><strong>lomake- ja asiakirjapohjia<\/strong><\/li>\n\n\n\n<li><strong>oppaita<\/strong><\/li>\n<\/ul>\n\n\n\n<p>N\u00e4m\u00e4 ty\u00f6kalut jokaisen yritt\u00e4j\u00e4n kannattaa ottaa k\u00e4ytt\u00f6\u00f6n \u2013 ty\u00f6kalut s\u00e4\u00e4st\u00e4v\u00e4t aikaasi ja helpottavat arkeasi.&nbsp;<a rel=\"noreferrer noopener\" href=\"https:\/\/www.yrittajat.fi\/palvelut-ja-edut\/tyokalut-yrittajalle\/\" target=\"_blank\">Tutustu ty\u00f6kaluihin tarkemmin.<\/a><\/p>\n<\/div><\/div>\n\n\n\n<p><strong>Kuulostaako hyv\u00e4lle? Yritt\u00e4jien j\u00e4senen\u00e4 saat kaiken t\u00e4m\u00e4n ja paljon muuta.<\/strong><a rel=\"noreferrer noopener\" href=\"https:\/\/me.yrittajat.fi\/onnistujat\/#liity\" target=\"_blank\"><\/a><\/p>\n\n\n\t<div id=\"gb-button-block_5c7412c4c7c4646f1d3349a8e9b39499\" class=\"gb-button gb-button-block_5c7412c4c7c4646f1d3349a8e9b39499\">\n\t\t\t\t\t\t<a class=\"b-button b-button--color- b-button--style-\"\n\t   href=\"https:\/\/www.yrittajat.fi\/yrittajajarjesto\/liity-jaseneksi\/\"\n\t   target=\"_blank\">\n\n\t\t<span class=\"b-button__title\">\n\t\t\tLiity j\u00e4seneksi\t\t<\/span>\n\n\t\t\t\t\t<span class=\"b-button__icon\">\n\t\t\t\t<svg xmlns=\"http:\/\/www.w3.org\/2000\/svg\" viewBox=\"0 0 9 14\"><path d=\"M2.001 13.664a1.333 1.333 0 01-.954-2.272l.007-.008 4.414-4.386-4.24-4.414A1.333 1.333 0 113.12.704l5.147 5.334a1.333 1.333 0 010 1.866l-5.334 5.334a1.333 1.333 0 01-.933.426z\"\/><\/svg>\t\t\t<\/span>\n\t\t\t<\/a>\n\t\t\t<\/div>\n","protected":false},"excerpt":{"rendered":"<p>Yritt\u00e4jien j\u00e4senen\u00e4 olet osa Suomen suurinta yritt\u00e4j\u00e4yhteis\u00f6\u00e4 ja nautit rahanarvoisista eduista sek\u00e4 liiketoimintaasi edist\u00e4vist\u00e4 palveluista. Tutustu j\u00e4senyytemme etuihin tarkemmin ja liity mukaan! Rahanarvoiset j\u00e4senedut J\u00e4senen\u00e4 saat alennusta kumppaneiltamme ja s\u00e4\u00e4st\u00e4t selv\u00e4\u00e4 rahaa. Suomen Yritt\u00e4jien j\u00e4senkortilla ja mobiilikortilla saat tuntuvia etuja mm. polttoaineesta, matkoista, majoituksesta, vakuutuksista, ty\u00f6suhde-eduista, tukkukaupasta, aikakauslehdist\u00e4, lakipalveluista ja liittym\u00e4palveluista. Sivuiltamme l\u00f6yd\u00e4t kattavan listauksen&nbsp;kumppaneidemme &hellip; <a href=\"https:\/\/me.yrittajat.fi\/myytinmurtajat\/jasenedut\/\">Lue lis\u00e4\u00e4<\/a><\/p>\n","protected":false},"author":47,"featured_media":0,"parent":0,"menu_order":0,"comment_status":"closed","ping_status":"closed","template":"","meta":{"_acf_changed":false,"footnotes":""},"class_list":["post-55","page","type-page","status-publish","hentry"],"acf":[],"_links":{"self":[{"href":"https:\/\/me.yrittajat.fi\/myytinmurtajat\/wp-json\/wp\/v2\/pages\/55","targetHints":{"allow":["GET"]}}],"collection":[{"href":"https:\/\/me.yrittajat.fi\/myytinmurtajat\/wp-json\/wp\/v2\/pages"}],"about":[{"href":"https:\/\/me.yrittajat.fi\/myytinmurtajat\/wp-json\/wp\/v2\/types\/page"}],"author":[{"embeddable":true,"href":"https:\/\/me.yrittajat.fi\/myytinmurtajat\/wp-json\/wp\/v2\/users\/47"}],"replies":[{"embeddable":true,"href":"https:\/\/me.yrittajat.fi\/myytinmurtajat\/wp-json\/wp\/v2\/comments?post=55"}],"version-history":[{"count":30,"href":"https:\/\/me.yrittajat.fi\/myytinmurtajat\/wp-json\/wp\/v2\/pages\/55\/revisions"}],"predecessor-version":[{"id":332,"href":"https:\/\/me.yrittajat.fi\/myytinmurtajat\/wp-json\/wp\/v2\/pages\/55\/revisions\/332"}],"wp:attachment":[{"href":"https:\/\/me.yrittajat.fi\/myytinmurtajat\/wp-json\/wp\/v2\/media?parent=55"}],"curies":[{"name":"wp","href":"https:\/\/api.w.org\/{rel}","templated":true}]}}