{"id":336,"date":"2022-04-07T13:09:53","date_gmt":"2022-04-07T10:09:53","guid":{"rendered":"https:\/\/me.yrittajat.fi\/onnistujat\/?page_id=336"},"modified":"2022-12-30T11:48:05","modified_gmt":"2022-12-30T09:48:05","slug":"anu-kuivaniemi","status":"publish","type":"page","link":"https:\/\/me.yrittajat.fi\/onnistujat\/etusivu\/yrittajatarinoita\/anu-kuivaniemi\/","title":{"rendered":"Anu Kuivaniemi &#8211; Pakopeli FindOut"},"content":{"rendered":"\n<div class=\"wp-block-media-text alignwide has-media-on-the-right is-stacked-on-mobile\"><figure class=\"wp-block-media-text__media\"><img loading=\"lazy\" decoding=\"async\" width=\"1024\" height=\"683\" src=\"https:\/\/me.yrittajat.fi\/onnistujat\/app\/uploads\/sites\/43\/2022\/04\/Anu_kampanjasivukuva-1024x683.jpg\" alt=\"\" class=\"wp-image-337 size-full\" srcset=\"https:\/\/me.yrittajat.fi\/app\/uploads\/sites\/43\/2022\/04\/Anu_kampanjasivukuva-1024x683.jpg 1024w, https:\/\/me.yrittajat.fi\/app\/uploads\/sites\/43\/2022\/04\/Anu_kampanjasivukuva-300x200.jpg 300w, https:\/\/me.yrittajat.fi\/app\/uploads\/sites\/43\/2022\/04\/Anu_kampanjasivukuva-768x512.jpg 768w, https:\/\/me.yrittajat.fi\/app\/uploads\/sites\/43\/2022\/04\/Anu_kampanjasivukuva-1536x1024.jpg 1536w, https:\/\/me.yrittajat.fi\/app\/uploads\/sites\/43\/2022\/04\/Anu_kampanjasivukuva-2048x1365.jpg 2048w, https:\/\/me.yrittajat.fi\/app\/uploads\/sites\/43\/2022\/04\/Anu_kampanjasivukuva-668x445.jpg 668w\" sizes=\"auto, (max-width: 1024px) 100vw, 1024px\" \/><\/figure><div class=\"wp-block-media-text__content\">\n<p class=\"has-large-font-size\">Konkurssi oli kova paikka: \u201dYritt\u00e4jien lakipuhelimesta oli verraton apu\u201d<\/p>\n<\/div><\/div>\n\n\n\n<p><strong>Anu Kuivaniemi innostui uudesta el\u00e4myksest\u00e4 ja huomasi pian olevansa yritt\u00e4j\u00e4, jolla oli parhaimmillaan 12 ty\u00f6ntekij\u00e4\u00e4. Sitten tapahtui k\u00e4\u00e4nne, josta selvi\u00e4misess\u00e4 Yritt\u00e4jien j\u00e4senille maksuton lakineuvonta ja yritt\u00e4j\u00e4verkoston tuki tulivat todella tarpeeseen.<\/strong><\/p>\n\n\n\n<p>Joskus yritysidean saa sattumalta. Niin k\u00e4vi Anu Kuivaniemelle, kun h\u00e4n tutustui pakopeleihin opiskellessaan Jyv\u00e4skyl\u00e4n ammattikorkeakoulun Tiimiakatemiassa. Ensikosketus tapahtui opiskelukaverien perustamassa pakohuoneessa.<\/p>\n\n\n\n<p>\u2013 Se vei heti mukanaan! Tuntui, ett\u00e4 t\u00e4m\u00e4 on jotain ihan uutta, erilaista ja hauskaa.<\/p>\n\n\n\n<p>Kuivaniemi py\u00f6ritti Ilmajoella Yli-Lauroselan talomuseota ja pohti, houkuttelisiko paikallishistoriaa el\u00e4v\u00f6itt\u00e4v\u00e4 pakopeli uusia k\u00e4vij\u00f6it\u00e4 museolle. H\u00e4n p\u00e4\u00e4tti kokeilla.<\/p>\n\n\n\n<p>\u2013 Huoneesta tuli pian tosi suosittu osa museon toimintaa. K\u00e4vij\u00f6it\u00e4 saapui koko l\u00e4nsirannikon mitalta, l\u00f6ytyih\u00e4n meilt\u00e4 l\u00e4ntisen Suomen ensimm\u00e4inen pakohuone.<\/p>\n\n\n\n<h2 class=\"wp-block-heading\">Laajentaminen vei t\u00e4ysp\u00e4iv\u00e4iseksi yritt\u00e4j\u00e4ksi<\/h2>\n\n\n\n<p>Kun Kuivaniemen perustama Pakopeli FindOut laajensi toimintaansa Sein\u00e4joelle, h\u00e4n huomasi olevansa p\u00e4\u00e4toiminen pakopeliyritt\u00e4j\u00e4. Se oli iso harppaus suuntaan, jota Kuivaniemi ei ollut alun perin suunnitellut.<\/p>\n\n\n\n<p>\u2013 En todellakaan kuvitellut ryhtyv\u00e4ni pakopeliyritt\u00e4j\u00e4ksi. Mutta ajattelin, ett\u00e4 kun t\u00e4m\u00e4 on niin kauhean mukavaa ja kysynt\u00e4\u00e4 on, niin mik\u00e4p\u00e4 siin\u00e4.<\/p>\n\n\n\n<p>Kuivaniemelle yritt\u00e4jyydess\u00e4 parasta on vapaus toteuttaa itse\u00e4\u00e4n ja luovia ideoitaan. Eniten ylpe\u00e4 ja iloinen h\u00e4n on ty\u00f6ntekij\u00f6ilt\u00e4\u00e4n saamastaan palautteesta.<\/p>\n\n\n\n<p>\u2013 On mahtavaa saada kiitosta ty\u00f6yhteis\u00f6st\u00e4, jossa on hyv\u00e4 olla. Etenkin sellaisilta ihmisilt\u00e4, jotka ovat kokeneet burn outin ja sairastuneet aiemmassa ty\u00f6paikassaan. Kiitos kuuluu tietenkin koko ty\u00f6yhteis\u00f6lle, ilmapiiri\u00e4 rakennetaan yhdess\u00e4.<\/p>\n\n\n\n<figure class=\"wp-block-image size-full\"><a href=\"https:\/\/www.yrittajat.fi\/yrittajajarjesto\/liity-jaseneksi\/#lomake\" target=\"_blank\" rel=\"noreferrer noopener\"><img loading=\"lazy\" decoding=\"async\" width=\"800\" height=\"300\" src=\"https:\/\/me.yrittajat.fi\/onnistujat\/app\/uploads\/sites\/43\/2022\/05\/Anu-800-x-300.png\" alt=\"\" class=\"wp-image-462\" srcset=\"https:\/\/me.yrittajat.fi\/app\/uploads\/sites\/43\/2022\/05\/Anu-800-x-300.png 800w, https:\/\/me.yrittajat.fi\/app\/uploads\/sites\/43\/2022\/05\/Anu-800-x-300-300x113.png 300w, https:\/\/me.yrittajat.fi\/app\/uploads\/sites\/43\/2022\/05\/Anu-800-x-300-768x288.png 768w\" sizes=\"auto, (max-width: 800px) 100vw, 800px\" \/><\/a><\/figure>\n\n\n\n<h2 class=\"wp-block-heading\">Yritt\u00e4jien lakiapu ja verkostot auttoivat konkurssissa<\/h2>\n\n\n\n<p>Pakopeli FindOutin viisi ensimm\u00e4ist\u00e4 vuotta olivat hyv\u00e4\u00e4 aikaa. Parhaimmillaan ty\u00f6ntekij\u00f6it\u00e4 oli 12. Sitten iski korona. Kev\u00e4\u00e4ll\u00e4 2020 toiminta ei yksinkertaisesti en\u00e4\u00e4 ollut mahdollista. Lopulta edess\u00e4 oli konkurssi.<\/p>\n\n\n\n<p>\u2013 Se oli kova paikka. Olin jo ennest\u00e4\u00e4n uupunut, ja konkurssi kuormitti viel\u00e4 lis\u00e4\u00e4. Onneksi olin liittynyt Yritt\u00e4jiin heti yrityksen perustettuani. Yritt\u00e4jien lakipuhelimesta oli verraton apu konkurssikiemuroita selvitelless\u00e4! Sain my\u00f6s henkist\u00e4 tukea ihmisilt\u00e4, joihin olin tutustunut Yritt\u00e4jien tapahtumissa ja toiminnassa. Verkosto auttoi vaikean asian k\u00e4sittelyss\u00e4. &nbsp;<\/p>\n\n\n\n<p>Sittemmin Kuivaniemi on noussut aallonpohjasta niin yritt\u00e4j\u00e4n\u00e4 kuin ihmisen\u00e4. Yrityksen toiminta jatkuu, ja kaikkiin toimipisteisiin on suunnitteilla uusia huoneita. Tekeill\u00e4 on my\u00f6s aivan uusi startup-pelikonsepti.<\/p>\n\n\n\n<h2 class=\"wp-block-heading\">Palautumisesta kannattaa pit\u00e4\u00e4 huolta<\/h2>\n\n\n\n<p>Tapahtuma-ala ei ole viel\u00e4 t\u00e4ysin toipunut, mutta Kuivaniemi uskoo, ett\u00e4 ennen pitk\u00e4\u00e4 yst\u00e4v\u00e4t ja ty\u00f6porukat uskaltavat &nbsp;taas kokoontua pakopelienkin pariin. Konkurssikyps\u00e4-blogissaan Kuivaniemi jakaa tietoa ja kokemuksia konkurssista. Viel\u00e4 on harjoiteltavaa siin\u00e4, ettei polttaisi itse\u00e4\u00e4n uudelleen loppuun.<br><br>\u2013 Kuuden vuoden takaiselle itselleni ja kaikille muillekin aloitteleville yritt\u00e4jille haluaisin toivottaa malttia. Minussa on aina ollut virtaa kuin pieness\u00e4 kyl\u00e4ss\u00e4. Mutta sekin saattaa loppua, ellei huolehdi jaksamisestaan. Opin sen kantap\u00e4\u00e4n kautta. Kun pit\u00e4\u00e4 huolta palautumisesta, tekee palveluksen itselleen ja yritykselleen.<\/p>\n\n\n\n<p>&#8212;<\/p>\n\n\n\n<p><strong>Tule sin\u00e4kin mukaan omiesi pariin, Suomen suurimpaan yritt\u00e4j\u00e4yhteis\u00f6\u00f6n. <\/strong><a href=\"https:\/\/me.yrittajat.fi\/onnistujat\/etusivu\/jasenedut-2\/\" data-type=\"URL\" data-id=\"https:\/\/me.yrittajat.fi\/onnistujat\/etusivu\/jasenedut-2\/\">J\u00e4senen\u00e4 saat liiketoimintaasi edist\u00e4v\u00e4t palvelut ja asiantuntijoidemme neuvot k\u00e4ytt\u00f6\u00f6si sek\u00e4 nautit rahanarvoisista eduista.<\/a><\/p>\n\n\n\t<div id=\"gb-button-block_116160f3700c6adb9d0a08ccb930ca18\" class=\"gb-button gb-button-block_116160f3700c6adb9d0a08ccb930ca18\">\n\t\t\t\t\t\t<a class=\"b-button b-button--color- b-button--style-\"\n\t   href=\"https:\/\/www.yrittajat.fi\/yrittajajarjesto\/liity-jaseneksi\/#lomake\"\n\t   target=\"_blank\">\n\n\t\t<span class=\"b-button__title\">\n\t\t\tLiity j\u00e4seneksi\t\t<\/span>\n\n\t\t\t\t\t<span class=\"b-button__icon\">\n\t\t\t\t<svg xmlns=\"http:\/\/www.w3.org\/2000\/svg\" viewBox=\"0 0 9 14\"><path d=\"M2.001 13.664a1.333 1.333 0 01-.954-2.272l.007-.008 4.414-4.386-4.24-4.414A1.333 1.333 0 113.12.704l5.147 5.334a1.333 1.333 0 010 1.866l-5.334 5.334a1.333 1.333 0 01-.933.426z\"\/><\/svg>\t\t\t<\/span>\n\t\t\t<\/a>\n\t\t\t<\/div>\n\n\n\n<p><br><\/p>\n","protected":false},"excerpt":{"rendered":"<p>Konkurssi oli kova paikka: \u201dYritt\u00e4jien lakipuhelimesta oli verraton apu\u201d Anu Kuivaniemi innostui uudesta el\u00e4myksest\u00e4 ja huomasi pian olevansa yritt\u00e4j\u00e4, jolla oli parhaimmillaan 12 ty\u00f6ntekij\u00e4\u00e4. Sitten tapahtui k\u00e4\u00e4nne, josta selvi\u00e4misess\u00e4 Yritt\u00e4jien j\u00e4senille maksuton lakineuvonta ja yritt\u00e4j\u00e4verkoston tuki tulivat todella tarpeeseen. Joskus yritysidean saa sattumalta. Niin k\u00e4vi Anu Kuivaniemelle, kun h\u00e4n tutustui pakopeleihin opiskellessaan Jyv\u00e4skyl\u00e4n ammattikorkeakoulun Tiimiakatemiassa. &hellip; <a href=\"https:\/\/me.yrittajat.fi\/onnistujat\/etusivu\/yrittajatarinoita\/anu-kuivaniemi\/\">Lue lis\u00e4\u00e4<\/a><\/p>\n","protected":false},"author":47,"featured_media":337,"parent":253,"menu_order":30,"comment_status":"closed","ping_status":"closed","template":"","meta":{"_acf_changed":false,"footnotes":""},"class_list":["post-336","page","type-page","status-publish","has-post-thumbnail","hentry"],"acf":[],"_links":{"self":[{"href":"https:\/\/me.yrittajat.fi\/onnistujat\/wp-json\/wp\/v2\/pages\/336","targetHints":{"allow":["GET"]}}],"collection":[{"href":"https:\/\/me.yrittajat.fi\/onnistujat\/wp-json\/wp\/v2\/pages"}],"about":[{"href":"https:\/\/me.yrittajat.fi\/onnistujat\/wp-json\/wp\/v2\/types\/page"}],"author":[{"embeddable":true,"href":"https:\/\/me.yrittajat.fi\/onnistujat\/wp-json\/wp\/v2\/users\/47"}],"replies":[{"embeddable":true,"href":"https:\/\/me.yrittajat.fi\/onnistujat\/wp-json\/wp\/v2\/comments?post=336"}],"version-history":[{"count":10,"href":"https:\/\/me.yrittajat.fi\/onnistujat\/wp-json\/wp\/v2\/pages\/336\/revisions"}],"predecessor-version":[{"id":491,"href":"https:\/\/me.yrittajat.fi\/onnistujat\/wp-json\/wp\/v2\/pages\/336\/revisions\/491"}],"up":[{"embeddable":true,"href":"https:\/\/me.yrittajat.fi\/onnistujat\/wp-json\/wp\/v2\/pages\/253"}],"wp:featuredmedia":[{"embeddable":true,"href":"https:\/\/me.yrittajat.fi\/onnistujat\/wp-json\/wp\/v2\/media\/337"}],"wp:attachment":[{"href":"https:\/\/me.yrittajat.fi\/onnistujat\/wp-json\/wp\/v2\/media?parent=336"}],"curies":[{"name":"wp","href":"https:\/\/api.w.org\/{rel}","templated":true}]}}