{"id":549,"date":"2023-02-07T15:59:11","date_gmt":"2023-02-07T13:59:11","guid":{"rendered":"https:\/\/me.yrittajat.fi\/vaalit\/?page_id=549"},"modified":"2025-03-18T10:59:30","modified_gmt":"2025-03-18T08:59:30","slug":"yrittajien-teemaohjelmat","status":"publish","type":"page","link":"https:\/\/me.yrittajat.fi\/vaalit\/etusivu\/yrittajien-teemaohjelmat\/","title":{"rendered":"Yritt\u00e4jien teemaohjelmat"},"content":{"rendered":"\n<div class=\"wp-block-columns is-layout-flex wp-container-core-columns-is-layout-1 wp-block-columns-is-layout-flex\">\n<div class=\"wp-block-column is-layout-flow wp-block-column-is-layout-flow\" style=\"flex-basis:33.33%\">\n<figure class=\"wp-block-image size-large\"><img loading=\"lazy\" decoding=\"async\" width=\"1024\" height=\"683\" src=\"https:\/\/me.yrittajat.fi\/vaalit\/app\/uploads\/sites\/56\/2023\/01\/microsoftteams-image-6-1-1024x683.png\" alt=\"\" class=\"wp-image-444\" srcset=\"https:\/\/me.yrittajat.fi\/app\/uploads\/sites\/56\/2023\/01\/microsoftteams-image-6-1-1024x683.png 1024w, https:\/\/me.yrittajat.fi\/app\/uploads\/sites\/56\/2023\/01\/microsoftteams-image-6-1-300x200.png 300w, https:\/\/me.yrittajat.fi\/app\/uploads\/sites\/56\/2023\/01\/microsoftteams-image-6-1-768x512.png 768w, https:\/\/me.yrittajat.fi\/app\/uploads\/sites\/56\/2023\/01\/microsoftteams-image-6-1-1536x1024.png 1536w, https:\/\/me.yrittajat.fi\/app\/uploads\/sites\/56\/2023\/01\/microsoftteams-image-6-1-2048x1365.png 2048w, https:\/\/me.yrittajat.fi\/app\/uploads\/sites\/56\/2023\/01\/microsoftteams-image-6-1-668x445.png 668w\" sizes=\"auto, (max-width: 1024px) 100vw, 1024px\" \/><\/figure>\n\n\n\n<p><strong>Yritt\u00e4jien laaja vaaliohjelma: Nostetaan rimaa<\/strong><\/p>\n\n\n\n<p>Suomen kasvu syntyy suomalaisten yritysten kasvun kautta. Kasvaakseen yritt\u00e4j\u00e4 tarvitsee vakaan ja kilpailukykyisen verotuksen, osaavaa ty\u00f6voimaa ja v\u00e4h\u00e4n byrokratiaa.<\/p>\n\n\n\n<ul class=\"wp-block-list\">\n<li><a href=\"https:\/\/me.yrittajat.fi\/app\/uploads\/sites\/56\/2023\/01\/sy_eduskuntavaaliohjelma_2023.pdf\">Vaaliohjelma: Nostetaan rimaa! (pdf)<\/a><\/li>\n<\/ul>\n<\/div>\n\n\n\n<div class=\"wp-block-column is-layout-flow wp-block-column-is-layout-flow\" style=\"flex-basis:33.33%\">\n<figure class=\"wp-block-image size-large\"><img loading=\"lazy\" decoding=\"async\" width=\"1024\" height=\"683\" src=\"https:\/\/me.yrittajat.fi\/vaalit\/app\/uploads\/sites\/56\/2023\/02\/nostetaan-rimaa_750x500_sosiaaliturvaohjelma-1024x683.jpg\" alt=\"Sosiaaliturvaohjelma: Kun yritt\u00e4j\u00e4\u00e4n sattuu\" class=\"wp-image-630\" srcset=\"https:\/\/me.yrittajat.fi\/app\/uploads\/sites\/56\/2023\/02\/nostetaan-rimaa_750x500_sosiaaliturvaohjelma-1024x683.jpg 1024w, https:\/\/me.yrittajat.fi\/app\/uploads\/sites\/56\/2023\/02\/nostetaan-rimaa_750x500_sosiaaliturvaohjelma-300x200.jpg 300w, https:\/\/me.yrittajat.fi\/app\/uploads\/sites\/56\/2023\/02\/nostetaan-rimaa_750x500_sosiaaliturvaohjelma-768x512.jpg 768w, https:\/\/me.yrittajat.fi\/app\/uploads\/sites\/56\/2023\/02\/nostetaan-rimaa_750x500_sosiaaliturvaohjelma-1536x1024.jpg 1536w, https:\/\/me.yrittajat.fi\/app\/uploads\/sites\/56\/2023\/02\/nostetaan-rimaa_750x500_sosiaaliturvaohjelma-2048x1365.jpg 2048w, https:\/\/me.yrittajat.fi\/app\/uploads\/sites\/56\/2023\/02\/nostetaan-rimaa_750x500_sosiaaliturvaohjelma-668x445.jpg 668w\" sizes=\"auto, (max-width: 1024px) 100vw, 1024px\" \/><\/figure>\n\n\n\n<p><strong>Ohjelma yritt\u00e4j\u00e4n sosiaaliturvan parantamiseksi<\/strong><\/p>\n\n\n\n<p>Yritt\u00e4j\u00e4n el\u00e4kelaki (YEL) on uudistettava. Uudistamisen tavoitteena tulisi olla yritt\u00e4j\u00e4n sosiaaliturvan ja YEL-j\u00e4rjestelm\u00e4\u00e4 kohtaan kokeman luottamuksen parantaminen sek\u00e4 joustavuuden ja yritt\u00e4j\u00e4n vapauden lis\u00e4\u00e4minen.<\/p>\n\n\n\n<ul class=\"wp-block-list\">\n<li><a href=\"https:\/\/www.yrittajat.fi\/app\/uploads\/public\/2023\/02\/yrittajien-ratkaisuja-tuleville-paattajille_5.pdf?_ga=2.215972754.485615817.1677477778-1411637108.1677221789\">Ohjelma yritt\u00e4j\u00e4n sosiaaliturvan parantamiseksi (pdf)<\/a><\/li>\n<\/ul>\n<\/div>\n\n\n\n<div class=\"wp-block-column is-layout-flow wp-block-column-is-layout-flow\" style=\"flex-basis:33.33%\">\n<figure class=\"wp-block-image size-large\"><img loading=\"lazy\" decoding=\"async\" width=\"1024\" height=\"683\" src=\"https:\/\/me.yrittajat.fi\/vaalit\/app\/uploads\/sites\/56\/2023\/01\/kasvuohjelma_750x500px-1024x683.jpg\" alt=\"\" class=\"wp-image-445\" srcset=\"https:\/\/me.yrittajat.fi\/app\/uploads\/sites\/56\/2023\/01\/kasvuohjelma_750x500px-1024x683.jpg 1024w, https:\/\/me.yrittajat.fi\/app\/uploads\/sites\/56\/2023\/01\/kasvuohjelma_750x500px-300x200.jpg 300w, https:\/\/me.yrittajat.fi\/app\/uploads\/sites\/56\/2023\/01\/kasvuohjelma_750x500px-768x512.jpg 768w, https:\/\/me.yrittajat.fi\/app\/uploads\/sites\/56\/2023\/01\/kasvuohjelma_750x500px-1536x1024.jpg 1536w, https:\/\/me.yrittajat.fi\/app\/uploads\/sites\/56\/2023\/01\/kasvuohjelma_750x500px-2048x1365.jpg 2048w, https:\/\/me.yrittajat.fi\/app\/uploads\/sites\/56\/2023\/01\/kasvuohjelma_750x500px-668x445.jpg 668w\" sizes=\"auto, (max-width: 1024px) 100vw, 1024px\" \/><\/figure>\n\n\n\n<p><strong>Yritt\u00e4jien kasvuohjelma<\/strong><\/p>\n\n\n\n<p>Suomen kasvu syntyy suomalaisten yritysten kasvusta. Kasvaakseen yritt\u00e4j\u00e4 tarvitsee vakaan ja kilpailukykyisen verotuksen, osaavaa ty\u00f6voimaa ja v\u00e4h\u00e4n byrokratiaa. Julkisen talouden on oltava kunnossa.<\/p>\n\n\n\n<ul class=\"wp-block-list\">\n<li><a href=\"https:\/\/me.yrittajat.fi\/app\/uploads\/sites\/56\/2022\/12\/yrittajien-ratkaisuja-tuleville-paattajille.pdf\">Yritt\u00e4jien kasvuohjelma (pdf)<\/a><\/li>\n<\/ul>\n<\/div>\n<\/div>\n\n\n\n<div class=\"wp-block-columns is-layout-flex wp-container-core-columns-is-layout-2 wp-block-columns-is-layout-flex\">\n<div class=\"wp-block-column is-layout-flow wp-block-column-is-layout-flow\" style=\"flex-basis:33.34%\">\n<figure class=\"wp-block-image size-large\"><img loading=\"lazy\" decoding=\"async\" width=\"1024\" height=\"683\" src=\"https:\/\/me.yrittajat.fi\/vaalit\/app\/uploads\/sites\/56\/2023\/01\/tyomarkkinaohjelma_750x500px-1024x683.jpg\" alt=\"\" class=\"wp-image-446\" srcset=\"https:\/\/me.yrittajat.fi\/app\/uploads\/sites\/56\/2023\/01\/tyomarkkinaohjelma_750x500px-1024x683.jpg 1024w, https:\/\/me.yrittajat.fi\/app\/uploads\/sites\/56\/2023\/01\/tyomarkkinaohjelma_750x500px-300x200.jpg 300w, https:\/\/me.yrittajat.fi\/app\/uploads\/sites\/56\/2023\/01\/tyomarkkinaohjelma_750x500px-768x512.jpg 768w, https:\/\/me.yrittajat.fi\/app\/uploads\/sites\/56\/2023\/01\/tyomarkkinaohjelma_750x500px-1536x1024.jpg 1536w, https:\/\/me.yrittajat.fi\/app\/uploads\/sites\/56\/2023\/01\/tyomarkkinaohjelma_750x500px-2048x1365.jpg 2048w, https:\/\/me.yrittajat.fi\/app\/uploads\/sites\/56\/2023\/01\/tyomarkkinaohjelma_750x500px-668x445.jpg 668w\" sizes=\"auto, (max-width: 1024px) 100vw, 1024px\" \/><\/figure>\n\n\n\n<p><strong>Yritt\u00e4jien ty\u00f6markkinoiden uudistusohjelma<\/strong><\/p>\n\n\n\n<p>Pieniss\u00e4 yrityksiss\u00e4 luottamuksellisuus, avoimuus ja tasapuolinen kohtelu toteutuvat parhaiten. T\u00e4m\u00e4n vahvistaa muun muassa vuosittain Ty\u00f6olobarometri. Ty\u00f6markkinamme ovat silti j\u00e4yk\u00e4t ja ty\u00f6llist\u00e4misen kynnys on edelleen liian korkealla.<\/p>\n\n\n\n<ul class=\"wp-block-list\">\n<li><a href=\"https:\/\/me.yrittajat.fi\/app\/uploads\/sites\/56\/2022\/12\/yrittajien-ratkaisuja-tuleville-paattajille_2.pdf\">Yritt\u00e4jien ty\u00f6markkinaohjelma (pdf)<\/a><\/li>\n<\/ul>\n<\/div>\n\n\n\n<div class=\"wp-block-column is-layout-flow wp-block-column-is-layout-flow\" style=\"flex-basis:33.34%\">\n<figure class=\"wp-block-image size-full\"><img loading=\"lazy\" decoding=\"async\" width=\"750\" height=\"500\" src=\"https:\/\/me.yrittajat.fi\/vaalit\/app\/uploads\/sites\/56\/2023\/01\/kilpailuohjelma.jpg\" alt=\"\" class=\"wp-image-407\" srcset=\"https:\/\/me.yrittajat.fi\/app\/uploads\/sites\/56\/2023\/01\/kilpailuohjelma.jpg 750w, https:\/\/me.yrittajat.fi\/app\/uploads\/sites\/56\/2023\/01\/kilpailuohjelma-300x200.jpg 300w, https:\/\/me.yrittajat.fi\/app\/uploads\/sites\/56\/2023\/01\/kilpailuohjelma-668x445.jpg 668w\" sizes=\"auto, (max-width: 750px) 100vw, 750px\" \/><\/figure>\n\n\n\n<p><strong>Reilun kilpailun ja sujuvan yritt\u00e4jyyden uudistamisohjelma<\/strong><\/p>\n\n\n\n<p>Avataan julkisen sektorin ostot reilulle kilpailulle. Esimerkiksi julkiset hankinnat on toteutettava siten, ett\u00e4 pk-yritykset p\u00e4\u00e4sev\u00e4t tasapuolisesti muiden tarjoajien kanssa osallistumaan tarjouskilpailuihin. Lis\u00e4ksi yritysten byrokratiassa on&nbsp;edelleen karsimisen varaa. Esimerkiksi pienimm\u00e4t mikroyritykset tulisi j\u00e4tt\u00e4\u00e4 hallinnollisen velvoitteen ulkopuolelle, jos se on peruste.<\/p>\n\n\n\n<ul class=\"wp-block-list\">\n<li><a href=\"https:\/\/me.yrittajat.fi\/app\/uploads\/sites\/56\/2023\/01\/yrittajien-ratkaisuja-tuleville-paattajille.pdf\">Yritt\u00e4jien kilpailuohjelma (pdf)<\/a><\/li>\n<\/ul>\n<\/div>\n\n\n\n<div class=\"wp-block-column is-layout-flow wp-block-column-is-layout-flow\" style=\"flex-basis:33.33%\">\n<figure class=\"wp-block-image size-large\"><img loading=\"lazy\" decoding=\"async\" width=\"1024\" height=\"683\" src=\"https:\/\/me.yrittajat.fi\/vaalit\/app\/uploads\/sites\/56\/2023\/01\/nostetaan-rimaa_750x500_sote-ohjelma-1024x683.jpg\" alt=\"\" class=\"wp-image-450\" srcset=\"https:\/\/me.yrittajat.fi\/app\/uploads\/sites\/56\/2023\/01\/nostetaan-rimaa_750x500_sote-ohjelma-1024x683.jpg 1024w, https:\/\/me.yrittajat.fi\/app\/uploads\/sites\/56\/2023\/01\/nostetaan-rimaa_750x500_sote-ohjelma-300x200.jpg 300w, https:\/\/me.yrittajat.fi\/app\/uploads\/sites\/56\/2023\/01\/nostetaan-rimaa_750x500_sote-ohjelma-768x512.jpg 768w, https:\/\/me.yrittajat.fi\/app\/uploads\/sites\/56\/2023\/01\/nostetaan-rimaa_750x500_sote-ohjelma-1536x1024.jpg 1536w, https:\/\/me.yrittajat.fi\/app\/uploads\/sites\/56\/2023\/01\/nostetaan-rimaa_750x500_sote-ohjelma-668x445.jpg 668w, https:\/\/me.yrittajat.fi\/app\/uploads\/sites\/56\/2023\/01\/nostetaan-rimaa_750x500_sote-ohjelma.jpg 1563w\" sizes=\"auto, (max-width: 1024px) 100vw, 1024px\" \/><\/figure>\n\n\n\n<p><strong>Nostetaan rimaa sotessa \u2013 kaikille samat s\u00e4\u00e4nn\u00f6t<\/strong><\/p>\n\n\n\n<p>Sosiaali- ja terveyspalveluissa my\u00f6s yksityisen sektorin osaaminen ja resurssit on otettava tehokkaaseen k\u00e4ytt\u00f6\u00f6n suomalaisten palvelemiseksi. T\u00e4ss\u00e4 hyvinvointialueelle keinoja ovat ostopalvelut, palvelusetelit ja kumppanuudet.<\/p>\n\n\n\n<ul class=\"wp-block-list\">\n<li><a href=\"https:\/\/me.yrittajat.fi\/app\/uploads\/sites\/56\/2023\/01\/yrittajien-ratkaisuja-tuleville-paattajille_4.pdf\">Yritt\u00e4jien sote-ohjelma (pdf)<\/a><\/li>\n<\/ul>\n<\/div>\n<\/div>\n\n\n\n<div class=\"wp-block-columns is-layout-flex wp-container-core-columns-is-layout-3 wp-block-columns-is-layout-flex\">\n<div class=\"wp-block-column is-layout-flow wp-block-column-is-layout-flow\">\n<figure class=\"wp-block-image size-large\"><img loading=\"lazy\" decoding=\"async\" width=\"1024\" height=\"683\" src=\"https:\/\/me.yrittajat.fi\/vaalit\/app\/uploads\/sites\/56\/2023\/02\/ekkuva1-1024x683.jpg\" alt=\"Elinkeinoel\u00e4m\u00e4n yhteiset tavoitteet\" class=\"wp-image-530\" srcset=\"https:\/\/me.yrittajat.fi\/app\/uploads\/sites\/56\/2023\/02\/ekkuva1-1024x683.jpg 1024w, https:\/\/me.yrittajat.fi\/app\/uploads\/sites\/56\/2023\/02\/ekkuva1-300x200.jpg 300w, https:\/\/me.yrittajat.fi\/app\/uploads\/sites\/56\/2023\/02\/ekkuva1-768x512.jpg 768w, https:\/\/me.yrittajat.fi\/app\/uploads\/sites\/56\/2023\/02\/ekkuva1-1536x1024.jpg 1536w, https:\/\/me.yrittajat.fi\/app\/uploads\/sites\/56\/2023\/02\/ekkuva1-2048x1365.jpg 2048w, https:\/\/me.yrittajat.fi\/app\/uploads\/sites\/56\/2023\/02\/ekkuva1-668x445.jpg 668w\" sizes=\"auto, (max-width: 1024px) 100vw, 1024px\" \/><\/figure>\n\n\n\n<p><strong>Elinkeinoel\u00e4m\u00e4n ohjelma<\/strong><\/p>\n\n\n\n<p>Kilpailukykyinen verotus on varmistettava, velkaantuminen on taitettava ja Suomeen on luotava lis\u00e4\u00e4 ty\u00f6t\u00e4, vaativat Suomen Yritt\u00e4j\u00e4t, Elinkeinoel\u00e4m\u00e4n keskusliitto EK, Keskuskauppakamari ja Perheyritysten liitto. Suomen tilanne on niin vakava, ett\u00e4 j\u00e4rjest\u00f6t ovat poikkeuksellisesti julkistaneet my\u00f6s yhteiset tavoitteet hallituskaudelle.<\/p>\n\n\n\n<ul class=\"wp-block-list\">\n<li><a href=\"https:\/\/www.yrittajat.fi\/app\/uploads\/public\/2023\/02\/elinkeinoelaman-hallitusohjelmatavoitteet-2023.pdf?_ga=2.47144738.485615817.1677477778-1411637108.1677221789\">Elinkeinoel\u00e4m\u00e4n hallitusohjelmatavoitteet (pdf)<\/a><\/li>\n<\/ul>\n<\/div>\n\n\n\n<div class=\"wp-block-column is-layout-flow wp-block-column-is-layout-flow\"><\/div>\n\n\n\n<div class=\"wp-block-column is-layout-flow wp-block-column-is-layout-flow\"><\/div>\n<\/div>\n","protected":false},"excerpt":{"rendered":"<p>Yritt\u00e4jien laaja vaaliohjelma: Nostetaan rimaa Suomen kasvu syntyy suomalaisten yritysten kasvun kautta. Kasvaakseen yritt\u00e4j\u00e4 tarvitsee vakaan ja kilpailukykyisen verotuksen, osaavaa ty\u00f6voimaa ja v\u00e4h\u00e4n byrokratiaa. Ohjelma yritt\u00e4j\u00e4n sosiaaliturvan parantamiseksi Yritt\u00e4j\u00e4n el\u00e4kelaki (YEL) on uudistettava. Uudistamisen tavoitteena tulisi olla yritt\u00e4j\u00e4n sosiaaliturvan ja YEL-j\u00e4rjestelm\u00e4\u00e4 kohtaan kokeman luottamuksen parantaminen sek\u00e4 joustavuuden ja yritt\u00e4j\u00e4n vapauden lis\u00e4\u00e4minen. Yritt\u00e4jien kasvuohjelma Suomen kasvu &hellip; <a href=\"https:\/\/me.yrittajat.fi\/vaalit\/etusivu\/yrittajien-teemaohjelmat\/\">Continued<\/a><\/p>\n","protected":false},"author":59,"featured_media":0,"parent":3,"menu_order":0,"comment_status":"closed","ping_status":"closed","template":"","meta":{"_acf_changed":false,"footnotes":""},"class_list":["post-549","page","type-page","status-publish","hentry"],"acf":[],"_links":{"self":[{"href":"https:\/\/me.yrittajat.fi\/vaalit\/wp-json\/wp\/v2\/pages\/549","targetHints":{"allow":["GET"]}}],"collection":[{"href":"https:\/\/me.yrittajat.fi\/vaalit\/wp-json\/wp\/v2\/pages"}],"about":[{"href":"https:\/\/me.yrittajat.fi\/vaalit\/wp-json\/wp\/v2\/types\/page"}],"author":[{"embeddable":true,"href":"https:\/\/me.yrittajat.fi\/vaalit\/wp-json\/wp\/v2\/users\/59"}],"replies":[{"embeddable":true,"href":"https:\/\/me.yrittajat.fi\/vaalit\/wp-json\/wp\/v2\/comments?post=549"}],"version-history":[{"count":4,"href":"https:\/\/me.yrittajat.fi\/vaalit\/wp-json\/wp\/v2\/pages\/549\/revisions"}],"predecessor-version":[{"id":961,"href":"https:\/\/me.yrittajat.fi\/vaalit\/wp-json\/wp\/v2\/pages\/549\/revisions\/961"}],"up":[{"embeddable":true,"href":"https:\/\/me.yrittajat.fi\/vaalit\/wp-json\/wp\/v2\/pages\/3"}],"wp:attachment":[{"href":"https:\/\/me.yrittajat.fi\/vaalit\/wp-json\/wp\/v2\/media?parent=549"}],"curies":[{"name":"wp","href":"https:\/\/api.w.org\/{rel}","templated":true}]}}