{"id":1160,"date":"2025-04-16T09:50:08","date_gmt":"2025-04-16T06:50:08","guid":{"rendered":"https:\/\/me.yrittajat.fi\/vastuu-kannattaa\/?page_id=1160"},"modified":"2025-04-16T09:55:54","modified_gmt":"2025-04-16T06:55:54","slug":"vastuullinen-yritystoiminta-pohjois-karjalassa-hanke-kartoitti-yrittajien-nakemyksia-vastuullisuudesta-osana-pohjois-karjalan-yrittajien-taloustilannetta-koskevaa-kyselya-9-4-13-4-2025","status":"publish","type":"page","link":"https:\/\/me.yrittajat.fi\/vastuu-kannattaa\/vastuullinen-yritystoiminta-pohjois-karjalassa-hanke-kartoitti-yrittajien-nakemyksia-vastuullisuudesta-osana-pohjois-karjalan-yrittajien-taloustilannetta-koskevaa-kyselya-9-4-13-4-2025\/","title":{"rendered":"Vastuullinen yritystoiminta Pohjois-Karjalassa -hanke kartoitti yritt\u00e4jien n\u00e4kemyksi\u00e4 vastuullisuudesta osana Pohjois-Karjalan Yritt\u00e4jien taloustilannetta koskevaa kysely\u00e4 9.4.\u201313.4.2025."},"content":{"rendered":"\n<p><strong>Pohjois-Karjalan Yritt\u00e4j\u00e4t selvitti pk-yritysten taloustilannetta Pohjois-Karjalassa<\/strong><\/p>\n\n\n\n<p>Kyselyss\u00e4 haettiin my\u00f6s n\u00e4kemyksi\u00e4 yritysten vastuullisuusty\u00f6n tilanteesta.<\/p>\n\n\n\n<p>Yli 60 % vastanneista ilmoitti, ettei talouden ep\u00e4varmuus tai Ven\u00e4j\u00e4n rajan sulkeutuminen ole vaikuttanut yrityksen vastuullisuustavoitteisiin merkitt\u00e4v\u00e4sti. Tulosten mukaan alle 15 % vastaajayrityksist\u00e4 ei ole asettanut lainkaan vastuullisuustavoitteita yritystoiminnassaan.<\/p>\n\n\n\n<p>Kymmenen prosenttia yrityksist\u00e4 kertoi ottaneensa k\u00e4ytt\u00f6\u00f6n uusia vastuullisia toimintatapoja tai tuotteita nimenomaan taloudellisten vaikeuksien vuoksi. Esimerkkein\u00e4 mainittiin energian ja s\u00e4hk\u00f6n s\u00e4\u00e4st\u00f6toimet, hiilijalanj\u00e4ljen seuranta ja v\u00e4hent\u00e4minen sek\u00e4 kierr\u00e4tyksen tehostaminen. Lis\u00e4ksi yritykset painottivat vastuullisuuskoulutuksen t\u00e4rkeytt\u00e4 omistajille ja henkil\u00f6st\u00f6lle taloudellisesti haastavina aikoina. Vapaaehtoisen vastuullisuusselonteon tekeminen n\u00e4htiin my\u00f6s hy\u00f6dyllisen\u00e4 talouden ep\u00e4varmuuden aikana.<\/p>\n\n\n\n<p>Lis\u00e4ksi l\u00e4hes kolmannes (vajaa 30 %) vastaajista kertoi harkitsevansa vakavasti vastuullisuustoimintojen tehostamista, mik\u00e4 korostaa vastuullisen liiketoiminnan merkityksen kasvua vaikeissakin taloustilanteissa.<\/p>\n\n\n\n<p><a href=\"https:\/\/www.yrittajat.fi\/uutiset\/yritysten-taloustilanne-pohjois-karjalassa\/\">Lue tiedote t\u00e4st\u00e4<\/a><\/p>\n\n\n\n<p>&#8212;&#8212;&#8212;&#8212;&#8212;&#8212;&#8212;&#8212;&#8212;&#8212;&#8212;&#8212;&#8212;&#8212;-<br>Kirjoittanut<br><em><strong>Gy\u00f6ngyi M\u00e1tray<\/strong>\u00a0<br>Projektip\u00e4\u00e4llikk\u00f6\u00a0<br><strong>Vastuullinen yritystoiminta Pohjois-Karjalassa \u2013 kehitt\u00e4misohjelma<\/strong>\u00a0<\/em><\/p>\n","protected":false},"excerpt":{"rendered":"<p>Pohjois-Karjalan Yritt\u00e4j\u00e4t selvitti pk-yritysten taloustilannetta Pohjois-Karjalassa Kyselyss\u00e4 haettiin my\u00f6s n\u00e4kemyksi\u00e4 yritysten vastuullisuusty\u00f6n tilanteesta. Yli 60 % vastanneista ilmoitti, ettei talouden ep\u00e4varmuus tai Ven\u00e4j\u00e4n rajan sulkeutuminen ole vaikuttanut yrityksen vastuullisuustavoitteisiin merkitt\u00e4v\u00e4sti. Tulosten mukaan alle 15 % vastaajayrityksist\u00e4 ei ole asettanut lainkaan vastuullisuustavoitteita yritystoiminnassaan. Kymmenen prosenttia yrityksist\u00e4 kertoi ottaneensa k\u00e4ytt\u00f6\u00f6n uusia vastuullisia toimintatapoja tai tuotteita nimenomaan taloudellisten &hellip; <a href=\"https:\/\/me.yrittajat.fi\/vastuu-kannattaa\/vastuullinen-yritystoiminta-pohjois-karjalassa-hanke-kartoitti-yrittajien-nakemyksia-vastuullisuudesta-osana-pohjois-karjalan-yrittajien-taloustilannetta-koskevaa-kyselya-9-4-13-4-2025\/\">Lue lis\u00e4\u00e4<\/a><\/p>\n","protected":false},"author":72,"featured_media":1159,"parent":0,"menu_order":0,"comment_status":"closed","ping_status":"closed","template":"","meta":{"_acf_changed":false,"footnotes":""},"class_list":["post-1160","page","type-page","status-publish","has-post-thumbnail","hentry"],"acf":[],"_links":{"self":[{"href":"https:\/\/me.yrittajat.fi\/vastuu-kannattaa\/wp-json\/wp\/v2\/pages\/1160","targetHints":{"allow":["GET"]}}],"collection":[{"href":"https:\/\/me.yrittajat.fi\/vastuu-kannattaa\/wp-json\/wp\/v2\/pages"}],"about":[{"href":"https:\/\/me.yrittajat.fi\/vastuu-kannattaa\/wp-json\/wp\/v2\/types\/page"}],"author":[{"embeddable":true,"href":"https:\/\/me.yrittajat.fi\/vastuu-kannattaa\/wp-json\/wp\/v2\/users\/72"}],"replies":[{"embeddable":true,"href":"https:\/\/me.yrittajat.fi\/vastuu-kannattaa\/wp-json\/wp\/v2\/comments?post=1160"}],"version-history":[{"count":4,"href":"https:\/\/me.yrittajat.fi\/vastuu-kannattaa\/wp-json\/wp\/v2\/pages\/1160\/revisions"}],"predecessor-version":[{"id":1170,"href":"https:\/\/me.yrittajat.fi\/vastuu-kannattaa\/wp-json\/wp\/v2\/pages\/1160\/revisions\/1170"}],"wp:featuredmedia":[{"embeddable":true,"href":"https:\/\/me.yrittajat.fi\/vastuu-kannattaa\/wp-json\/wp\/v2\/media\/1159"}],"wp:attachment":[{"href":"https:\/\/me.yrittajat.fi\/vastuu-kannattaa\/wp-json\/wp\/v2\/media?parent=1160"}],"curies":[{"name":"wp","href":"https:\/\/api.w.org\/{rel}","templated":true}]}}