{"id":1222,"date":"2025-06-05T10:19:11","date_gmt":"2025-06-05T07:19:11","guid":{"rendered":"https:\/\/me.yrittajat.fi\/vastuu-kannattaa\/?page_id=1222"},"modified":"2025-06-05T11:32:40","modified_gmt":"2025-06-05T08:32:40","slug":"kaikkea-ei-tarvitse-tehda-yksin","status":"publish","type":"page","link":"https:\/\/me.yrittajat.fi\/vastuu-kannattaa\/kaikkea-ei-tarvitse-tehda-yksin\/","title":{"rendered":"Kaikkea ei tarvitse tehd\u00e4 yksin"},"content":{"rendered":"\n<p><strong>Kaikkea ei tarvitse tehd\u00e4 yksin<\/strong><br><br>Yhteisty\u00f6ss\u00e4 on voimaa my\u00f6s ilmastoty\u00f6n saralla. Vaikuttavaa ilmastoty\u00f6t\u00e4 tehd\u00e4\u00e4n harvoin yksin, vaan useimmiten yrityksen ilmastoty\u00f6 vaatii kumppaneita niin ideointiin, suunnitteluun kuin toteutukseen \u2013 usein my\u00f6s saavutuksista viestint\u00e4\u00e4n.<\/p>\n\n\n\n<p>Yhteisty\u00f6n voimasta kest\u00e4v\u00e4mpien toimintatapojen luomisessa l\u00f6ytyy Joensuusta paljon hyvi\u00e4 esimerkkej\u00e4. Yksi ilmastoty\u00f6st\u00e4 kiinnostuneita yrityksi\u00e4 yhteen kokoava alusta on Joensuun ilmastokumppanuusverkosto. T\u00e4n\u00e4 vuonna 10 vuotta t\u00e4ytt\u00e4v\u00e4\u00e4n verkostoon on vuosikymmenen aikana liittynyt mukaan l\u00e4hes 70 yrityst\u00e4 ja yhteis\u00f6\u00e4. Verkosto tarjoaa j\u00e4senilleen ty\u00f6kaluja ja tietoja v\u00e4h\u00e4hiilisen toiminnan ja p\u00e4\u00e4st\u00f6jen v\u00e4hent\u00e4misen tueksi. Yhten\u00e4 verkoston suurimmista hy\u00f6dyist\u00e4 sen j\u00e4senet pit\u00e4v\u00e4t kuitenkin mahdollisuutta verkostoitua ja jakaa kokemuksia kest\u00e4vyysty\u00f6st\u00e4 muiden aiheesta kiinnostuneiden kanssa s\u00e4\u00e4nn\u00f6llisiss\u00e4 kumppanuustapaamisissa.<\/p>\n\n\n\n<p><strong>Kumppani kest\u00e4vyysty\u00f6h\u00f6n l\u00f6ytyy usein l\u00e4helt\u00e4<\/strong><\/p>\n\n\n\n<p>Ilmastokumppaniyritysten v\u00e4lisest\u00e4 yhteisty\u00f6st\u00e4 kest\u00e4vyysty\u00f6n saralla on viime aikoina kantautunut korviimme monia ilahduttavia esimerkkej\u00e4. Vaikka n\u00e4m\u00e4 esimerkit ovat varmasti vain pintaraapaisu, ne osoittavat, kuinka moninaisia muotoja yhteisty\u00f6 kest\u00e4vyysteemoissa voi ottaa ja kuinka monenlaista osaamista alueemme yrityksist\u00e4 l\u00f6ytyy.<\/p>\n\n\n\n<ul class=\"wp-block-list\">\n<li>Huoneistohotelli Lietsu oli ensimm\u00e4ist\u00e4 vastuullisuusraporttia laatiessaan hy\u00f6dynt\u00e4nyt Cordial Communicationsin vastuullisuusviestinn\u00e4n osaamista sis\u00e4lt\u00f6jen kehitt\u00e4miseen.<\/li>\n\n\n\n<li>Pyh\u00e4sel\u00e4n Oma Osuuskunta oli kest\u00e4vien asumisen ratkaisuja kehitt\u00e4ess\u00e4\u00e4n ottanut rakennuttamassaan taloyhti\u00f6ss\u00e4 k\u00e4ytt\u00f6\u00f6n vertaisvuokraamo Circutuksen sis\u00e4piiripalvelun, jonka kautta taloyhti\u00f6n asukkaat jakavat helposti tavaroitaan kesken\u00e4\u00e4n.<\/li>\n\n\n\n<li>Hotelli GreenStarilla ymp\u00e4rist\u00f6n huomioiminen remonttia toteutettaessa oli sujunut helposti ja luontevasti, kun tahtotila kest\u00e4vien ratkaisujen etsimiseen oli yhteinen hotellin vuokranantajana toimiva Korhonen Yhti\u00f6t Oy:n kanssa. Remontin yhteydess\u00e4 pystyttiin mm. v\u00e4ltt\u00e4m\u00e4\u00e4n uusia hankintoja l\u00e4hett\u00e4m\u00e4ll\u00e4 hotellin kalusteita tehtaalle uudistettavaksi.<\/li>\n\n\n\n<li>Pohjois-Karjalan Osuuskauppa on jo parissa rakennusprojektissaan, uusimpana juuri avatun Repokallion S-marketin pihan rakentamisessa, hy\u00f6dynt\u00e4nyt Carbonaiden v\u00e4h\u00e4hiilist\u00e4 betonia rakentamisen p\u00e4\u00e4st\u00f6jen pienent\u00e4miseksi.<\/li>\n<\/ul>\n\n\n\n<p><strong>Oppilaitosyhteisty\u00f6ll\u00e4 liikkeelle ilmastoty\u00f6ss\u00e4<\/strong><\/p>\n\n\n\n<p>Ilmastoty\u00f6t\u00e4\u00e4n vasta k\u00e4ynnistelev\u00e4lle yritykselle yksi ensimm\u00e4isist\u00e4 askelista v\u00e4h\u00e4hiilisemm\u00e4n liiketoiminnan polulla on usein toiminnan nykyisten p\u00e4\u00e4st\u00f6jen kartoitus. T\u00e4h\u00e4nkin monet alueemme yritykset ovat saaneet apua yhteisty\u00f6st\u00e4: hiilijalanj\u00e4lkilaskelmia on jo useampana vuonna syntynyt oppilaitosyhteisty\u00f6n\u00e4 Karelia-ammattikorkeakoulun energia- ja ymp\u00e4rist\u00f6tekniikan opiskelijoiden kanssa. Yritykset ovat yhteisty\u00f6n kautta saaneet maksutta k\u00e4ytt\u00f6\u00f6ns\u00e4 kattavan, kansainv\u00e4liseen kasvihuonekaasuprotokollaan perustuvan selvityksen hiilijalanj\u00e4ljest\u00e4\u00e4n. Opiskelijoille laskennat taas ovat tarjonneet mahdollisuuden kartuttaa arvokasta ty\u00f6el\u00e4m\u00e4yhteisty\u00f6kokemusta kurssity\u00f6n suorittamisen yhteydess\u00e4. Hiilijalanj\u00e4lkilaskelmia ja muita yritysten kest\u00e4vyysty\u00f6h\u00f6n liittyvi\u00e4 laajempia selvityksi\u00e4 on laadittu my\u00f6s opinn\u00e4ytet\u00f6in\u00e4.<\/p>\n\n\n\n<p>Jos ilmastokumppanusverkostoon liittyminen tai oppilaitosyhteisty\u00f6 hiilijalanj\u00e4ljen selvitt\u00e4misess\u00e4 kiinnostaa, kannattaa laittaa s\u00e4hk\u00f6postia Climate Joensuun tiimille osoitteeseen: <a href=\"mailto:climate@joensuu.fi\" target=\"_blank\" rel=\"noreferrer noopener\">climate@joensuu.fi<\/a>. Ilmastokumppanuusverkostoon liittymiselle edellytys on, ett\u00e4 yrityksell\u00e4 on toimipiste Joensuussa.<\/p>\n\n\n\n<p>Lis\u00e4\u00e4 tietoa sek\u00e4 ilmastokumppanuusverkostosta ett\u00e4 aiemmin toteutetuista hiilijalanj\u00e4lkilaskennoista l\u00f6ytyy Climate Joensuun nettisivuilta osoitteesta <a href=\"https:\/\/climatejoensuu.fi\/\">climatejoensuu.fi<\/a><br><br>Kirjoittanut:<br>Opri Orenius<br>Ilmastosuunnittelija <br>Ilmastokaupunki Joensuu 2025\u00a0-hankke<br><br><em>Ilmastokaupunki Joensuu 2025 -hanke on k\u00e4ynniss\u00e4 1.2.2023-31.8.2025. Hanketta rahoittavat Euroopan aluekehitysrahasto ja Joensuun kaupunki.<\/em>\u00a0<\/p>\n","protected":false},"excerpt":{"rendered":"<p>Kaikkea ei tarvitse tehd\u00e4 yksin Yhteisty\u00f6ss\u00e4 on voimaa my\u00f6s ilmastoty\u00f6n saralla. Vaikuttavaa ilmastoty\u00f6t\u00e4 tehd\u00e4\u00e4n harvoin yksin, vaan useimmiten yrityksen ilmastoty\u00f6 vaatii kumppaneita niin ideointiin, suunnitteluun kuin toteutukseen \u2013 usein my\u00f6s saavutuksista viestint\u00e4\u00e4n. Yhteisty\u00f6n voimasta kest\u00e4v\u00e4mpien toimintatapojen luomisessa l\u00f6ytyy Joensuusta paljon hyvi\u00e4 esimerkkej\u00e4. Yksi ilmastoty\u00f6st\u00e4 kiinnostuneita yrityksi\u00e4 yhteen kokoava alusta on Joensuun ilmastokumppanuusverkosto. T\u00e4n\u00e4 vuonna 10 &hellip; <a href=\"https:\/\/me.yrittajat.fi\/vastuu-kannattaa\/kaikkea-ei-tarvitse-tehda-yksin\/\">Lue lis\u00e4\u00e4<\/a><\/p>\n","protected":false},"author":72,"featured_media":1233,"parent":0,"menu_order":0,"comment_status":"closed","ping_status":"closed","template":"","meta":{"_acf_changed":false,"footnotes":""},"class_list":["post-1222","page","type-page","status-publish","has-post-thumbnail","hentry"],"acf":[],"_links":{"self":[{"href":"https:\/\/me.yrittajat.fi\/vastuu-kannattaa\/wp-json\/wp\/v2\/pages\/1222","targetHints":{"allow":["GET"]}}],"collection":[{"href":"https:\/\/me.yrittajat.fi\/vastuu-kannattaa\/wp-json\/wp\/v2\/pages"}],"about":[{"href":"https:\/\/me.yrittajat.fi\/vastuu-kannattaa\/wp-json\/wp\/v2\/types\/page"}],"author":[{"embeddable":true,"href":"https:\/\/me.yrittajat.fi\/vastuu-kannattaa\/wp-json\/wp\/v2\/users\/72"}],"replies":[{"embeddable":true,"href":"https:\/\/me.yrittajat.fi\/vastuu-kannattaa\/wp-json\/wp\/v2\/comments?post=1222"}],"version-history":[{"count":5,"href":"https:\/\/me.yrittajat.fi\/vastuu-kannattaa\/wp-json\/wp\/v2\/pages\/1222\/revisions"}],"predecessor-version":[{"id":1232,"href":"https:\/\/me.yrittajat.fi\/vastuu-kannattaa\/wp-json\/wp\/v2\/pages\/1222\/revisions\/1232"}],"wp:featuredmedia":[{"embeddable":true,"href":"https:\/\/me.yrittajat.fi\/vastuu-kannattaa\/wp-json\/wp\/v2\/media\/1233"}],"wp:attachment":[{"href":"https:\/\/me.yrittajat.fi\/vastuu-kannattaa\/wp-json\/wp\/v2\/media?parent=1222"}],"curies":[{"name":"wp","href":"https:\/\/api.w.org\/{rel}","templated":true}]}}