{"id":1319,"date":"2025-06-26T11:29:39","date_gmt":"2025-06-26T08:29:39","guid":{"rendered":"https:\/\/me.yrittajat.fi\/vastuu-kannattaa\/?page_id=1319"},"modified":"2025-06-30T09:39:49","modified_gmt":"2025-06-30T06:39:49","slug":"materiaalit-opiskeluun","status":"publish","type":"page","link":"https:\/\/me.yrittajat.fi\/vastuu-kannattaa\/materiaalit-opiskeluun\/","title":{"rendered":"Materiaalit opiskeluun"},"content":{"rendered":"\n<p><strong>Tervetuloa \u201cSosiaalisen vastuun edist\u00e4j\u00e4 Pohjois-Karjala\u201d -osaamismerkin opintosivuille.<\/strong>&nbsp;<\/p>\n\n\n\n<p>Ansaittaaksesi osaamismerkin pyyd\u00e4mme sinua suorittamaan seuraavat teht\u00e4v\u00e4t:<\/p>\n\n\n\n<p><strong>1. Kuuntele ensimm\u00e4iseksi Laurela ammattikorkeakoulun <em>Vihre\u00e4 vastuu<\/em>&#8211; hankkeen tuottamia&nbsp;podcasteja, jotka k\u00e4sittelev\u00e4t sosiaalista vastuuta, henkil\u00f6st\u00f6n ja johdon roolia ja ty\u00f6ntekij\u00f6iden hyvinvointia:&nbsp;<\/strong><\/p>\n\n\n\n<p style=\"font-size:16px\"><em>Podcast 1<\/em> :<\/p>\n\n\n\t<div id=\"gb-button-block_71ff8193673deebfdc98129f89fbf9df\" class=\"gb-button gb-button-block_71ff8193673deebfdc98129f89fbf9df\">\n\t\t\t\t\t\t<a class=\"b-button b-button--color- b-button--style-\"\n\t   href=\"https:\/\/soundcloud.com\/laurea-ammattikorkeakoulu\/yritysvastuuraportoinnin-abc-mita-pk-yritysten-tulisi-tietaa-sosiaalisesta-vastuusta?utm_source=vihreavastuu.fi&#038;utm_campaign=wtshare&#038;utm_medium=widget&#038;utm_content=https%253A%252F%252Fsoundcloud.com%252Flaurea-ammattikorkeakoulu%252Fyritysvastuuraportoinnin-abc-mita-pk-yritysten-tulisi-tietaa-sosiaalisesta-vastuusta\"\n\t   target=\"_blank\">\n\n\t\t<span class=\"b-button__title\">\n\t\t\t    Yritysvastuuraportoinnin ABC: Laurela ammattikoulun podcast: \t\t<\/span>\n\n\t\t\t\t\t<span class=\"b-button__icon\">\n\t\t\t\t<svg xmlns=\"http:\/\/www.w3.org\/2000\/svg\" viewBox=\"0 0 9 14\"><path d=\"M2.001 13.664a1.333 1.333 0 01-.954-2.272l.007-.008 4.414-4.386-4.24-4.414A1.333 1.333 0 113.12.704l5.147 5.334a1.333 1.333 0 010 1.866l-5.334 5.334a1.333 1.333 0 01-.933.426z\"\/><\/svg>\t\t\t<\/span>\n\t\t\t<\/a>\n\t\t\t<\/div>\n\n\n\n<p>T\u00e4m\u00e4 podcast pureutuu sosiaalisen vastuun moniulotteiseen maailmaan, k\u00e4sittelee, mit\u00e4 pk-yritysten tulee aiheesta ymm\u00e4rt\u00e4\u00e4 ja kuinka yritykset voivat toteuttaa sosiaalista vastuuta vastaten samalla sidosryhmien odotuksiin.&nbsp;<\/p>\n\n\n\n<p>Jakso on osa Vihre\u00e4 vastuu \u2013LAB-ammattikorkeakoulun hanketta&nbsp;<\/p>\n\n\n\n<p><a href=\"http:\/\/journal.laurea.fi\/yhteystiedot\/\">Toimitusty\u00f6: Laurea Journalin toimituskunta\u00a0<\/a><\/p>\n\n\n\n<hr class=\"wp-block-separator has-alpha-channel-opacity is-style-dots\" \/>\n\n\n\n<p style=\"font-size:16px\"><em>Podcast <\/em>2 :<\/p>\n\n\n\t<div id=\"gb-button-block_22712a2da1d9a457fb629959e480187b\" class=\"gb-button gb-button-block_22712a2da1d9a457fb629959e480187b\">\n\t\t\t\t\t\t<a class=\"b-button b-button--color- b-button--style-\"\n\t   href=\"https:\/\/soundcloud.com\/laurea-ammattikorkeakoulu\/yritysvastuuraportoinnin-abc?utm_source=clipboard&#038;utm_campaign=wtshare&#038;utm_medium=widget&#038;utm_content=https%253A%252F%252Fsoundcloud.com%252Flaurea-ammattikorkeakoulu%252Fyritysvastuuraportoinnin-abc%20\"\n\t   target=\"_blank\">\n\n\t\t<span class=\"b-button__title\">\n\t\t\tMik\u00e4 rooli henkil\u00f6st\u00f6n ja johdon dialogilla on yrityksen sosiaalisessa vastuussa?\t\t<\/span>\n\n\t\t\t\t\t<span class=\"b-button__icon\">\n\t\t\t\t<svg xmlns=\"http:\/\/www.w3.org\/2000\/svg\" viewBox=\"0 0 9 14\"><path d=\"M2.001 13.664a1.333 1.333 0 01-.954-2.272l.007-.008 4.414-4.386-4.24-4.414A1.333 1.333 0 113.12.704l5.147 5.334a1.333 1.333 0 010 1.866l-5.334 5.334a1.333 1.333 0 01-.933.426z\"\/><\/svg>\t\t\t<\/span>\n\t\t\t<\/a>\n\t\t\t<\/div>\n\n\n\n<p>Jakson aiheena on henkil\u00f6st\u00f6n merkitys yhten\u00e4 yrityksen menestystekij\u00e4n\u00e4 eli mik\u00e4 on henkil\u00f6st\u00f6n arvo yritykselle ja miksi henkil\u00f6st\u00f6\u00f6n kannattaa investoida. Lis\u00e4ksi kuulet keskustelun siit\u00e4, miten henkil\u00f6st\u00f6\u00e4 voi ty\u00f6skentelyolosuhteilla tukea antamaan parhaan mahdollisen osaamisensa yrityksen k\u00e4ytt\u00f6\u00f6n.&nbsp;<\/p>\n\n\n\n<p>Jakso on osa Vihre\u00e4 vastuu \u2013LAB-ammattikorkeakoulun hanketta&nbsp;<\/p>\n\n\n\n<p><a href=\"http:\/\/journal.laurea.fi\/yhteystiedot\/\">Toimitusty\u00f6: Laurea Journalin toimituskunta\u00a0<\/a><\/p>\n\n\n\n<hr class=\"wp-block-separator has-alpha-channel-opacity is-style-dots\" \/>\n\n\n\n<p style=\"font-size:16px\"><em>Podcast <\/em>3 :<\/p>\n\n\n\t<div id=\"gb-button-block_6fa876e70485fc91042f49b0189924b9\" class=\"gb-button gb-button-block_6fa876e70485fc91042f49b0189924b9\">\n\t\t\t\t\t\t<a class=\"b-button b-button--color- b-button--style-\"\n\t   href=\"https:\/\/soundcloud.com\/laurea-ammattikorkeakoulu\/yritysvastuuraportoinnin-abc-jakso-9-kenen-vastuulla-tyontekijan-hyvinvointi-on?utm_source=clipboard&#038;utm_campaign=wtshare&#038;utm_medium=widget&#038;utm_content=https%253A%252F%252Fsoundcloud.com%252Flaurea-ammattikorkeakoulu%252Fyritysvastuuraportoinnin-abc-jakso-9-kenen-vastuulla-tyontekijan-hyvinvointi-on%20\"\n\t   target=\"_blank\">\n\n\t\t<span class=\"b-button__title\">\n\t\t\tKenen vastuulla ty\u00f6ntekij\u00e4n hyvinvointi on?\t\t<\/span>\n\n\t\t\t\t\t<span class=\"b-button__icon\">\n\t\t\t\t<svg xmlns=\"http:\/\/www.w3.org\/2000\/svg\" viewBox=\"0 0 9 14\"><path d=\"M2.001 13.664a1.333 1.333 0 01-.954-2.272l.007-.008 4.414-4.386-4.24-4.414A1.333 1.333 0 113.12.704l5.147 5.334a1.333 1.333 0 010 1.866l-5.334 5.334a1.333 1.333 0 01-.933.426z\"\/><\/svg>\t\t\t<\/span>\n\t\t\t<\/a>\n\t\t\t<\/div>\n\n\n\n<p>Jaksossa puhutaan siit\u00e4, miss\u00e4 menee rajat yrityksen ja ty\u00f6ntekij\u00e4n vastuussa ty\u00f6ntekij\u00e4n hyvinvoinnista ja miksi yrityksen on kannattavaa panostaa ty\u00f6ntekij\u00f6idens\u00e4 hyvinvointiin. Onko esimerkiksi ty\u00f6ntekij\u00e4n uupumus ty\u00f6nantajan asia silloinkin, kun uupumus johtuu muusta el\u00e4m\u00e4st\u00e4? Ent\u00e4 mist\u00e4 yritt\u00e4j\u00e4 saa apua oman hyvinvointinsa tukemiseen?&nbsp;<\/p>\n\n\n\n<p>Jakso on osa Vihre\u00e4 vastuu \u2013LAB-ammattikorkeakoulun hanketta&nbsp;<\/p>\n\n\n\n<p><a href=\"http:\/\/journal.laurea.fi\/yhteystiedot\/\">Toimitusty\u00f6: Laurea Journalin toimituskunta\u00a0<\/a><\/p>\n\n\n\n<hr class=\"wp-block-separator has-alpha-channel-opacity\" \/>\n\n\n\n<p><strong>2. Seuraavaksi pyyd\u00e4mme sinua tutustumaan FIBSin kehitt\u00e4m\u00e4\u00e4n Monimuotoisuusjohtamisen itsearviointi -ty\u00f6kaluun<\/strong>&nbsp;<\/p>\n\n\n\t<div id=\"gb-button-block_f58550c248d5e05ba899071e74430574\" class=\"gb-button gb-button-block_f58550c248d5e05ba899071e74430574\">\n\t\t\t\t\t\t<a class=\"b-button b-button--color- b-button--style-\"\n\t   href=\"https:\/\/fibsry.fi\/uutishuone\/tyokalut\/monimuotoisuusjohtamisen-itsearviointi-tyokalu\/%20\"\n\t   target=\"_blank\">\n\n\t\t<span class=\"b-button__title\">\n\t\t\tFIBSin kehitt\u00e4m\u00e4 Monimuotoisuusjohtamisen itsearviointi -ty\u00f6kalu l\u00f6ytyy t\u00e4\u00e4lt\u00e4\t\t<\/span>\n\n\t\t\t\t\t<span class=\"b-button__icon\">\n\t\t\t\t<svg xmlns=\"http:\/\/www.w3.org\/2000\/svg\" viewBox=\"0 0 9 14\"><path d=\"M2.001 13.664a1.333 1.333 0 01-.954-2.272l.007-.008 4.414-4.386-4.24-4.414A1.333 1.333 0 113.12.704l5.147 5.334a1.333 1.333 0 010 1.866l-5.334 5.334a1.333 1.333 0 01-.933.426z\"\/><\/svg>\t\t\t<\/span>\n\t\t\t<\/a>\n\t\t\t<\/div>\n\n\n\n<p>Monimuotoisuusjohtamisen itsearviointity\u00f6kalulla saa ymm\u00e4rryksen monimuotoisuuden johtamisen eri osa-alueista, mahdollisuuden arvioida ja kehitt\u00e4\u00e4 monimuotoisuusty\u00f6t\u00e4 sek\u00e4 johtaa monimuotoisuutta strategisesti pitk\u00e4ll\u00e4 aikav\u00e4lill\u00e4. Ty\u00f6kalu on suunnattu kaiken kokoisille ja toimialoille sijoittuville organisaatioille. Se palvelee monimuotoisuusty\u00f6n eri vaiheissa olevia organisaatioita, olivatpa ne aloittelijoita, kehitt\u00e4ji\u00e4 tai edell\u00e4k\u00e4vij\u00f6it\u00e4 monimuotoisuusjohtamisessa.&nbsp;<\/p>\n\n\n\n<p>Itsearviointity\u00f6kalu tarjoaa mahdollisuuden eri rooleissa toimiville organisaation j\u00e4senille, kuten henkil\u00f6st\u00f6- ja vastuullisuusjohtajille, arvioida ja kehitt\u00e4\u00e4 organisaation toimintaa. Ty\u00f6kalu mahdollistaa sis\u00e4iset keskustelut kehityskohteista ja strategioista, joiden avulla voidaan puuttua organisaation kipupisteisiin. K\u00e4ytt\u00e4j\u00e4t voivat edet\u00e4 arvioinnissa omaan tahtiin, valita toteutettavat toimenpiteet ja laatia kehitt\u00e4mistavoitteita.&nbsp;&nbsp;<\/p>\n\n\n\t<div id=\"gb-button-block_af6ee1872a46c9e84bc9730f65ef2f78\" class=\"gb-button gb-button-block_af6ee1872a46c9e84bc9730f65ef2f78\">\n\t\t\t\t\t\t<a class=\"b-button b-button--color- b-button--style-\"\n\t   href=\"https:\/\/monimuotoisuusarviointi.fi\/wp-content\/uploads\/2021\/09\/FIBS_Monimuotoisuusjohtaminen_Tyokalu_Final.pdf%20\"\n\t   target=\"_blank\">\n\n\t\t<span class=\"b-button__title\">\n\t\t\t    Kun olet tutustunut ty\u00f6kalun taustaan, t\u00e4\u00e4lt\u00e4 l\u00f6yd\u00e4t ty\u00f6kirjan, jossa saat ty\u00f6skennell\u00e4 itsen\u00e4isesti: \t\t<\/span>\n\n\t\t\t\t\t<span class=\"b-button__icon\">\n\t\t\t\t<svg xmlns=\"http:\/\/www.w3.org\/2000\/svg\" viewBox=\"0 0 9 14\"><path d=\"M2.001 13.664a1.333 1.333 0 01-.954-2.272l.007-.008 4.414-4.386-4.24-4.414A1.333 1.333 0 113.12.704l5.147 5.334a1.333 1.333 0 010 1.866l-5.334 5.334a1.333 1.333 0 01-.933.426z\"\/><\/svg>\t\t\t<\/span>\n\t\t\t<\/a>\n\t\t\t<\/div>\n\n\n\n<hr class=\"wp-block-separator has-alpha-channel-opacity\" \/>\n\n\n\n<p><strong>3.<\/strong> <strong>Kun olet tutustunut teht\u00e4viin kuunnellut podcastit ja ty\u00f6st\u00e4nyt&nbsp; itsearviointi ty\u00f6kalua, pyyd\u00e4mme viel\u00e4 vastaamaan palautekyselyn, niin l\u00e4het\u00e4mme sinulle osamismerkin.<\/strong>&nbsp;<\/p>\n\n\n\t<div id=\"gb-button-block_5e1742fdfa4debbc938f715e27781781\" class=\"gb-button gb-button-block_5e1742fdfa4debbc938f715e27781781\">\n\t\t\t\t\t\t<a class=\"b-button b-button--color- b-button--style-\"\n\t   href=\"https:\/\/docs.google.com\/forms\/d\/e\/1FAIpQLSejxcfdM3n42vFJ8ThR1u_0bo3MeotAdFm0mayTGfsfvLRDrw\/viewform?usp=sharing&#038;ouid=101256427771453516402\"\n\t   target=\"_blank\">\n\n\t\t<span class=\"b-button__title\">\n\t\t\tVastaa palautekyselyymme t\u00e4st\u00e4\t\t<\/span>\n\n\t\t\t\t\t<span class=\"b-button__icon\">\n\t\t\t\t<svg xmlns=\"http:\/\/www.w3.org\/2000\/svg\" viewBox=\"0 0 9 14\"><path d=\"M2.001 13.664a1.333 1.333 0 01-.954-2.272l.007-.008 4.414-4.386-4.24-4.414A1.333 1.333 0 113.12.704l5.147 5.334a1.333 1.333 0 010 1.866l-5.334 5.334a1.333 1.333 0 01-.933.426z\"\/><\/svg>\t\t\t<\/span>\n\t\t\t<\/a>\n\t\t\t<\/div>\n\n\n\n<p>Merkki osoittaa osaamista ja sitoutumista sosiaaliseen vastuuseen ja se toimii todisteena yritt\u00e4j\u00e4n halusta rakentaa reilua, yhdenvertaista ja yhteis\u00f6llist\u00e4 liiketoimintaa Pohjois-Karjalassa.&nbsp;<\/p>\n\n\n\n<p><strong>\u201cSosiaalisen vastuun edist\u00e4j\u00e4 Pohjois-Karjala\u201d -osaamismerkin<\/strong> my\u00f6nt\u00e4\u00e4 Pohjois-Karjalan Yritt\u00e4j\u00e4t osana ESR+-rahoitteista\u202f<strong>Vastuullinen yritystoiminta Pohjois-Karjalassa<\/strong>\u202f-kehitt\u00e4misohjelmaa.&nbsp;<\/p>\n\n\n\n<p><a href=\"https:\/\/me.yrittajat.fi\/vastuu-kannattaa\/sosiaalisen-vastuun-edistaja-osaamismerkki\/\">&lt;\u2014 Takaisin<\/a><\/p>\n\n\n\n<p><\/p>\n","protected":false},"excerpt":{"rendered":"<p>Tervetuloa \u201cSosiaalisen vastuun edist\u00e4j\u00e4 Pohjois-Karjala\u201d -osaamismerkin opintosivuille.&nbsp; Ansaittaaksesi osaamismerkin pyyd\u00e4mme sinua suorittamaan seuraavat teht\u00e4v\u00e4t: 1. Kuuntele ensimm\u00e4iseksi Laurela ammattikorkeakoulun Vihre\u00e4 vastuu&#8211; hankkeen tuottamia&nbsp;podcasteja, jotka k\u00e4sittelev\u00e4t sosiaalista vastuuta, henkil\u00f6st\u00f6n ja johdon roolia ja ty\u00f6ntekij\u00f6iden hyvinvointia:&nbsp; Podcast 1 : T\u00e4m\u00e4 podcast pureutuu sosiaalisen vastuun moniulotteiseen maailmaan, k\u00e4sittelee, mit\u00e4 pk-yritysten tulee aiheesta ymm\u00e4rt\u00e4\u00e4 ja kuinka yritykset voivat toteuttaa &hellip; <a href=\"https:\/\/me.yrittajat.fi\/vastuu-kannattaa\/materiaalit-opiskeluun\/\">Lue lis\u00e4\u00e4<\/a><\/p>\n","protected":false},"author":72,"featured_media":410,"parent":0,"menu_order":0,"comment_status":"closed","ping_status":"closed","template":"","meta":{"_acf_changed":false,"footnotes":""},"class_list":["post-1319","page","type-page","status-publish","has-post-thumbnail","hentry"],"acf":[],"_links":{"self":[{"href":"https:\/\/me.yrittajat.fi\/vastuu-kannattaa\/wp-json\/wp\/v2\/pages\/1319","targetHints":{"allow":["GET"]}}],"collection":[{"href":"https:\/\/me.yrittajat.fi\/vastuu-kannattaa\/wp-json\/wp\/v2\/pages"}],"about":[{"href":"https:\/\/me.yrittajat.fi\/vastuu-kannattaa\/wp-json\/wp\/v2\/types\/page"}],"author":[{"embeddable":true,"href":"https:\/\/me.yrittajat.fi\/vastuu-kannattaa\/wp-json\/wp\/v2\/users\/72"}],"replies":[{"embeddable":true,"href":"https:\/\/me.yrittajat.fi\/vastuu-kannattaa\/wp-json\/wp\/v2\/comments?post=1319"}],"version-history":[{"count":5,"href":"https:\/\/me.yrittajat.fi\/vastuu-kannattaa\/wp-json\/wp\/v2\/pages\/1319\/revisions"}],"predecessor-version":[{"id":1338,"href":"https:\/\/me.yrittajat.fi\/vastuu-kannattaa\/wp-json\/wp\/v2\/pages\/1319\/revisions\/1338"}],"wp:featuredmedia":[{"embeddable":true,"href":"https:\/\/me.yrittajat.fi\/vastuu-kannattaa\/wp-json\/wp\/v2\/media\/410"}],"wp:attachment":[{"href":"https:\/\/me.yrittajat.fi\/vastuu-kannattaa\/wp-json\/wp\/v2\/media?parent=1319"}],"curies":[{"name":"wp","href":"https:\/\/api.w.org\/{rel}","templated":true}]}}