{"id":1713,"date":"2026-03-16T10:49:38","date_gmt":"2026-03-16T08:49:38","guid":{"rendered":"https:\/\/me.yrittajat.fi\/vastuu-kannattaa\/?page_id=1713"},"modified":"2026-03-16T10:51:11","modified_gmt":"2026-03-16T08:51:11","slug":"vapaaehtoinen-kestavyysstandardi-vsme","status":"publish","type":"page","link":"https:\/\/me.yrittajat.fi\/vastuu-kannattaa\/vapaaehtoinen-kestavyysstandardi-vsme\/","title":{"rendered":"VSME"},"content":{"rendered":"\n<p><strong>Vapaaehtoinen kest\u00e4vyysstandardi VSME sujuvoittaa vastuullisuusty\u00f6t\u00e4<\/strong>&nbsp;<\/p>\n\n\n\n<p>Oletko huomannut, ett\u00e4 yrityksesi vastuullisuusasioista kysyt\u00e4\u00e4n yh\u00e4 useammin? Asiakkaat, rahoittajat ja yhteisty\u00f6kumppanit kaipaavat tietoa yrityksen ymp\u00e4rist\u00f6vaikutuksista, henkil\u00f6st\u00f6st\u00e4 tai hallintotavoista. N\u00e4ihin kysymyksiin vastaamista helpottamaan on EU-tasolla kehitetty yhteinen vapaaehtoisuuteen perustuva raportointistandardi VSME (Voluntary Sustainability Reporting Standard for Non-listed Small- and Medium-sized Enterprises). VSME:n kehitt\u00e4misen tavoitteena on ollut luoda kevyt raportointikehys, jonka avulla yritysten raportit olisivat kuitenkin mahdollisimman vertailukelpoisia kesken\u00e4\u00e4n.&nbsp;<\/p>\n\n\n\n<p>Suuret yritykset ker\u00e4\u00e4v\u00e4t EU:n kest\u00e4vyysraportointis\u00e4\u00e4ntelyn (CSRD) mukaisesti tietoja my\u00f6s arvoketjuistaan ja vapaaehtoiset standardit auttavat pk-yrityksi\u00e4 vastaamaan n\u00e4ihin vaateisiin j\u00e4rjestelm\u00e4llisesti. VSME perustuu samoihin periaatteisiin kuin suurempien yritysten ESRS-standardeihin pohjautuvat raportointimallit, mutta on rakennettu pk-yritysten resursseja ja arkea ajatellen. Tarkoitus ei ole ollut lis\u00e4t\u00e4 hallinnollista taakkaa, vaan auttaa yrityksi\u00e4 kokoamaan ketter\u00e4sti olennaiset vastuullisuustiedot ymm\u00e4rrett\u00e4v\u00e4\u00e4n muotoon.&nbsp;<\/p>\n\n\n\n<p>VSME koostuu perusmoduulista sek\u00e4 laajennetusta moduulista. Perusmoduuli on ns. kaikille yhteinen osa ja laajennetun moduulin perusteella on puolestaan mahdollista raportoida syvemmin eri osa-alueiden tietoja. Isommille yrityksille pakollisesta CRSD-raportoinnista poiketen VSME-raportointi ei perustu kaksoisolennaisuusanalyysiin vaan sen sijaan k\u00e4ytet\u00e4\u00e4n \u201djos soveltuu\u201d -periaatetta \u2013 eli yritys raportoi vain ne asiat, jotka todella liittyv\u00e4t sen toimintaan.&nbsp;<\/p>\n\n\n\n<p>Juuri hyv\u00e4ksytyn Omnibus I -paketin eli pakollista CSRD-raportointia lievent\u00e4v\u00e4n s\u00e4\u00e4ntelyn my\u00f6t\u00e4 kest\u00e4vyysraportoinnin velvoite nousee koskemaan yrityksi\u00e4, joilla on keskim\u00e4\u00e4rin yli 1000 ty\u00f6ntekij\u00e4\u00e4 ja v\u00e4hint\u00e4\u00e4n 450 miljoonan euron liikevaihto. N\u00e4in ollen vapaaehtoisten standardien rooli my\u00f6s keskikokoisten yritysten raportointimenetelm\u00e4n\u00e4 kasvaa. VSME-standardista onkin l\u00e4hikuukausina tulossa EU:n delegoitu asetus, jolloin sen asema virallistuu, ja tahtotila on, ett\u00e4 VSME muodostaa maksimitason pk-yrityksilt\u00e4 vaadittavalle raportoinnille. Sen sijaan on yrityksen omassa harkinnassa, haluaako se tehd\u00e4 laajemman raportin ja hy\u00f6dynt\u00e4\u00e4 esimerkiksi my\u00f6s osia CSRD-raportointimalliin kuuluvista kevennetyist\u00e4 ESRS-standardeista. Monelle keskisuurelle yritykselle suositeltava yhdistelm\u00e4 onkin toteuttaa VSME-raportoinnin pohjalle esimerkiksi CSRD:n mukainen kaksoisolennaisuusanalyysi.&nbsp;<\/p>\n\n\n\n<p>VSME-viitekehyksen on luonut Euroopan tilinp\u00e4\u00e4t\u00f6sraportoinnin neuvoa-antava ryhm\u00e4 EFRAG, ja se vastaa my\u00f6s standardin yll\u00e4pidosta. EFRAG:n <a href=\"https:\/\/www.efrag.org\/en\/smes-and-sustainability-reporting\" target=\"_blank\" rel=\"noreferrer noopener\">verkkosivustolla<\/a> on runsaasti ohjemateriaalia ja digitaalisia ty\u00f6kaluja raportoinnin tueksi. Sidosryhmien on my\u00f6s mahdollista osallistua s\u00e4\u00e4nn\u00f6lliseen vuoropuheluun osana virallista yhteis\u00f6\u00e4 (VSME Community), johon allekirjoittanutkin on liittynyt.&nbsp;&nbsp;<\/p>\n\n\n\n<p>VSME:n k\u00e4ytt\u00f6\u00f6notto ei edellyt\u00e4 t\u00e4ydellisyytt\u00e4 vaan t\u00e4rkeint\u00e4 on ottaa ensimm\u00e4iset askeleet: tunnistaa omalle yritykselle keskeiset vastuullisuusteemat, ker\u00e4t\u00e4 perustiedot ja kuvata toimintaprosessit. Raportointi voi kehitty\u00e4 vuosi vuodelta samalla, kun yrityksen vastuullisuusty\u00f6kin etenee. Pk-yrityksille VSME tarjoaa siis ennen kaikkea konkreettisen viitekehyksen tehd\u00e4 vastuullisuusty\u00f6t\u00e4 n\u00e4kyv\u00e4ksi. Vastuullisuusraportointi auttaa vastaamaan tietopyynt\u00f6ihin, tukee liiketoiminnan kehitt\u00e4mist\u00e4 sek\u00e4 vahvistaa yrityksen uskottavuutta asiakkaiden, kumppaneiden ja rahoittajien silmiss\u00e4.&nbsp;<\/p>\n\n\n\n<p>Kirjoittaja\u00a0:<\/p>\n\n\n\n<p>Helena Puhakka-Tarvainen\u00a0<br>Toimitusjohtaja, Lietsu Palvelut Oy\u00a0<br>Suomen Tilintarkastajat ry:n kouluttama <a href=\"https:\/\/www.lietsuhotel.fi\/files\/helena-puhakka-tarvainenesgr-yritysvalmennus-kevat-2025esgr-yritysvalmennus-kevat-2025.pdf\" target=\"_blank\" rel=\"noreferrer noopener\">ESG-R-asiantuntija<\/a>\u00a0<\/p>\n\n\n\n<p><\/p>\n","protected":false},"excerpt":{"rendered":"<p>Vapaaehtoinen kest\u00e4vyysstandardi VSME sujuvoittaa vastuullisuusty\u00f6t\u00e4&nbsp; Oletko huomannut, ett\u00e4 yrityksesi vastuullisuusasioista kysyt\u00e4\u00e4n yh\u00e4 useammin? Asiakkaat, rahoittajat ja yhteisty\u00f6kumppanit kaipaavat tietoa yrityksen ymp\u00e4rist\u00f6vaikutuksista, henkil\u00f6st\u00f6st\u00e4 tai hallintotavoista. N\u00e4ihin kysymyksiin vastaamista helpottamaan on EU-tasolla kehitetty yhteinen vapaaehtoisuuteen perustuva raportointistandardi VSME (Voluntary Sustainability Reporting Standard for Non-listed Small- and Medium-sized Enterprises). VSME:n kehitt\u00e4misen tavoitteena on ollut luoda kevyt raportointikehys, jonka &hellip; <a href=\"https:\/\/me.yrittajat.fi\/vastuu-kannattaa\/vapaaehtoinen-kestavyysstandardi-vsme\/\">Lue lis\u00e4\u00e4<\/a><\/p>\n","protected":false},"author":72,"featured_media":1714,"parent":0,"menu_order":0,"comment_status":"closed","ping_status":"closed","template":"","meta":{"_acf_changed":false,"footnotes":""},"class_list":["post-1713","page","type-page","status-publish","has-post-thumbnail","hentry"],"acf":[],"_links":{"self":[{"href":"https:\/\/me.yrittajat.fi\/vastuu-kannattaa\/wp-json\/wp\/v2\/pages\/1713","targetHints":{"allow":["GET"]}}],"collection":[{"href":"https:\/\/me.yrittajat.fi\/vastuu-kannattaa\/wp-json\/wp\/v2\/pages"}],"about":[{"href":"https:\/\/me.yrittajat.fi\/vastuu-kannattaa\/wp-json\/wp\/v2\/types\/page"}],"author":[{"embeddable":true,"href":"https:\/\/me.yrittajat.fi\/vastuu-kannattaa\/wp-json\/wp\/v2\/users\/72"}],"replies":[{"embeddable":true,"href":"https:\/\/me.yrittajat.fi\/vastuu-kannattaa\/wp-json\/wp\/v2\/comments?post=1713"}],"version-history":[{"count":3,"href":"https:\/\/me.yrittajat.fi\/vastuu-kannattaa\/wp-json\/wp\/v2\/pages\/1713\/revisions"}],"predecessor-version":[{"id":1717,"href":"https:\/\/me.yrittajat.fi\/vastuu-kannattaa\/wp-json\/wp\/v2\/pages\/1713\/revisions\/1717"}],"wp:featuredmedia":[{"embeddable":true,"href":"https:\/\/me.yrittajat.fi\/vastuu-kannattaa\/wp-json\/wp\/v2\/media\/1714"}],"wp:attachment":[{"href":"https:\/\/me.yrittajat.fi\/vastuu-kannattaa\/wp-json\/wp\/v2\/media?parent=1713"}],"curies":[{"name":"wp","href":"https:\/\/api.w.org\/{rel}","templated":true}]}}