{"id":1756,"date":"2026-05-04T13:07:26","date_gmt":"2026-05-04T10:07:26","guid":{"rendered":"https:\/\/me.yrittajat.fi\/vastuu-kannattaa\/?page_id=1756"},"modified":"2026-05-04T13:07:26","modified_gmt":"2026-05-04T10:07:26","slug":"koitadesign","status":"publish","type":"page","link":"https:\/\/me.yrittajat.fi\/vastuu-kannattaa\/koitadesign\/","title":{"rendered":"Koitadesign"},"content":{"rendered":"\n<p class=\"has-medium-font-size\"><strong>Paluumuuttaja Pohjois-Karjalassa: It\u00e4isen kulttuurimme pit\u00e4isi olla ylpeyden aihe<\/strong><\/p>\n\n\n\n<p><strong><em>Moderni k\u00e4sity\u00f6l\u00e4inen ei valmista kaikkea itse vaan hankkii palveluja muiltakin. N\u00e4in tekee Manner-EU:n it\u00e4isimpiin yritt\u00e4jiin lukeutuva Eija Irene Hiltunen, kun h\u00e4n p\u00e4ivitt\u00e4\u00e4 kansanvaatteita 2020-luvulle.<\/em><\/strong><\/p>\n\n\n\n<p>Kansakoulu sata vuotta sitten. Tukikohta ja kentt\u00e4sairaala sotavuosina. Nykyisin matkailijoiden majoituskohde.<\/p>\n\n\n\n<p>Suomen ja Manner-EU:n it\u00e4isimm\u00e4ss\u00e4 nurkassa, Ilomantsin Kuuksenvaarassa seisova vanha kyl\u00e4koulu on l\u00f6yt\u00e4nyt nykyisen roolinsa monen mutkan kautta.<\/p>\n\n\n\n<p>My\u00f6s kyl\u00e4koulussa asuvan pariskunnan el\u00e4m\u00e4npolku on ollut vaiherikas.<\/p>\n\n\n\n<figure class=\"wp-block-image size-large\"><img loading=\"lazy\" decoding=\"async\" width=\"1024\" height=\"714\" src=\"https:\/\/me.yrittajat.fi\/app\/uploads\/sites\/81\/2026\/05\/KoitaDesign-1024x714.jpg\" alt=\"\" class=\"wp-image-1757\" srcset=\"https:\/\/me.yrittajat.fi\/app\/uploads\/sites\/81\/2026\/05\/KoitaDesign-1024x714.jpg 1024w, https:\/\/me.yrittajat.fi\/app\/uploads\/sites\/81\/2026\/05\/KoitaDesign-300x209.jpg 300w, https:\/\/me.yrittajat.fi\/app\/uploads\/sites\/81\/2026\/05\/KoitaDesign-768x536.jpg 768w, https:\/\/me.yrittajat.fi\/app\/uploads\/sites\/81\/2026\/05\/KoitaDesign-1536x1071.jpg 1536w, https:\/\/me.yrittajat.fi\/app\/uploads\/sites\/81\/2026\/05\/KoitaDesign-2048x1429.jpg 2048w\" sizes=\"auto, (max-width: 1024px) 100vw, 1024px\" \/><\/figure>\n\n\n\n<p><strong>Eija Irene Hiltusen<\/strong> ja <strong>Eero Tuomiston<\/strong> tiet kohtasivat, kun he kumpikin pohtivat muuttoa Pohjois-Karjalaan. Ensin rohkaistui Eija Irene, joka \u201dkeski-i\u00e4nkriisiss\u00e4\u201d osti vanhan kyl\u00e4koulun syntym\u00e4kunnastaan.<\/p>\n\n\n\n<p>Sattuman kautta Hiltunen p\u00e4\u00e4si kertomaan kokemuksistaan tulevalle puolisolleen.<\/p>\n\n\n\n<p>\u201dNuorempana olen hakenut jatkuvasti uusia el\u00e4myksi\u00e4, mutta kun ik\u00e4\u00e4 on tullut mittariin, arvostan omia juuriani, yhteis\u00f6llisyytt\u00e4, luontoa ja rauhaa. Sit\u00e4 olen l\u00f6yt\u00e4nyt t\u00e4\u00e4lt\u00e4\u201d, Hiltunen sanoo.<\/p>\n\n\n\n<p><strong>Kansanvaatteen uudet kuosit<\/strong><\/p>\n\n\n\n<p>Valokuvaajana ja majataloyritt\u00e4j\u00e4n\u00e4 leip\u00e4ns\u00e4 hankkinut Hiltunen teki uuden aluevaltauksen, kun h\u00e4n sai idean ajattomien ja ekologisten vaatteiden valmistamisesta. Idean my\u00f6t\u00e4 vuonna 2018 syntyi ekologisia luonnonmateriaaleja ja kierr\u00e4tyskuitua k\u00e4ytt\u00e4v\u00e4 Koitadesign.<\/p>\n\n\n\n<p>Sen verkkokauppa myy tuotteita ymp\u00e4ri vuoden, kyl\u00e4koulun Koita-Shop kes\u00e4isin. Vaatteita on myyt\u00e4v\u00e4n\u00e4 my\u00f6s Piirolan puodissa Ilomantsissa ja Taito Shopeissa Joensuussa ja Helsingiss\u00e4.<\/p>\n\n\n\n<p>Yritt\u00e4j\u00e4 sanoo tavoitteekseen p\u00e4ivitt\u00e4\u00e4 kansanvaatteita 2020-luvulle.<\/p>\n\n\n\n<p><strong>Kiteelt\u00e4 ja Kuopiosta Ilomantsiin<\/strong><\/p>\n\n\n\n<p>Vaatteiden ulkoasun ohella Hiltunen tuulettaa my\u00f6s ajattelutapaa siit\u00e4, mit\u00e4 moderni k\u00e4sity\u00f6l\u00e4isyys voi olla.<\/p>\n\n\n\n<p>Vaikka ilomantsilainen on yksinyritt\u00e4j\u00e4, h\u00e4n ei tee kaikkea alusta loppuun itse. Ompeluty\u00f6n Koitadesign ostaa Kiteen Tekstiilitehtaalta ja kuopiolaiselta Gruppo Carinos -yritykselt\u00e4.<\/p>\n\n\n\n<p>Ty\u00f6nsarkaa riitt\u00e4\u00e4 itsellekin.<\/p>\n\n\n\n<p>\u201dSuunnittelen tuotteet, teen mallikappaleet, valokuvaan, markkinoin ja hoidan verkkokauppaa.\u201d<\/p>\n\n\n\n<figure class=\"wp-block-image size-large\"><img loading=\"lazy\" decoding=\"async\" width=\"769\" height=\"1024\" src=\"https:\/\/me.yrittajat.fi\/app\/uploads\/sites\/81\/2026\/05\/Koitadesign-silkkipaino-769x1024.jpg\" alt=\"\" class=\"wp-image-1759\" srcset=\"https:\/\/me.yrittajat.fi\/app\/uploads\/sites\/81\/2026\/05\/Koitadesign-silkkipaino-769x1024.jpg 769w, https:\/\/me.yrittajat.fi\/app\/uploads\/sites\/81\/2026\/05\/Koitadesign-silkkipaino-225x300.jpg 225w, https:\/\/me.yrittajat.fi\/app\/uploads\/sites\/81\/2026\/05\/Koitadesign-silkkipaino-768x1023.jpg 768w, https:\/\/me.yrittajat.fi\/app\/uploads\/sites\/81\/2026\/05\/Koitadesign-silkkipaino-1153x1536.jpg 1153w, https:\/\/me.yrittajat.fi\/app\/uploads\/sites\/81\/2026\/05\/Koitadesign-silkkipaino-1537x2048.jpg 1537w, https:\/\/me.yrittajat.fi\/app\/uploads\/sites\/81\/2026\/05\/Koitadesign-silkkipaino-scaled.jpg 1921w\" sizes=\"auto, (max-width: 769px) 100vw, 769px\" \/><\/figure>\n\n\n\n<p>Nyky\u00e4\u00e4n h\u00e4n my\u00f6s painaa kankaat miehens\u00e4 kanssa.<\/p>\n\n\n\n<p>\u201dSe on taito, jonka olemme oppineet kantap\u00e4\u00e4n kautta. Yrit\u00e4n l\u00f6yt\u00e4\u00e4 my\u00f6s alihankkijan, sill\u00e4 k\u00e4sin painamalla emme pysty tekem\u00e4\u00e4n kovin isoja eri\u00e4.\u201d<\/p>\n\n\n\n<p><strong>Kukkilintu koristaa<\/strong><\/p>\n\n\n\n<p>Yritys on saanut nimens\u00e4 Ilomantsin valtavirrasta, Koitajoesta. Joki kulkee v\u00e4lill\u00e4 Suomen, v\u00e4lill\u00e4 Ven\u00e4j\u00e4n puolella.<\/p>\n\n\n\n<p>My\u00f6s Hiltusen esivanhemmat asuivat aikanaan t\u00e4m\u00e4n parisataa kilometri\u00e4 pitk\u00e4n, ikivanhan kauppareitin varrella, jota pitkin my\u00f6s kulttuuri kulki.<\/p>\n\n\n\n<figure class=\"wp-block-image size-large\"><img loading=\"lazy\" decoding=\"async\" width=\"1024\" height=\"987\" src=\"https:\/\/me.yrittajat.fi\/app\/uploads\/sites\/81\/2026\/05\/Kukkilintu-1024x987.jpg\" alt=\"\" class=\"wp-image-1758\" srcset=\"https:\/\/me.yrittajat.fi\/app\/uploads\/sites\/81\/2026\/05\/Kukkilintu-1024x987.jpg 1024w, https:\/\/me.yrittajat.fi\/app\/uploads\/sites\/81\/2026\/05\/Kukkilintu-300x289.jpg 300w, https:\/\/me.yrittajat.fi\/app\/uploads\/sites\/81\/2026\/05\/Kukkilintu-768x741.jpg 768w, https:\/\/me.yrittajat.fi\/app\/uploads\/sites\/81\/2026\/05\/Kukkilintu-1536x1481.jpg 1536w, https:\/\/me.yrittajat.fi\/app\/uploads\/sites\/81\/2026\/05\/Kukkilintu.jpg 1985w\" sizes=\"auto, (max-width: 1024px) 100vw, 1024px\" \/><\/figure>\n\n\n\n<p>Koitadesign ammentaa muutenkin paikallisuudesta. Vaatteissa koreilee suomalaisugrilaisen kulttuurin ikivanha symboli ja sielunlintu, kukkilintu.<\/p>\n\n\n\n<p>Suomen it\u00e4isin ja ortodoksisin kunta, satoja vuosia id\u00e4n ja l\u00e4nnen rajamaastona tunnettu seutu, on tarinoiden aarreaitta. Koitadesignissa on kyse suomalaisten, ainakin it\u00e4suomalaisten tarinasta, Hiltunen sanoo.<\/p>\n\n\n\n<p>\u201dL\u00e4hes 20 vuotta Ruotsissa asuneena n\u00e4en, ett\u00e4 kulttuurimme on it\u00e4ist\u00e4 varsinkin t\u00e4\u00e4ll\u00e4 Ilomantsissa. Minusta se on positiivinen asia, ja sen pit\u00e4isi olla ylpeyden aihe.\u201d<\/p>\n\n\n\n<p><em>Kirjoittaja:<br>Heikki Hamunen<br>Simana Oy<\/em><br><br>Kuvat:<br>Koitadesign<\/p>\n","protected":false},"excerpt":{"rendered":"<p>Paluumuuttaja Pohjois-Karjalassa: It\u00e4isen kulttuurimme pit\u00e4isi olla ylpeyden aihe Moderni k\u00e4sity\u00f6l\u00e4inen ei valmista kaikkea itse vaan hankkii palveluja muiltakin. N\u00e4in tekee Manner-EU:n it\u00e4isimpiin yritt\u00e4jiin lukeutuva Eija Irene Hiltunen, kun h\u00e4n p\u00e4ivitt\u00e4\u00e4 kansanvaatteita 2020-luvulle. Kansakoulu sata vuotta sitten. Tukikohta ja kentt\u00e4sairaala sotavuosina. Nykyisin matkailijoiden majoituskohde. Suomen ja Manner-EU:n it\u00e4isimm\u00e4ss\u00e4 nurkassa, Ilomantsin Kuuksenvaarassa seisova vanha kyl\u00e4koulu on l\u00f6yt\u00e4nyt &hellip; <a href=\"https:\/\/me.yrittajat.fi\/vastuu-kannattaa\/koitadesign\/\">Lue lis\u00e4\u00e4<\/a><\/p>\n","protected":false},"author":72,"featured_media":0,"parent":0,"menu_order":0,"comment_status":"closed","ping_status":"closed","template":"","meta":{"_acf_changed":false,"footnotes":""},"class_list":["post-1756","page","type-page","status-publish","hentry"],"acf":[],"_links":{"self":[{"href":"https:\/\/me.yrittajat.fi\/vastuu-kannattaa\/wp-json\/wp\/v2\/pages\/1756","targetHints":{"allow":["GET"]}}],"collection":[{"href":"https:\/\/me.yrittajat.fi\/vastuu-kannattaa\/wp-json\/wp\/v2\/pages"}],"about":[{"href":"https:\/\/me.yrittajat.fi\/vastuu-kannattaa\/wp-json\/wp\/v2\/types\/page"}],"author":[{"embeddable":true,"href":"https:\/\/me.yrittajat.fi\/vastuu-kannattaa\/wp-json\/wp\/v2\/users\/72"}],"replies":[{"embeddable":true,"href":"https:\/\/me.yrittajat.fi\/vastuu-kannattaa\/wp-json\/wp\/v2\/comments?post=1756"}],"version-history":[{"count":1,"href":"https:\/\/me.yrittajat.fi\/vastuu-kannattaa\/wp-json\/wp\/v2\/pages\/1756\/revisions"}],"predecessor-version":[{"id":1761,"href":"https:\/\/me.yrittajat.fi\/vastuu-kannattaa\/wp-json\/wp\/v2\/pages\/1756\/revisions\/1761"}],"wp:attachment":[{"href":"https:\/\/me.yrittajat.fi\/vastuu-kannattaa\/wp-json\/wp\/v2\/media?parent=1756"}],"curies":[{"name":"wp","href":"https:\/\/api.w.org\/{rel}","templated":true}]}}