{"id":2,"date":"2023-12-19T12:36:08","date_gmt":"2023-12-19T10:36:08","guid":{"rendered":"https:\/\/me.yrittajat.fi\/vastuu-kannattaa\/?page_id=2"},"modified":"2026-03-16T10:55:09","modified_gmt":"2026-03-16T08:55:09","slug":"blogi","status":"publish","type":"page","link":"https:\/\/me.yrittajat.fi\/vastuu-kannattaa\/blogi\/","title":{"rendered":"Blogi"},"content":{"rendered":"\n<p>Tervetuloa Vastuullinen yritystoiminta Pohjois-Karjalassa -blogin pariin!<\/p>\n\n\n\n<p>Tulemme jakamaan t\u00e4ss\u00e4 blogissa ajankohtaista tietoa ja inspiraatiota vastuullisuuden maailmasta, sek\u00e4 k\u00e4sittelemme erilaisia aiheita ymp\u00e4rist\u00f6vastuullisuuteen, asiakkaisiin, henkil\u00f6st\u00f6\u00f6n, yhteiskuntaan, kiertotalouteen, ty\u00f6llisyyteen ja viestint\u00e4\u00e4n liittyen. Tervetuloa mukaan matkalle kohti vastuullisempaa ja kest\u00e4v\u00e4mp\u00e4\u00e4 yritystoimintaa Pohjois-Karjalassa! Seuraa blogiamme saadaksesi tietoa ja inspiraatiota vastuullisuuden maailmasta.<\/p>\n\n\n\n<p>Tutustu t\u00e4st\u00e4 blogikirjoituksiimme:<\/p>\n\n\n\n<div class=\"wp-block-media-text is-stacked-on-mobile\" style=\"grid-template-columns:25% auto\"><figure class=\"wp-block-media-text__media\"><a href=\"https:\/\/me.yrittajat.fi\/vastuu-kannattaa\/vapaaehtoinen-kestavyysstandardi-vsme\/\"><img loading=\"lazy\" decoding=\"async\" width=\"1024\" height=\"576\" src=\"https:\/\/me.yrittajat.fi\/app\/uploads\/sites\/81\/2026\/03\/Kopio-Vastuullinen-yritystoiminta45-1024x576.jpg\" alt=\"\" class=\"wp-image-1723 size-full\" srcset=\"https:\/\/me.yrittajat.fi\/app\/uploads\/sites\/81\/2026\/03\/Kopio-Vastuullinen-yritystoiminta45-1024x576.jpg 1024w, https:\/\/me.yrittajat.fi\/app\/uploads\/sites\/81\/2026\/03\/Kopio-Vastuullinen-yritystoiminta45-300x169.jpg 300w, https:\/\/me.yrittajat.fi\/app\/uploads\/sites\/81\/2026\/03\/Kopio-Vastuullinen-yritystoiminta45-768x432.jpg 768w, https:\/\/me.yrittajat.fi\/app\/uploads\/sites\/81\/2026\/03\/Kopio-Vastuullinen-yritystoiminta45-1536x864.jpg 1536w, https:\/\/me.yrittajat.fi\/app\/uploads\/sites\/81\/2026\/03\/Kopio-Vastuullinen-yritystoiminta45-318x178.jpg 318w, https:\/\/me.yrittajat.fi\/app\/uploads\/sites\/81\/2026\/03\/Kopio-Vastuullinen-yritystoiminta45-1364x768.jpg 1364w, https:\/\/me.yrittajat.fi\/app\/uploads\/sites\/81\/2026\/03\/Kopio-Vastuullinen-yritystoiminta45.jpg 1920w\" sizes=\"auto, (max-width: 1024px) 100vw, 1024px\" \/><\/a><\/figure><div class=\"wp-block-media-text__content\">\n<p><strong>Vapaaehtoinen kest\u00e4vyysstandardi VSME<\/strong><\/p>\n<\/div><\/div>\n\n\n\n<div class=\"wp-block-media-text is-stacked-on-mobile\" style=\"grid-template-columns:25% auto\"><figure class=\"wp-block-media-text__media\"><a href=\"https:\/\/me.yrittajat.fi\/vastuu-kannattaa\/kiertotalous-hankkeen-paateemana\/\"><img loading=\"lazy\" decoding=\"async\" width=\"932\" height=\"441\" src=\"https:\/\/me.yrittajat.fi\/app\/uploads\/sites\/81\/2025\/12\/Kiertotalous.jpg\" alt=\"\" class=\"wp-image-1574 size-full\" srcset=\"https:\/\/me.yrittajat.fi\/app\/uploads\/sites\/81\/2025\/12\/Kiertotalous.jpg 932w, https:\/\/me.yrittajat.fi\/app\/uploads\/sites\/81\/2025\/12\/Kiertotalous-300x142.jpg 300w, https:\/\/me.yrittajat.fi\/app\/uploads\/sites\/81\/2025\/12\/Kiertotalous-768x363.jpg 768w\" sizes=\"auto, (max-width: 932px) 100vw, 932px\" \/><\/a><\/figure><div class=\"wp-block-media-text__content\">\n<p><strong>Kiertotalous hankkeen p\u00e4\u00e4teemana<\/strong><\/p>\n<\/div><\/div>\n\n\n\n<div class=\"wp-block-media-text is-stacked-on-mobile\" style=\"grid-template-columns:25% auto\"><figure class=\"wp-block-media-text__media\"><a href=\"https:\/\/me.yrittajat.fi\/vastuu-kannattaa\/yritykset-tekevat-jo-ilmastotyota\/\"><img loading=\"lazy\" decoding=\"async\" width=\"932\" height=\"441\" src=\"https:\/\/me.yrittajat.fi\/app\/uploads\/sites\/81\/2025\/10\/Ilmastotyo.jpg\" alt=\"\" class=\"wp-image-1445 size-full\" srcset=\"https:\/\/me.yrittajat.fi\/app\/uploads\/sites\/81\/2025\/10\/Ilmastotyo.jpg 932w, https:\/\/me.yrittajat.fi\/app\/uploads\/sites\/81\/2025\/10\/Ilmastotyo-300x142.jpg 300w, https:\/\/me.yrittajat.fi\/app\/uploads\/sites\/81\/2025\/10\/Ilmastotyo-768x363.jpg 768w\" sizes=\"auto, (max-width: 932px) 100vw, 932px\" \/><\/a><\/figure><div class=\"wp-block-media-text__content\">\n<p><strong>Yritykset tekev\u00e4t jo ilmastoty\u00f6t\u00e4<\/strong><\/p>\n<\/div><\/div>\n\n\n\n<div class=\"wp-block-media-text is-stacked-on-mobile\" style=\"grid-template-columns:25% auto\"><figure class=\"wp-block-media-text__media\"><a href=\"https:\/\/me.yrittajat.fi\/vastuu-kannattaa\/ykn-agenda-2030-tayttaa-10-vuotta\/\"><img loading=\"lazy\" decoding=\"async\" width=\"1024\" height=\"375\" src=\"https:\/\/me.yrittajat.fi\/app\/uploads\/sites\/81\/2025\/09\/FlagDay-1-1024x375.jpg\" alt=\"\" class=\"wp-image-1399 size-full\" srcset=\"https:\/\/me.yrittajat.fi\/app\/uploads\/sites\/81\/2025\/09\/FlagDay-1-1024x375.jpg 1024w, https:\/\/me.yrittajat.fi\/app\/uploads\/sites\/81\/2025\/09\/FlagDay-1-300x110.jpg 300w, https:\/\/me.yrittajat.fi\/app\/uploads\/sites\/81\/2025\/09\/FlagDay-1-768x282.jpg 768w, https:\/\/me.yrittajat.fi\/app\/uploads\/sites\/81\/2025\/09\/FlagDay-1.jpg 1200w\" sizes=\"auto, (max-width: 1024px) 100vw, 1024px\" \/><\/a><\/figure><div class=\"wp-block-media-text__content\">\n<p><strong>YK:n Agenda 2030 t\u00e4ytt\u00e4\u00e4 10 vuotta<\/strong><\/p>\n<\/div><\/div>\n\n\n\n<div class=\"wp-block-media-text is-stacked-on-mobile\" style=\"grid-template-columns:25% auto\"><figure class=\"wp-block-media-text__media\"><a href=\"https:\/\/me.yrittajat.fi\/vastuu-kannattaa\/kaikkea-ei-tarvitse-tehda-yksin\/\"><img loading=\"lazy\" decoding=\"async\" width=\"932\" height=\"441\" src=\"https:\/\/me.yrittajat.fi\/app\/uploads\/sites\/81\/2025\/06\/Tyopajapaiva-NETTISIVUILLE-932-x-441-px37-1.jpg\" alt=\"\" class=\"wp-image-1230 size-full\" srcset=\"https:\/\/me.yrittajat.fi\/app\/uploads\/sites\/81\/2025\/06\/Tyopajapaiva-NETTISIVUILLE-932-x-441-px37-1.jpg 932w, https:\/\/me.yrittajat.fi\/app\/uploads\/sites\/81\/2025\/06\/Tyopajapaiva-NETTISIVUILLE-932-x-441-px37-1-300x142.jpg 300w, https:\/\/me.yrittajat.fi\/app\/uploads\/sites\/81\/2025\/06\/Tyopajapaiva-NETTISIVUILLE-932-x-441-px37-1-768x363.jpg 768w\" sizes=\"auto, (max-width: 932px) 100vw, 932px\" \/><\/a><\/figure><div class=\"wp-block-media-text__content\">\n<p><strong>Kaikkea ei tarvitse tehd\u00e4 yksin<\/strong><\/p>\n<\/div><\/div>\n\n\n\n<div class=\"wp-block-media-text is-stacked-on-mobile\" style=\"grid-template-columns:25% auto\"><figure class=\"wp-block-media-text__media\"><a href=\"https:\/\/me.yrittajat.fi\/vastuu-kannattaa\/ilman-arjen-tietosuojatyota-ei-ole-vastuullista-liiketoimintaa\/\"><img loading=\"lazy\" decoding=\"async\" width=\"932\" height=\"441\" src=\"https:\/\/me.yrittajat.fi\/app\/uploads\/sites\/81\/2025\/05\/Tyopajapaiva-NETTISIVUILLE-932-x-441-px33-1.jpg\" alt=\"\" class=\"wp-image-1208 size-full\" srcset=\"https:\/\/me.yrittajat.fi\/app\/uploads\/sites\/81\/2025\/05\/Tyopajapaiva-NETTISIVUILLE-932-x-441-px33-1.jpg 932w, https:\/\/me.yrittajat.fi\/app\/uploads\/sites\/81\/2025\/05\/Tyopajapaiva-NETTISIVUILLE-932-x-441-px33-1-300x142.jpg 300w, https:\/\/me.yrittajat.fi\/app\/uploads\/sites\/81\/2025\/05\/Tyopajapaiva-NETTISIVUILLE-932-x-441-px33-1-768x363.jpg 768w\" sizes=\"auto, (max-width: 932px) 100vw, 932px\" \/><\/a><\/figure><div class=\"wp-block-media-text__content\">\n<p><strong>Vastuullisuus &amp; tietosuoja<\/strong><\/p>\n<\/div><\/div>\n\n\n\n<div class=\"wp-block-media-text is-stacked-on-mobile\" style=\"grid-template-columns:25% auto\"><figure class=\"wp-block-media-text__media\"><a href=\"https:\/\/me.yrittajat.fi\/vastuu-kannattaa\/omnibus\/\"><img loading=\"lazy\" decoding=\"async\" width=\"932\" height=\"441\" src=\"https:\/\/me.yrittajat.fi\/app\/uploads\/sites\/81\/2025\/04\/Tyopajapaiva-NETTISIVUILLE-932-x-441-px31.jpg\" alt=\"\" class=\"wp-image-1143 size-full\" srcset=\"https:\/\/me.yrittajat.fi\/app\/uploads\/sites\/81\/2025\/04\/Tyopajapaiva-NETTISIVUILLE-932-x-441-px31.jpg 932w, https:\/\/me.yrittajat.fi\/app\/uploads\/sites\/81\/2025\/04\/Tyopajapaiva-NETTISIVUILLE-932-x-441-px31-300x142.jpg 300w, https:\/\/me.yrittajat.fi\/app\/uploads\/sites\/81\/2025\/04\/Tyopajapaiva-NETTISIVUILLE-932-x-441-px31-768x363.jpg 768w\" sizes=\"auto, (max-width: 932px) 100vw, 932px\" \/><\/a><\/figure><div class=\"wp-block-media-text__content\">\n<p><strong>Yritt\u00e4j\u00e4, sinun valinnoillasi on v\u00e4li\u00e4<\/strong><\/p>\n<\/div><\/div>\n\n\n\n<div class=\"wp-block-media-text is-stacked-on-mobile\" style=\"grid-template-columns:25% auto\"><figure class=\"wp-block-media-text__media\"><a href=\"https:\/\/me.yrittajat.fi\/vastuu-kannattaa\/kiertotalouden-liiketoiminta-mahdollisuudet\/\"><img loading=\"lazy\" decoding=\"async\" width=\"932\" height=\"441\" src=\"https:\/\/me.yrittajat.fi\/app\/uploads\/sites\/81\/2025\/03\/Tyopajapaiva-NETTISIVUILLE-932-x-441-px29.jpg\" alt=\"\" class=\"wp-image-1128 size-full\" srcset=\"https:\/\/me.yrittajat.fi\/app\/uploads\/sites\/81\/2025\/03\/Tyopajapaiva-NETTISIVUILLE-932-x-441-px29.jpg 932w, https:\/\/me.yrittajat.fi\/app\/uploads\/sites\/81\/2025\/03\/Tyopajapaiva-NETTISIVUILLE-932-x-441-px29-300x142.jpg 300w, https:\/\/me.yrittajat.fi\/app\/uploads\/sites\/81\/2025\/03\/Tyopajapaiva-NETTISIVUILLE-932-x-441-px29-768x363.jpg 768w\" sizes=\"auto, (max-width: 932px) 100vw, 932px\" \/><\/a><\/figure><div class=\"wp-block-media-text__content\">\n<p><strong>Kiertotalouden liiketoiminta-mahdollisuudet<\/strong><\/p>\n<\/div><\/div>\n\n\n\n<div class=\"wp-block-media-text is-stacked-on-mobile\" style=\"grid-template-columns:25% auto\"><figure class=\"wp-block-media-text__media\"><a href=\"https:\/\/me.yrittajat.fi\/vastuu-kannattaa\/vastuullisuuskysely\/\"><img loading=\"lazy\" decoding=\"async\" width=\"932\" height=\"441\" src=\"https:\/\/me.yrittajat.fi\/app\/uploads\/sites\/81\/2025\/03\/Vastuullisuuskysely-2-1.jpg\" alt=\"\" class=\"wp-image-1094 size-full\" srcset=\"https:\/\/me.yrittajat.fi\/app\/uploads\/sites\/81\/2025\/03\/Vastuullisuuskysely-2-1.jpg 932w, https:\/\/me.yrittajat.fi\/app\/uploads\/sites\/81\/2025\/03\/Vastuullisuuskysely-2-1-300x142.jpg 300w, https:\/\/me.yrittajat.fi\/app\/uploads\/sites\/81\/2025\/03\/Vastuullisuuskysely-2-1-768x363.jpg 768w\" sizes=\"auto, (max-width: 932px) 100vw, 932px\" \/><\/a><\/figure><div class=\"wp-block-media-text__content\">\n<p><strong>Vastuullisuuskyselyn koonti<\/strong><\/p>\n<\/div><\/div>\n\n\n\n<div class=\"wp-block-media-text is-stacked-on-mobile\" style=\"grid-template-columns:25% auto\"><figure class=\"wp-block-media-text__media\"><a href=\"https:\/\/me.yrittajat.fi\/vastuu-kannattaa\/mika-on-yrityksesi-ekosuunnittelustrategia\/\"><img loading=\"lazy\" decoding=\"async\" width=\"932\" height=\"441\" src=\"https:\/\/me.yrittajat.fi\/app\/uploads\/sites\/81\/2025\/03\/Tyopajapaiva-NETTISIVUILLE-932-x-441-px30.jpg\" alt=\"\" class=\"wp-image-1131 size-full\" srcset=\"https:\/\/me.yrittajat.fi\/app\/uploads\/sites\/81\/2025\/03\/Tyopajapaiva-NETTISIVUILLE-932-x-441-px30.jpg 932w, https:\/\/me.yrittajat.fi\/app\/uploads\/sites\/81\/2025\/03\/Tyopajapaiva-NETTISIVUILLE-932-x-441-px30-300x142.jpg 300w, https:\/\/me.yrittajat.fi\/app\/uploads\/sites\/81\/2025\/03\/Tyopajapaiva-NETTISIVUILLE-932-x-441-px30-768x363.jpg 768w\" sizes=\"auto, (max-width: 932px) 100vw, 932px\" \/><\/a><\/figure><div class=\"wp-block-media-text__content\">\n<p><strong>Mik\u00e4 on yrityksesi ekosuunnittelustrategia?<\/strong><\/p>\n<\/div><\/div>\n\n\n\n<div class=\"wp-block-media-text is-stacked-on-mobile\" style=\"grid-template-columns:25% auto\"><figure class=\"wp-block-media-text__media\"><a href=\"https:\/\/me.yrittajat.fi\/vastuu-kannattaa\/kestavyysraportointi-koskee-yha-useampaa-yritysta\/\"><img loading=\"lazy\" decoding=\"async\" width=\"932\" height=\"441\" src=\"https:\/\/me.yrittajat.fi\/vastuu-kannattaa\/app\/uploads\/sites\/81\/2024\/09\/tyopajapaiva-nettisivuille-932-x-441-px10.jpg\" alt=\"\" class=\"wp-image-855 size-full\" srcset=\"https:\/\/me.yrittajat.fi\/app\/uploads\/sites\/81\/2024\/09\/tyopajapaiva-nettisivuille-932-x-441-px10.jpg 932w, https:\/\/me.yrittajat.fi\/app\/uploads\/sites\/81\/2024\/09\/tyopajapaiva-nettisivuille-932-x-441-px10-300x142.jpg 300w, https:\/\/me.yrittajat.fi\/app\/uploads\/sites\/81\/2024\/09\/tyopajapaiva-nettisivuille-932-x-441-px10-768x363.jpg 768w\" sizes=\"auto, (max-width: 932px) 100vw, 932px\" \/><\/a><\/figure><div class=\"wp-block-media-text__content\">\n<p><span class=\"tinyMce-placeholder\"><strong>Kest\u00e4vyysraportointi koskee yh\u00e4 useampaa yrityst\u00e4 <\/strong><\/span><\/p>\n<\/div><\/div>\n\n\n\n<div class=\"wp-block-media-text is-stacked-on-mobile\" style=\"grid-template-columns:25% auto\"><figure class=\"wp-block-media-text__media\"><a href=\"https:\/\/me.yrittajat.fi\/vastuu-kannattaa\/vastuullisuus-yritysten-uusi-normaali\/\"><img loading=\"lazy\" decoding=\"async\" width=\"932\" height=\"441\" src=\"https:\/\/me.yrittajat.fi\/vastuu-kannattaa\/app\/uploads\/sites\/81\/2024\/06\/tyopajapaiva-nettisivuille-932-x-441-px5.jpg\" alt=\"\" class=\"wp-image-691 size-full\" srcset=\"https:\/\/me.yrittajat.fi\/app\/uploads\/sites\/81\/2024\/06\/tyopajapaiva-nettisivuille-932-x-441-px5.jpg 932w, https:\/\/me.yrittajat.fi\/app\/uploads\/sites\/81\/2024\/06\/tyopajapaiva-nettisivuille-932-x-441-px5-300x142.jpg 300w, https:\/\/me.yrittajat.fi\/app\/uploads\/sites\/81\/2024\/06\/tyopajapaiva-nettisivuille-932-x-441-px5-768x363.jpg 768w\" sizes=\"auto, (max-width: 932px) 100vw, 932px\" \/><\/a><\/figure><div class=\"wp-block-media-text__content\">\n<p><strong>Vastuullisuus \u2013 Yritysten uusi normaali<\/strong><\/p>\n<\/div><\/div>\n\n\n\n<div class=\"wp-block-media-text is-stacked-on-mobile\" style=\"grid-template-columns:25% auto\"><figure class=\"wp-block-media-text__media\"><a href=\"https:\/\/me.yrittajat.fi\/vastuu-kannattaa\/pk-yritysbarometri-2024\/\"><img loading=\"lazy\" decoding=\"async\" width=\"932\" height=\"441\" src=\"https:\/\/me.yrittajat.fi\/vastuu-kannattaa\/app\/uploads\/sites\/81\/2024\/03\/tyopajapaiva-nettisivuille-932-x-441-px3-1.jpg\" alt=\"\" class=\"wp-image-629 size-full\" srcset=\"https:\/\/me.yrittajat.fi\/app\/uploads\/sites\/81\/2024\/03\/tyopajapaiva-nettisivuille-932-x-441-px3-1.jpg 932w, https:\/\/me.yrittajat.fi\/app\/uploads\/sites\/81\/2024\/03\/tyopajapaiva-nettisivuille-932-x-441-px3-1-300x142.jpg 300w, https:\/\/me.yrittajat.fi\/app\/uploads\/sites\/81\/2024\/03\/tyopajapaiva-nettisivuille-932-x-441-px3-1-768x363.jpg 768w\" sizes=\"auto, (max-width: 932px) 100vw, 932px\" \/><\/a><\/figure><div class=\"wp-block-media-text__content\">\n<p><strong>Yritysten tekem\u00e4t ilmastotoimet nyt pk-yritysbarometrissa<\/strong>&nbsp;<\/p>\n<\/div><\/div>\n\n\n\n<div class=\"wp-block-media-text is-stacked-on-mobile\" style=\"grid-template-columns:25% auto\"><figure class=\"wp-block-media-text__media\"><a href=\"https:\/\/me.yrittajat.fi\/vastuu-kannattaa\/avoimuus-taklaa-viherpesun\/\"><img loading=\"lazy\" decoding=\"async\" width=\"932\" height=\"441\" src=\"https:\/\/me.yrittajat.fi\/vastuu-kannattaa\/app\/uploads\/sites\/81\/2024\/02\/kestava-kehitys-nettisvuille.jpg\" alt=\"\" class=\"wp-image-512 size-full\" srcset=\"https:\/\/me.yrittajat.fi\/app\/uploads\/sites\/81\/2024\/02\/kestava-kehitys-nettisvuille.jpg 932w, https:\/\/me.yrittajat.fi\/app\/uploads\/sites\/81\/2024\/02\/kestava-kehitys-nettisvuille-300x142.jpg 300w, https:\/\/me.yrittajat.fi\/app\/uploads\/sites\/81\/2024\/02\/kestava-kehitys-nettisvuille-768x363.jpg 768w\" sizes=\"auto, (max-width: 932px) 100vw, 932px\" \/><\/a><\/figure><div class=\"wp-block-media-text__content\">\n<p><strong>Avoimuus taklaa viherpesun<\/strong><\/p>\n<\/div><\/div>\n\n\n\n<div class=\"wp-block-media-text alignwide\" style=\"grid-template-columns:25% auto\"><figure class=\"wp-block-media-text__media\"><a href=\"https:\/\/me.yrittajat.fi\/vastuu-kannattaa\/yritysvastuu\/\"><img loading=\"lazy\" decoding=\"async\" width=\"932\" height=\"441\" src=\"https:\/\/me.yrittajat.fi\/vastuu-kannattaa\/app\/uploads\/sites\/81\/2024\/01\/kestava-kehitys-nettisvuille1-3.png\" alt=\"\" class=\"wp-image-440 size-full\" srcset=\"https:\/\/me.yrittajat.fi\/app\/uploads\/sites\/81\/2024\/01\/kestava-kehitys-nettisvuille1-3.png 932w, https:\/\/me.yrittajat.fi\/app\/uploads\/sites\/81\/2024\/01\/kestava-kehitys-nettisvuille1-3-300x142.png 300w, https:\/\/me.yrittajat.fi\/app\/uploads\/sites\/81\/2024\/01\/kestava-kehitys-nettisvuille1-3-768x363.png 768w\" sizes=\"auto, (max-width: 932px) 100vw, 932px\" \/><\/a><\/figure><div class=\"wp-block-media-text__content\">\n<p><strong>Yritysvastuu &#8211; Kest\u00e4v\u00e4n tulevaisuuden rakentajat<\/strong><\/p>\n<\/div><\/div>\n\n\n\n<div class=\"wp-block-media-text alignwide\" style=\"grid-template-columns:25% auto\"><figure class=\"wp-block-media-text__media\"><a href=\"https:\/\/me.yrittajat.fi\/vastuu-kannattaa\/henkiloston-hyvinvointi\/\"><img loading=\"lazy\" decoding=\"async\" width=\"932\" height=\"441\" src=\"https:\/\/me.yrittajat.fi\/vastuu-kannattaa\/app\/uploads\/sites\/81\/2024\/01\/kestava-kehitys-nettisvuille1-2.png\" alt=\"\" class=\"wp-image-422 size-full\" srcset=\"https:\/\/me.yrittajat.fi\/app\/uploads\/sites\/81\/2024\/01\/kestava-kehitys-nettisvuille1-2.png 932w, https:\/\/me.yrittajat.fi\/app\/uploads\/sites\/81\/2024\/01\/kestava-kehitys-nettisvuille1-2-300x142.png 300w, https:\/\/me.yrittajat.fi\/app\/uploads\/sites\/81\/2024\/01\/kestava-kehitys-nettisvuille1-2-768x363.png 768w\" sizes=\"auto, (max-width: 932px) 100vw, 932px\" \/><\/a><\/figure><div class=\"wp-block-media-text__content\">\n<p><strong>Henkil\u00f6st\u00f6n hyvinvointi &#8211; Sosiaalinen vastuu<\/strong><\/p>\n<\/div><\/div>\n\n\n\n<div class=\"wp-block-media-text alignwide\" style=\"grid-template-columns:25% auto\"><figure class=\"wp-block-media-text__media\"><a href=\"https:\/\/me.yrittajat.fi\/vastuu-kannattaa\/sdg\/\"><img loading=\"lazy\" decoding=\"async\" width=\"1024\" height=\"663\" src=\"https:\/\/me.yrittajat.fi\/vastuu-kannattaa\/app\/uploads\/sites\/81\/2024\/01\/yk-kestavan-kehityksen-17-tavoitetta-1-1024x663.jpg\" alt=\"\" class=\"wp-image-298 size-full\" srcset=\"https:\/\/me.yrittajat.fi\/app\/uploads\/sites\/81\/2024\/01\/yk-kestavan-kehityksen-17-tavoitetta-1-1024x663.jpg 1024w, https:\/\/me.yrittajat.fi\/app\/uploads\/sites\/81\/2024\/01\/yk-kestavan-kehityksen-17-tavoitetta-1-300x194.jpg 300w, https:\/\/me.yrittajat.fi\/app\/uploads\/sites\/81\/2024\/01\/yk-kestavan-kehityksen-17-tavoitetta-1-768x498.jpg 768w, https:\/\/me.yrittajat.fi\/app\/uploads\/sites\/81\/2024\/01\/yk-kestavan-kehityksen-17-tavoitetta-1-1536x995.jpg 1536w, https:\/\/me.yrittajat.fi\/app\/uploads\/sites\/81\/2024\/01\/yk-kestavan-kehityksen-17-tavoitetta-1-2048x1327.jpg 2048w\" sizes=\"auto, (max-width: 1024px) 100vw, 1024px\" \/><\/a><\/figure><div class=\"wp-block-media-text__content\">\n<p class=\"has-text-align-left\"><strong>SDG &#8211; Kest\u00e4v\u00e4n kehityksen tavoitteet<\/strong><\/p>\n<\/div><\/div>\n","protected":false},"excerpt":{"rendered":"<p>Tervetuloa Vastuullinen yritystoiminta Pohjois-Karjalassa -blogin pariin! Tulemme jakamaan t\u00e4ss\u00e4 blogissa ajankohtaista tietoa ja inspiraatiota vastuullisuuden maailmasta, sek\u00e4 k\u00e4sittelemme erilaisia aiheita ymp\u00e4rist\u00f6vastuullisuuteen, asiakkaisiin, henkil\u00f6st\u00f6\u00f6n, yhteiskuntaan, kiertotalouteen, ty\u00f6llisyyteen ja viestint\u00e4\u00e4n liittyen. Tervetuloa mukaan matkalle kohti vastuullisempaa ja kest\u00e4v\u00e4mp\u00e4\u00e4 yritystoimintaa Pohjois-Karjalassa! Seuraa blogiamme saadaksesi tietoa ja inspiraatiota vastuullisuuden maailmasta. Tutustu t\u00e4st\u00e4 blogikirjoituksiimme: Vapaaehtoinen kest\u00e4vyysstandardi VSME Kiertotalous hankkeen p\u00e4\u00e4teemana &hellip; <a href=\"https:\/\/me.yrittajat.fi\/vastuu-kannattaa\/blogi\/\">Lue lis\u00e4\u00e4<\/a><\/p>\n","protected":false},"author":72,"featured_media":410,"parent":0,"menu_order":0,"comment_status":"closed","ping_status":"closed","template":"","meta":{"_acf_changed":false,"footnotes":""},"class_list":["post-2","page","type-page","status-publish","has-post-thumbnail","hentry"],"acf":[],"_links":{"self":[{"href":"https:\/\/me.yrittajat.fi\/vastuu-kannattaa\/wp-json\/wp\/v2\/pages\/2","targetHints":{"allow":["GET"]}}],"collection":[{"href":"https:\/\/me.yrittajat.fi\/vastuu-kannattaa\/wp-json\/wp\/v2\/pages"}],"about":[{"href":"https:\/\/me.yrittajat.fi\/vastuu-kannattaa\/wp-json\/wp\/v2\/types\/page"}],"author":[{"embeddable":true,"href":"https:\/\/me.yrittajat.fi\/vastuu-kannattaa\/wp-json\/wp\/v2\/users\/72"}],"replies":[{"embeddable":true,"href":"https:\/\/me.yrittajat.fi\/vastuu-kannattaa\/wp-json\/wp\/v2\/comments?post=2"}],"version-history":[{"count":5,"href":"https:\/\/me.yrittajat.fi\/vastuu-kannattaa\/wp-json\/wp\/v2\/pages\/2\/revisions"}],"predecessor-version":[{"id":1724,"href":"https:\/\/me.yrittajat.fi\/vastuu-kannattaa\/wp-json\/wp\/v2\/pages\/2\/revisions\/1724"}],"wp:featuredmedia":[{"embeddable":true,"href":"https:\/\/me.yrittajat.fi\/vastuu-kannattaa\/wp-json\/wp\/v2\/media\/410"}],"wp:attachment":[{"href":"https:\/\/me.yrittajat.fi\/vastuu-kannattaa\/wp-json\/wp\/v2\/media?parent=2"}],"curies":[{"name":"wp","href":"https:\/\/api.w.org\/{rel}","templated":true}]}}