{"id":607,"date":"2024-03-27T10:26:12","date_gmt":"2024-03-27T08:26:12","guid":{"rendered":"https:\/\/me.yrittajat.fi\/vastuu-kannattaa\/?page_id=607"},"modified":"2024-03-27T10:34:32","modified_gmt":"2024-03-27T08:34:32","slug":"pk-yritysbarometri-2024","status":"publish","type":"page","link":"https:\/\/me.yrittajat.fi\/vastuu-kannattaa\/pk-yritysbarometri-2024\/","title":{"rendered":"Pk-yritysbarometri\u00a02024"},"content":{"rendered":"\n<p><strong>Yritysten tekem\u00e4t ilmastotoimet nyt pk-yritysbarometrissa<\/strong>\u00a0<br><br>Oletko jo tutustunut tuoreeseen 2024 vuoden pk-yritysbarometriin, jonka ovat julkaisseet Suomen Yritt\u00e4j\u00e4t, Finnvera ja elinkeinoministeri\u00f6? <br><a href=\"https:\/\/www.yrittajat.fi\/tutkimukset\/pk-yritysbarometri-1-2024\/\">Tutustu barometriin t\u00e4st\u00e4<\/a><\/p>\n\n\n\n<p>Barometrin tulokset tarjoavat kattavan kuvan pienten ja keskisuurten yritysten toiminnasta sek\u00e4 niiden taloudellisesta toimintaymp\u00e4rist\u00f6st\u00e4. Barometrissa keskityt\u00e4\u00e4n analysoimaan pk-yritysten mm. suhdanneodotuksia, kasvun\u00e4kymi\u00e4, kehityssuuntia sek\u00e4 rahoitustilannetta ja ilmastotoimien vaikutuksia yrityksiin.&nbsp;&nbsp;<\/p>\n\n\n\n<p>Ilmastomuutos, luontokato ja yritysvastuu ovat ansainneet paikkansa t\u00e4m\u00e4nhetkisess\u00e4 yhteiskunnallisessa keskustelussa. Yrityksill\u00e4 on merkitt\u00e4v\u00e4 osa ilmastohaasteiden ratkaisemisessa, niiden rooli uusien v\u00e4h\u00e4hiilisten innovaatioiden kehitt\u00e4misess\u00e4 on korvaamaton. Lis\u00e4ksi yritykset ovat keskeisess\u00e4 asemassa raaka-ainetuotannon kest\u00e4vien k\u00e4yt\u00e4nt\u00f6jen edist\u00e4misess\u00e4 ja kiertotalouden periaatteiden juurruttamisessa.&nbsp;<\/p>\n\n\n\n<p>Tulevat muutokset muovaavat v\u00e4ist\u00e4m\u00e4tt\u00e4 markkinoita ja vaikuttavat yritysten toimintaan entist\u00e4 laajemmin. Markkinoiden tuleva kehitys riippuu teknologian edistyksest\u00e4 sek\u00e4 kuluttajien ja asiakkaiden vaatimista muutoksista. Suurimmalle osalle yritt\u00e4jist\u00e4 n\u00e4m\u00e4 muutokset tulevat olemaan merkitt\u00e4vi\u00e4. Joillekin yrityksille muutos tarjoaa paljon hy\u00f6tyj\u00e4 ja mahdollisuuksia, kun taas toisille se asettaa uusia haasteita.&nbsp;<\/p>\n\n\n\n<p>PK barometri ottaakin k\u00e4sittelyyn ilmastotoimien vaikutukset yrityksiin ja tarkastelee yritysten valmiudet vastata ilmastonmuutoksen haasteisiin. Mielenkiintoista on my\u00f6s, ett\u00e4 barometrissa on vertailtavissa kesken\u00e4\u00e4n vuosien 2022 ja 2024 kyselyihin vastanneiden yritysten dataa, jolloin voidaan arvioida ilmastoaiheisten kysymysten kehityskulkua yritysten n\u00e4k\u00f6kulmasta.&nbsp;<\/p>\n\n\n\n<p><strong><a href=\"https:\/\/www.yrittajat.fi\/app\/uploads\/2024\/02\/8530_pk-baro_kevat-2024_alue_pohjois-karjalan_yrittajat.pdf\">Pk-yritysbarometrin luvut Pohjois-Karjalasta<\/a><\/strong><\/p>\n\n\n\n<p>Barometrin mukaan 27 % pohjoiskarjalaisista pk-yrityksist\u00e4 on jo arvioinut liiketoimintansa ilmastovaikutuksia. T\u00e4m\u00e4 prosenttiosuus ylitt\u00e4\u00e4 hieman koko maan keskiarvon, joka on 22 %. Raportista n\u00e4kyy, ett\u00e4 ilmastovaikutusten huomioon ottaminen on tyypillisemp\u00e4\u00e4 suuremmissa pk-yrityksiss\u00e4.&nbsp;<\/p>\n\n\n\n<p>Ilmastovaikutuksensa kartoittaneista pohjoiskarjalaisista yrityksist\u00e4 l\u00e4hes puolet on tarkemmin selvitt\u00e4nyt tai laskenut oman liiketoimintansa hiilijalanj\u00e4ljen. T\u00e4m\u00e4 osuus on kasvanut l\u00e4hes kymmenell\u00e4 prosenttiyksik\u00f6ll\u00e4 viimeisen kahden vuoden aikana, mik\u00e4 on esimerkillinen saavutus valtakunnallisiin lukuihin verrattuna.&nbsp;<\/p>\n\n\n\n<figure class=\"wp-block-image size-large\"><a href=\"https:\/\/www.yrittajat.fi\/app\/uploads\/2024\/02\/8530_pk-baro_kevat-2024_alue_pohjois-karjalan_yrittajat.pdf\"><img loading=\"lazy\" decoding=\"async\" width=\"1024\" height=\"575\" src=\"https:\/\/me.yrittajat.fi\/vastuu-kannattaa\/app\/uploads\/sites\/81\/2024\/03\/nayttokuva-2024-3-26-kello-13.16.59-1024x575.png\" alt=\"\" class=\"wp-image-611\" srcset=\"https:\/\/me.yrittajat.fi\/app\/uploads\/sites\/81\/2024\/03\/nayttokuva-2024-3-26-kello-13.16.59-1024x575.png 1024w, https:\/\/me.yrittajat.fi\/app\/uploads\/sites\/81\/2024\/03\/nayttokuva-2024-3-26-kello-13.16.59-300x169.png 300w, https:\/\/me.yrittajat.fi\/app\/uploads\/sites\/81\/2024\/03\/nayttokuva-2024-3-26-kello-13.16.59-768x432.png 768w, https:\/\/me.yrittajat.fi\/app\/uploads\/sites\/81\/2024\/03\/nayttokuva-2024-3-26-kello-13.16.59-1536x863.png 1536w, https:\/\/me.yrittajat.fi\/app\/uploads\/sites\/81\/2024\/03\/nayttokuva-2024-3-26-kello-13.16.59-2048x1151.png 2048w, https:\/\/me.yrittajat.fi\/app\/uploads\/sites\/81\/2024\/03\/nayttokuva-2024-3-26-kello-13.16.59-318x178.png 318w\" sizes=\"auto, (max-width: 1024px) 100vw, 1024px\" \/><\/a><\/figure>\n\n\n\n<p><a href=\"https:\/\/www.yrittajat.fi\/app\/uploads\/2024\/02\/8530_pk-baro_kevat-2024_alue_pohjois-karjalan_yrittajat.pdf\">L\u00e4hde<\/a><br><br>Lis\u00e4ksi noin kymmenesosa yrityksist\u00e4 on asettanut itselleen p\u00e4\u00e4st\u00f6v\u00e4hennys- tai hiilineutraalisuustavoitteita, ja viidennes aikoo tehd\u00e4 niin l\u00e4hitulevaisuudessa. Kuitenkin 64 % Pohjois-Karjalan yrityksist\u00e4 ei ole asettanut eik\u00e4 n\u00e4e tarvetta asettaa l\u00e4hiaikoina p\u00e4\u00e4st\u00f6v\u00e4hennys- tai hiilineutraalisuustavoitteita. Vaikka t\u00e4m\u00e4 prosenttiosuus on suuri, on se silti toiseksi paras tulos valtakunnallisesti ja merkitt\u00e4v\u00e4sti parantunut kahden vuoden takaiseen tilanteeseen verrattuna, jolloin vastaava luku oli viel\u00e4 77 % \u2013 korkein koko maassa. T\u00e4m\u00e4 kehitys osoittaa, ett\u00e4 pohjoiskarjalaiset yritykset ovat yh\u00e4 tietoisempia ilmastotoimiensa merkityksest\u00e4.&nbsp;<\/p>\n\n\n\n<p>Barometrin mukaan puolet pohjoiskarjalaisista yrityksist\u00e4 on jo ryhtynyt toimiin v\u00e4hent\u00e4m\u00e4\u00e4n liiketoimintansa ilmastovaikutuksia. Yleisimpi\u00e4 n\u00e4ist\u00e4 toimenpiteist\u00e4 ovat kierr\u00e4tyksen lis\u00e4\u00e4minen sek\u00e4 materiaalien ja energian k\u00e4yt\u00f6n tehokkuuden parantaminen.<\/p>\n\n\n\n<figure class=\"wp-block-image size-large\"><a href=\"https:\/\/www.yrittajat.fi\/app\/uploads\/2024\/02\/8530_pk-baro_kevat-2024_alue_pohjois-karjalan_yrittajat.pdf\"><img loading=\"lazy\" decoding=\"async\" width=\"1024\" height=\"573\" src=\"https:\/\/me.yrittajat.fi\/vastuu-kannattaa\/app\/uploads\/sites\/81\/2024\/03\/nayttokuva-2024-3-26-kello-13.18.34-1024x573.png\" alt=\"\" class=\"wp-image-614\" srcset=\"https:\/\/me.yrittajat.fi\/app\/uploads\/sites\/81\/2024\/03\/nayttokuva-2024-3-26-kello-13.18.34-1024x573.png 1024w, https:\/\/me.yrittajat.fi\/app\/uploads\/sites\/81\/2024\/03\/nayttokuva-2024-3-26-kello-13.18.34-300x168.png 300w, https:\/\/me.yrittajat.fi\/app\/uploads\/sites\/81\/2024\/03\/nayttokuva-2024-3-26-kello-13.18.34-768x430.png 768w, https:\/\/me.yrittajat.fi\/app\/uploads\/sites\/81\/2024\/03\/nayttokuva-2024-3-26-kello-13.18.34-1536x859.png 1536w, https:\/\/me.yrittajat.fi\/app\/uploads\/sites\/81\/2024\/03\/nayttokuva-2024-3-26-kello-13.18.34-2048x1146.png 2048w, https:\/\/me.yrittajat.fi\/app\/uploads\/sites\/81\/2024\/03\/nayttokuva-2024-3-26-kello-13.18.34-318x178.png 318w\" sizes=\"auto, (max-width: 1024px) 100vw, 1024px\" \/><\/a><\/figure>\n\n\n\n<p><a href=\"https:\/\/www.yrittajat.fi\/app\/uploads\/2024\/02\/8530_pk-baro_kevat-2024_alue_pohjois-karjalan_yrittajat.pdf\">L\u00e4hde<\/a><br><br>Lis\u00e4ksi 28 prosenttia pk-yrityksist\u00e4 on valinnut v\u00e4h\u00e4p\u00e4\u00e4st\u00f6isi\u00e4 tai ymp\u00e4rist\u00f6yst\u00e4v\u00e4llisi\u00e4 ratkaisuja, vaikka taloudellisesti edullisempi, mutta v\u00e4hemm\u00e4n kest\u00e4v\u00e4 vaihtoehto olisi ollut tarjolla. T\u00e4llaisia ratkaisuja ovat muun muassa v\u00e4h\u00e4p\u00e4\u00e4st\u00f6iset tuotteet, ymp\u00e4rist\u00f6yst\u00e4v\u00e4lliset hankinnat toimitusketjuissa sek\u00e4 v\u00e4h\u00e4p\u00e4\u00e4st\u00f6iset vaihtoehdot liikenteess\u00e4 ja logistiikassa. Kuluneen vuoden aikana noin viidennes yrityksist\u00e4 on ottanut k\u00e4ytt\u00f6\u00f6n uusia ty\u00f6skentelytapoja, jotka tukevat p\u00e4\u00e4st\u00f6v\u00e4hennyksi\u00e4, kuten et\u00e4ty\u00f6n lis\u00e4\u00e4misen. https:\/\/me.yrittajat.fi\/vastuu-kannattaa\/henkiloston-hyvinvointi\/&nbsp;<\/p>\n\n\n\n<p>Vastanneista yrityksist\u00e4 58 % kertoo, ett\u00e4 motivaatio toteutettuihin ja\/tai suunniteltuihin toimenpiteisiin ilmastonmuutoksen vaikutusten v\u00e4hent\u00e4miseksi perustuu yrityksen arvoihin ja strategisiin linjauksiin. Lis\u00e4ksi 54 % yrityksist\u00e4 ilmoittaa, ett\u00e4 toimien taustalla on halu lis\u00e4t\u00e4 kustannuss\u00e4\u00e4st\u00f6j\u00e4 ja tehokkuutta. Alle puolet vastaajista mainitsee, ett\u00e4 toimenpiteit\u00e4 on ajettu eteenp\u00e4in erityisesti yrityskuvan kehitt\u00e4misen n\u00e4k\u00f6kulmasta.&nbsp;<\/p>\n\n\n\n<p>Barometrin loppuosassa pk-yrityksilt\u00e4 kysyttiin niiden arviota vihre\u00e4n siirtym\u00e4n hankkeisiin tarvittavista rahoituksista tai avustuksista vuoden 2024 aikana. Pohjois-Karjalan yrityksist\u00e4 14 % arvioi tarvitsevansa t\u00e4llaista rahoitusta.<\/p>\n\n\n\n<figure class=\"wp-block-image size-large\"><a href=\"https:\/\/www.yrittajat.fi\/app\/uploads\/2024\/02\/8530_pk-baro_kevat-2024_alue_pohjois-karjalan_yrittajat.pdf\"><img loading=\"lazy\" decoding=\"async\" width=\"1024\" height=\"572\" src=\"https:\/\/me.yrittajat.fi\/vastuu-kannattaa\/app\/uploads\/sites\/81\/2024\/03\/nayttokuva-2024-3-26-kello-13.19.48-1024x572.png\" alt=\"\" class=\"wp-image-615\" srcset=\"https:\/\/me.yrittajat.fi\/app\/uploads\/sites\/81\/2024\/03\/nayttokuva-2024-3-26-kello-13.19.48-1024x572.png 1024w, https:\/\/me.yrittajat.fi\/app\/uploads\/sites\/81\/2024\/03\/nayttokuva-2024-3-26-kello-13.19.48-300x167.png 300w, https:\/\/me.yrittajat.fi\/app\/uploads\/sites\/81\/2024\/03\/nayttokuva-2024-3-26-kello-13.19.48-768x429.png 768w, https:\/\/me.yrittajat.fi\/app\/uploads\/sites\/81\/2024\/03\/nayttokuva-2024-3-26-kello-13.19.48-1536x857.png 1536w, https:\/\/me.yrittajat.fi\/app\/uploads\/sites\/81\/2024\/03\/nayttokuva-2024-3-26-kello-13.19.48-2048x1143.png 2048w, https:\/\/me.yrittajat.fi\/app\/uploads\/sites\/81\/2024\/03\/nayttokuva-2024-3-26-kello-13.19.48-318x178.png 318w\" sizes=\"auto, (max-width: 1024px) 100vw, 1024px\" \/><\/a><\/figure>\n\n\n\n<p><a href=\"https:\/\/www.yrittajat.fi\/app\/uploads\/2024\/02\/8530_pk-baro_kevat-2024_alue_pohjois-karjalan_yrittajat.pdf\">L\u00e4hde<\/a><br><br>Huomattavaa kuitenkin on, ett\u00e4 74 % vastaajista ei ole tietoisia heille mahdollisesti saatavilla olevista vihre\u00e4n siirtym\u00e4n rahoitusvaihtoehdoista. T\u00e4m\u00e4 korostaa tarvetta lis\u00e4t\u00e4 tietoisuutta vihre\u00e4n siirtym\u00e4n tukimuodoista. Vastuullinen yritystoiminta Pohjois-Karjalassa -kehitt\u00e4misohjelma kutsuukin yrityksi\u00e4 mukaan <a href=\"https:\/\/www.lyyti.in\/julkiset_hankinnat_joensuu_seminaari\">teemaseminaariin<\/a>, jossa on mahdollisuus syvent\u00e4\u00e4 ymm\u00e4rryst\u00e4\u00e4n vastuullisuuden roolista sek\u00e4 hankinnoissa ett\u00e4 rahoituksissa.&nbsp;<\/p>\n\n\n\n<p>J\u00e4rjest\u00e4mme siis teemap\u00e4iv\u00e4n:&nbsp;<\/p>\n\n\n\n<p><strong>Vastuullisuus hankinnoissa ja rahoituksissa &#8211; Kuinka varautua muuttuviin vaatimuksiin 10.4.2024<\/strong><br><a href=\"https:\/\/www.lyyti.in\/julkiset_hankinnat_joensuu_seminaari\">Lue lis\u00e4\u00e4 seminaarista t\u00e4st\u00e4<\/a><\/p>\n\n\n\n<p>T\u00e4m\u00e4 seminaari on erinomainen tilaisuus paitsi laajentaa tiet\u00e4myst\u00e4, my\u00f6s varautua tulevaisuuden vaatimuksiin, jotka koskevat vastuullisuutta.&nbsp;&nbsp;<\/p>\n\n\n\n<p>Osallistumalla seminaariin saat kattavan k\u00e4sityksen yleisist\u00e4 hankintaohjeistuksista ja tulevaisuuden tuki- ja lainahakemusten vastuullisuusvaatimuksista. Tieto v\u00e4litet\u00e4\u00e4n asiantuntijaluentojen ja konkreettisten case-esimerkkien kautta.&nbsp;<\/p>\n\n\n\n<p>Luennoitsijoiden joukko koostuu alansa asiantuntijoista, mukaan lukien <strong>Pohjois-Karjalan Hankintatoimi, Ilmastokaupunki Joensuu, Pohjois-Karjalan Maakuntaliitto, Finnvera, ELY-keskus, Nordea ja Business Joensuu<\/strong>. Heid\u00e4n asiantuntemuksensa tarjoaa osallistujille ainutlaatuisen n\u00e4kemyksen vastuullisuuden merkityksest\u00e4 nykyp\u00e4iv\u00e4n liiketoimintaymp\u00e4rist\u00f6ss\u00e4.&nbsp;<\/p>\n\n\n\n<p>Tervetuloa mukaan laajentamaan n\u00e4kemyksi\u00e4nne ja verkostoitumaan muiden alueen yritt\u00e4jien kanssa!&nbsp;<\/p>\n\n\n\n<p><em>Kirjoittaja:\u202f<\/em>&nbsp;<\/p>\n\n\n\n<p><strong><em>Gy\u00f6ngyi M\u00e1tray<\/em><\/strong><em>\u202f<\/em>&nbsp;<br><em>Projektip\u00e4\u00e4llikk\u00f6\u202f<\/em>&nbsp;<br><strong><em>Vastuullinen yritystoiminta Pohjois-Karjalassa \u2013 kehitt\u00e4misohjelma<\/em><\/strong><em>\u202f<\/em><\/p>\n","protected":false},"excerpt":{"rendered":"<p>Yritysten tekem\u00e4t ilmastotoimet nyt pk-yritysbarometrissa\u00a0 Oletko jo tutustunut tuoreeseen 2024 vuoden pk-yritysbarometriin, jonka ovat julkaisseet Suomen Yritt\u00e4j\u00e4t, Finnvera ja elinkeinoministeri\u00f6? Tutustu barometriin t\u00e4st\u00e4 Barometrin tulokset tarjoavat kattavan kuvan pienten ja keskisuurten yritysten toiminnasta sek\u00e4 niiden taloudellisesta toimintaymp\u00e4rist\u00f6st\u00e4. Barometrissa keskityt\u00e4\u00e4n analysoimaan pk-yritysten mm. suhdanneodotuksia, kasvun\u00e4kymi\u00e4, kehityssuuntia sek\u00e4 rahoitustilannetta ja ilmastotoimien vaikutuksia yrityksiin.&nbsp;&nbsp; Ilmastomuutos, luontokato ja yritysvastuu &hellip; <a href=\"https:\/\/me.yrittajat.fi\/vastuu-kannattaa\/pk-yritysbarometri-2024\/\">Lue lis\u00e4\u00e4<\/a><\/p>\n","protected":false},"author":72,"featured_media":627,"parent":0,"menu_order":0,"comment_status":"closed","ping_status":"closed","template":"","meta":{"_acf_changed":false,"footnotes":""},"class_list":["post-607","page","type-page","status-publish","has-post-thumbnail","hentry"],"acf":[],"_links":{"self":[{"href":"https:\/\/me.yrittajat.fi\/vastuu-kannattaa\/wp-json\/wp\/v2\/pages\/607","targetHints":{"allow":["GET"]}}],"collection":[{"href":"https:\/\/me.yrittajat.fi\/vastuu-kannattaa\/wp-json\/wp\/v2\/pages"}],"about":[{"href":"https:\/\/me.yrittajat.fi\/vastuu-kannattaa\/wp-json\/wp\/v2\/types\/page"}],"author":[{"embeddable":true,"href":"https:\/\/me.yrittajat.fi\/vastuu-kannattaa\/wp-json\/wp\/v2\/users\/72"}],"replies":[{"embeddable":true,"href":"https:\/\/me.yrittajat.fi\/vastuu-kannattaa\/wp-json\/wp\/v2\/comments?post=607"}],"version-history":[{"count":18,"href":"https:\/\/me.yrittajat.fi\/vastuu-kannattaa\/wp-json\/wp\/v2\/pages\/607\/revisions"}],"predecessor-version":[{"id":632,"href":"https:\/\/me.yrittajat.fi\/vastuu-kannattaa\/wp-json\/wp\/v2\/pages\/607\/revisions\/632"}],"wp:featuredmedia":[{"embeddable":true,"href":"https:\/\/me.yrittajat.fi\/vastuu-kannattaa\/wp-json\/wp\/v2\/media\/627"}],"wp:attachment":[{"href":"https:\/\/me.yrittajat.fi\/vastuu-kannattaa\/wp-json\/wp\/v2\/media?parent=607"}],"curies":[{"name":"wp","href":"https:\/\/api.w.org\/{rel}","templated":true}]}}