{"id":717,"date":"2024-06-28T10:00:24","date_gmt":"2024-06-28T07:00:24","guid":{"rendered":"https:\/\/me.yrittajat.fi\/vastuu-kannattaa\/?page_id=717"},"modified":"2024-12-18T09:19:34","modified_gmt":"2024-12-18T07:19:34","slug":"lukusali","status":"publish","type":"page","link":"https:\/\/me.yrittajat.fi\/vastuu-kannattaa\/lukusali\/","title":{"rendered":"Lukusali"},"content":{"rendered":"\n<p>Tervetuloa Vastuullinen yritystoiminta Pohjois-Karjalassa -kehitt\u00e4misohjelman lukusalii<br><br>Lukusalista l\u00f6yd\u00e4t Vastuu kannattaa blogin, koottuja yritystarinoita, vastuullisuuteen liittyvi\u00e4 uutisia, sek\u00e4 Vastuu kannattaa -uutiskirjeet.<\/p>\n\n\n\n<div class=\"wp-block-media-text is-stacked-on-mobile\" style=\"grid-template-columns:25% auto\"><figure class=\"wp-block-media-text__media\"><a href=\"https:\/\/me.yrittajat.fi\/vastuu-kannattaa\/blogi\/\"><img loading=\"lazy\" decoding=\"async\" width=\"932\" height=\"441\" src=\"https:\/\/me.yrittajat.fi\/vastuu-kannattaa\/app\/uploads\/sites\/81\/2024\/06\/kestava-kehitys-nettisvuille1.jpg\" alt=\"\" class=\"wp-image-672 size-full\" srcset=\"https:\/\/me.yrittajat.fi\/app\/uploads\/sites\/81\/2024\/06\/kestava-kehitys-nettisvuille1.jpg 932w, https:\/\/me.yrittajat.fi\/app\/uploads\/sites\/81\/2024\/06\/kestava-kehitys-nettisvuille1-300x142.jpg 300w, https:\/\/me.yrittajat.fi\/app\/uploads\/sites\/81\/2024\/06\/kestava-kehitys-nettisvuille1-768x363.jpg 768w\" sizes=\"auto, (max-width: 932px) 100vw, 932px\" \/><\/a><\/figure><div class=\"wp-block-media-text__content\">\n<p>Vastuu kannattaa blogi<\/p>\n<\/div><\/div>\n\n\n\n<div class=\"wp-block-media-text is-stacked-on-mobile\" style=\"grid-template-columns:25% auto\"><figure class=\"wp-block-media-text__media\"><a href=\"https:\/\/me.yrittajat.fi\/vastuu-kannattaa\/yritystarinat\/\"><img loading=\"lazy\" decoding=\"async\" width=\"932\" height=\"441\" src=\"https:\/\/me.yrittajat.fi\/vastuu-kannattaa\/app\/uploads\/sites\/81\/2024\/06\/tyopajapaiva-nettisivuille-932-x-441-px7.jpg\" alt=\"\" class=\"wp-image-722 size-full\" srcset=\"https:\/\/me.yrittajat.fi\/app\/uploads\/sites\/81\/2024\/06\/tyopajapaiva-nettisivuille-932-x-441-px7.jpg 932w, https:\/\/me.yrittajat.fi\/app\/uploads\/sites\/81\/2024\/06\/tyopajapaiva-nettisivuille-932-x-441-px7-300x142.jpg 300w, https:\/\/me.yrittajat.fi\/app\/uploads\/sites\/81\/2024\/06\/tyopajapaiva-nettisivuille-932-x-441-px7-768x363.jpg 768w\" sizes=\"auto, (max-width: 932px) 100vw, 932px\" \/><\/a><\/figure><div class=\"wp-block-media-text__content\">\n<p>Yritystarinat<\/p>\n<\/div><\/div>\n\n\n\n<div class=\"wp-block-media-text is-stacked-on-mobile\" style=\"grid-template-columns:25% auto\"><figure class=\"wp-block-media-text__media\"><a href=\"https:\/\/me.yrittajat.fi\/vastuu-kannattaa\/uutiset\/\"><img loading=\"lazy\" decoding=\"async\" width=\"932\" height=\"441\" src=\"https:\/\/me.yrittajat.fi\/vastuu-kannattaa\/app\/uploads\/sites\/81\/2024\/06\/tyopajapaiva-nettisivuille-932-x-441-px6.jpg\" alt=\"\" class=\"wp-image-721 size-full\" srcset=\"https:\/\/me.yrittajat.fi\/app\/uploads\/sites\/81\/2024\/06\/tyopajapaiva-nettisivuille-932-x-441-px6.jpg 932w, https:\/\/me.yrittajat.fi\/app\/uploads\/sites\/81\/2024\/06\/tyopajapaiva-nettisivuille-932-x-441-px6-300x142.jpg 300w, https:\/\/me.yrittajat.fi\/app\/uploads\/sites\/81\/2024\/06\/tyopajapaiva-nettisivuille-932-x-441-px6-768x363.jpg 768w\" sizes=\"auto, (max-width: 932px) 100vw, 932px\" \/><\/a><\/figure><div class=\"wp-block-media-text__content\">\n<p>Uutiset<\/p>\n<\/div><\/div>\n\n\n\n<div class=\"wp-block-media-text is-stacked-on-mobile\" style=\"grid-template-columns:25% auto\"><figure class=\"wp-block-media-text__media\"><a href=\"https:\/\/me.yrittajat.fi\/vastuu-kannattaa\/uutiskirjeet\/\"><img loading=\"lazy\" decoding=\"async\" width=\"932\" height=\"441\" src=\"https:\/\/me.yrittajat.fi\/vastuu-kannattaa\/app\/uploads\/sites\/81\/2024\/08\/tyopajapaiva-nettisivuille-932-x-441-px12.jpg\" alt=\"\" class=\"wp-image-761 size-full\" srcset=\"https:\/\/me.yrittajat.fi\/app\/uploads\/sites\/81\/2024\/08\/tyopajapaiva-nettisivuille-932-x-441-px12.jpg 932w, https:\/\/me.yrittajat.fi\/app\/uploads\/sites\/81\/2024\/08\/tyopajapaiva-nettisivuille-932-x-441-px12-300x142.jpg 300w, https:\/\/me.yrittajat.fi\/app\/uploads\/sites\/81\/2024\/08\/tyopajapaiva-nettisivuille-932-x-441-px12-768x363.jpg 768w\" sizes=\"auto, (max-width: 932px) 100vw, 932px\" \/><\/a><\/figure><div class=\"wp-block-media-text__content\">\n<p>Vastuu kannattaa -uutiskirjeet<\/p>\n<\/div><\/div>\n","protected":false},"excerpt":{"rendered":"<p>Tervetuloa Vastuullinen yritystoiminta Pohjois-Karjalassa -kehitt\u00e4misohjelman lukusalii Lukusalista l\u00f6yd\u00e4t Vastuu kannattaa blogin, koottuja yritystarinoita, vastuullisuuteen liittyvi\u00e4 uutisia, sek\u00e4 Vastuu kannattaa -uutiskirjeet. Vastuu kannattaa blogi Yritystarinat Uutiset Vastuu kannattaa -uutiskirjeet<\/p>\n","protected":false},"author":72,"featured_media":410,"parent":0,"menu_order":0,"comment_status":"closed","ping_status":"closed","template":"","meta":{"_acf_changed":false,"footnotes":""},"class_list":["post-717","page","type-page","status-publish","has-post-thumbnail","hentry"],"acf":[],"_links":{"self":[{"href":"https:\/\/me.yrittajat.fi\/vastuu-kannattaa\/wp-json\/wp\/v2\/pages\/717","targetHints":{"allow":["GET"]}}],"collection":[{"href":"https:\/\/me.yrittajat.fi\/vastuu-kannattaa\/wp-json\/wp\/v2\/pages"}],"about":[{"href":"https:\/\/me.yrittajat.fi\/vastuu-kannattaa\/wp-json\/wp\/v2\/types\/page"}],"author":[{"embeddable":true,"href":"https:\/\/me.yrittajat.fi\/vastuu-kannattaa\/wp-json\/wp\/v2\/users\/72"}],"replies":[{"embeddable":true,"href":"https:\/\/me.yrittajat.fi\/vastuu-kannattaa\/wp-json\/wp\/v2\/comments?post=717"}],"version-history":[{"count":8,"href":"https:\/\/me.yrittajat.fi\/vastuu-kannattaa\/wp-json\/wp\/v2\/pages\/717\/revisions"}],"predecessor-version":[{"id":977,"href":"https:\/\/me.yrittajat.fi\/vastuu-kannattaa\/wp-json\/wp\/v2\/pages\/717\/revisions\/977"}],"wp:featuredmedia":[{"embeddable":true,"href":"https:\/\/me.yrittajat.fi\/vastuu-kannattaa\/wp-json\/wp\/v2\/media\/410"}],"wp:attachment":[{"href":"https:\/\/me.yrittajat.fi\/vastuu-kannattaa\/wp-json\/wp\/v2\/media?parent=717"}],"curies":[{"name":"wp","href":"https:\/\/api.w.org\/{rel}","templated":true}]}}