{"id":164,"date":"2021-10-07T09:46:01","date_gmt":"2021-10-07T06:46:01","guid":{"rendered":"https:\/\/me.yrittajat.fi\/yhdessa-eteenpain\/?page_id=164"},"modified":"2021-10-07T09:46:01","modified_gmt":"2021-10-07T06:46:01","slug":"jutta-larm","status":"publish","type":"page","link":"https:\/\/me.yrittajat.fi\/yhdessa-eteenpain\/etusivu\/yrittajatarinoita\/jutta-larm\/","title":{"rendered":"Jutta Larm"},"content":{"rendered":"\n<h2 class=\"wp-block-heading\">Jutta Larm | Xemax Oy<\/h2>\n\n\n\n<blockquote class=\"wp-block-quote is-style-large is-layout-flow wp-block-quote-is-layout-flow\"><p>&#8220;Lakineuvonta on mielet\u00f6n palvelu!&#8221;<\/p><\/blockquote>\n\n\n\n<p>Jutta Larmin into yritt\u00e4jyyteen alkoi jo pikkutytt\u00f6n\u00e4. Erilaisia aloja onkin takana jo monta. Yritt\u00e4jyyden k\u00e4\u00e4nteiss\u00e4 Larm on luottanut Yritt\u00e4jien apuun ja palveluihin.<br>Suuri yleis\u00f6 tuntee Jutta Larmin FitFarmista. Harva kuitenkaan tiet\u00e4\u00e4, ett\u00e4 yritt\u00e4j\u00e4ura alkoi jo lapsena. Yl\u00e4asteik\u00e4isen\u00e4 h\u00e4n vuokrasi kotipit\u00e4j\u00e4ss\u00e4\u00e4n Virroilla j\u00e4\u00e4tel\u00f6myyntipisteen kes\u00e4n ajaksi.<\/p>\n\n\n\n<p>\u2013 Olin ollut aikaisempina kesin\u00e4 kioskilla t\u00f6iss\u00e4 ja laskin, ett\u00e4 sain kolme kertaa enemm\u00e4n rahaa yritt\u00e4j\u00e4n\u00e4 verrattuna siihen, ett\u00e4 olisin jatkanut ty\u00f6ntekij\u00e4n\u00e4. Siit\u00e4 tuli vau-efekti.<\/p>\n\n\n\n<p>\u2013 Yritt\u00e4j\u00e4m\u00e4isyys on l\u00e4htenyt is\u00e4lt\u00e4ni, joka pit\u00e4\u00e4 edelleen parturi-kampaamoa, vaikka t\u00e4ytt\u00e4\u00e4 t\u00e4n\u00e4 vuonna jo 80 vuotta, Larm jatkaa.<\/p>\n\n\n\n<p>Jutta Larmin yritt\u00e4j\u00e4taipaleeseen on mahtunut monta alaa ja polulle on osunut my\u00f6s vaikeitakin hetki\u00e4, mutta Larm on silti jaksanut jatkaa.<\/p>\n\n\n\n<p>\u2013 Hienointa yritt\u00e4j\u00e4n luonteessa on, ett\u00e4 jaksaa vaan yritt\u00e4\u00e4, h\u00e4n summaa. Jutta Larm pit\u00e4\u00e4 t\u00e4rke\u00e4n\u00e4, ett\u00e4 yritt\u00e4jill\u00e4 on taho, joka pit\u00e4\u00e4 heid\u00e4n puoltaan. Siksi h\u00e4n on Yritt\u00e4jien j\u00e4sen.<\/p>\n\n\n\n<p>\u2013 Joskus itsellekin on tullut pyynt\u00f6j\u00e4, ett\u00e4 l\u00e4hde politiikkaan ajamaan yritt\u00e4jien asioita, mutta ei minusta ehk\u00e4 siihen ole. N\u00e4en t\u00e4rke\u00e4n\u00e4, ett\u00e4 joku muu puhuu mun suulla. Yritt\u00e4jill\u00e4 p\u00e4\u00e4s\u00e4\u00e4nt\u00f6isesti samat tarpeet ja n\u00e4kemykset ja jonkun pit\u00e4\u00e4 vied\u00e4 viesti\u00e4 p\u00e4\u00e4tt\u00e4jille. Vaikea sit\u00e4 on yksin vied\u00e4, isommalla porukalla onnistuu paremmin, h\u00e4n selvitt\u00e4\u00e4.<\/p>\n\n\n\n<p>\u2013 Ehk\u00e4 koen my\u00f6s kunnia-asiana, ett\u00e4 yritt\u00e4jien pit\u00e4\u00e4 vet\u00e4\u00e4 yht\u00e4 k\u00f6ytt\u00e4, Larm jatkaa.<\/p>\n\n\n\n<p>Yritt\u00e4j\u00e4j\u00e4rjest\u00f6 on ollut h\u00e4nelle my\u00f6s avuksi ja hy\u00f6dyksi.<\/p>\n\n\n\n<p>\u2013 Lakineuvonta on mielet\u00f6n palvelu. Olemme k\u00e4ytt\u00e4neet, kun on ollut juridisia tarpeita. L\u00e4hinn\u00e4 ty\u00f6sopimuksiin ja ty\u00f6suhteisiin liittyen.<\/p>\n\n\n\n<h3 class=\"wp-block-heading\">Unelmasta tulossa totta<\/h3>\n\n\n\n<p>Jutta Larmin uusin hanke on saanut palstatilaa jo hyviss\u00e4 ajoin ennen toiminnan aloittamista. Kyseess\u00e4 on Kuru Resort Rantasalmella. Alkuper\u00e4isen\u00e4 ajatuksena oli rakentaa keskus Yl\u00f6j\u00e4rvelle, mutta hanke kariutui.<\/p>\n\n\n\n<p>\u2013 Olimme jo pitk\u00e4ll\u00e4, mutta Ely-keskuksen tekem\u00e4 valitus kaatoi hankkeen. Kun vastoink\u00e4ymisest\u00e4 p\u00e4\u00e4si jaloilleen, ajattelin, ett\u00e4 kaikella on tarkoitus.<\/p>\n\n\n\n<p>Uusi mahdollisuus tarjoutui pian Hotel &amp; Spa Resort J\u00e4rvisyd\u00e4men naapurista.<\/p>\n\n\n\n<p>\u2013 Omistaja otti yhteytt\u00e4 ja sanoi, ett\u00e4 h\u00e4nell\u00e4 on J\u00e4rvisyd\u00e4men hienoin paikka varattuna meille. Unelmastamme tuli totta. Nyt olen itse asiassa kiitollinen Ely-keskukselle, ett\u00e4 se torppasi hankkeen.<\/p>\n\n\n\n<p>\u2013 P\u00e4\u00e4rakennuksessa on ravintola, rentoutustilat ja dayspa. Taloudellisesti t\u00e4m\u00e4 on merkitt\u00e4v\u00e4 investointi, mutta ei se pelota. Tied\u00e4np\u00e4h\u00e4n aamulla, miksi her\u00e4\u00e4n tekem\u00e4\u00e4n t\u00f6it\u00e4, Larm toteaa.<\/p>\n\n\n\n<p>Koronakriisi on n\u00e4kynyt Xemaxissa etenkin kuntosalien sulkeutumisen my\u00f6t\u00e4.<\/p>\n\n\n\n<p>\u2013 Aivan aluksi oli huomattavissa kuluttajien rahank\u00e4yt\u00f6n tiukentuminen. Kev\u00e4\u00e4ll\u00e4 2021 kuntosalit olivat kiinni lain m\u00e4\u00e4r\u00e4\u00e4m\u00e4n\u00e4, joten t\u00e4ll\u00e4 luonnollisesti on kuntosalivalmentamiseen valtava vaikutus, Larm sanoo.<\/p>\n","protected":false},"excerpt":{"rendered":"<p>Jutta Larm | Xemax Oy &#8220;Lakineuvonta on mielet\u00f6n palvelu!&#8221; Jutta Larmin into yritt\u00e4jyyteen alkoi jo pikkutytt\u00f6n\u00e4. Erilaisia aloja onkin takana jo monta. Yritt\u00e4jyyden k\u00e4\u00e4nteiss\u00e4 Larm on luottanut Yritt\u00e4jien apuun ja palveluihin.Suuri yleis\u00f6 tuntee Jutta Larmin FitFarmista. Harva kuitenkaan tiet\u00e4\u00e4, ett\u00e4 yritt\u00e4j\u00e4ura alkoi jo lapsena. Yl\u00e4asteik\u00e4isen\u00e4 h\u00e4n vuokrasi kotipit\u00e4j\u00e4ss\u00e4\u00e4n Virroilla j\u00e4\u00e4tel\u00f6myyntipisteen kes\u00e4n ajaksi. \u2013 Olin ollut &hellip; <a href=\"https:\/\/me.yrittajat.fi\/yhdessa-eteenpain\/etusivu\/yrittajatarinoita\/jutta-larm\/\">Lue lis\u00e4\u00e4<\/a><\/p>\n","protected":false},"author":4,"featured_media":93,"parent":107,"menu_order":60,"comment_status":"closed","ping_status":"closed","template":"","meta":{"_acf_changed":false,"footnotes":""},"class_list":["post-164","page","type-page","status-publish","has-post-thumbnail","hentry"],"acf":[],"_links":{"self":[{"href":"https:\/\/me.yrittajat.fi\/yhdessa-eteenpain\/wp-json\/wp\/v2\/pages\/164","targetHints":{"allow":["GET"]}}],"collection":[{"href":"https:\/\/me.yrittajat.fi\/yhdessa-eteenpain\/wp-json\/wp\/v2\/pages"}],"about":[{"href":"https:\/\/me.yrittajat.fi\/yhdessa-eteenpain\/wp-json\/wp\/v2\/types\/page"}],"author":[{"embeddable":true,"href":"https:\/\/me.yrittajat.fi\/yhdessa-eteenpain\/wp-json\/wp\/v2\/users\/4"}],"replies":[{"embeddable":true,"href":"https:\/\/me.yrittajat.fi\/yhdessa-eteenpain\/wp-json\/wp\/v2\/comments?post=164"}],"version-history":[{"count":2,"href":"https:\/\/me.yrittajat.fi\/yhdessa-eteenpain\/wp-json\/wp\/v2\/pages\/164\/revisions"}],"predecessor-version":[{"id":166,"href":"https:\/\/me.yrittajat.fi\/yhdessa-eteenpain\/wp-json\/wp\/v2\/pages\/164\/revisions\/166"}],"up":[{"embeddable":true,"href":"https:\/\/me.yrittajat.fi\/yhdessa-eteenpain\/wp-json\/wp\/v2\/pages\/107"}],"wp:featuredmedia":[{"embeddable":true,"href":"https:\/\/me.yrittajat.fi\/yhdessa-eteenpain\/wp-json\/wp\/v2\/media\/93"}],"wp:attachment":[{"href":"https:\/\/me.yrittajat.fi\/yhdessa-eteenpain\/wp-json\/wp\/v2\/media?parent=164"}],"curies":[{"name":"wp","href":"https:\/\/api.w.org\/{rel}","templated":true}]}}