{"id":193,"date":"2021-10-07T16:17:10","date_gmt":"2021-10-07T13:17:10","guid":{"rendered":"https:\/\/me.yrittajat.fi\/yhdessa-eteenpain\/?page_id=193"},"modified":"2021-10-07T16:18:30","modified_gmt":"2021-10-07T13:18:30","slug":"tuula-siren-makela","status":"publish","type":"page","link":"https:\/\/me.yrittajat.fi\/yhdessa-eteenpain\/etusivu\/yrittajatarinoita\/tuula-siren-makela\/","title":{"rendered":"Tuula Sir\u00e9n-M\u00e4kel\u00e4"},"content":{"rendered":"\n<blockquote class=\"wp-block-quote is-style-large is-layout-flow wp-block-quote-is-layout-flow\"><p>\u201dHiljaisen p\u00e4iv\u00e4n kurimukseen ei pid\u00e4 j\u00e4\u00e4d\u00e4 lojumaan!\u201d<\/p><\/blockquote>\n\n\n\n<p>Loimaan Bello Mondossa asiakas saa tutkiskella vaatteita avarissa tiloissa ja vaikka kahvikupillisen samalla nauttien. Tuula Sir\u00e9n-M\u00e4kel\u00e4 auttaa jokaista l\u00f6yt\u00e4m\u00e4\u00e4n juuri oikean asun, sill\u00e4 yksil\u00f6llinen palvelu on pienyritt\u00e4j\u00e4n valtti. Loimaalla Yritt\u00e4jien yhteisty\u00f6ll\u00e4 on pitk\u00e4t perinteet: siell\u00e4 osataan antaa apua toinen toisilleen.<\/p>\n\n\n\n<p>Heti yritt\u00e4j\u00e4ksi ryhtyess\u00e4\u00e4n Tuula Sir\u00e9n-M\u00e4kel\u00e4lle oli selv\u00e4\u00e4, ett\u00e4 toisista kannattaa hakea tukea. Ison perheen tytt\u00e4ren\u00e4 h\u00e4n oli tottunut siihen, ett\u00e4 porukalla p\u00e4rj\u00e4t\u00e4\u00e4n paremmin. H\u00e4n liittyi saman tien Yritt\u00e4jiin, ja on ollut siit\u00e4 asti aktiivisesti mukana j\u00e4rjest\u00f6iss\u00e4. Paikalliset yritt\u00e4j\u00e4t tunnetaan yhteisist\u00e4 markkinointitempauksistaan ja hyv\u00e4st\u00e4 yhteishengest\u00e4.<\/p>\n\n\n\n<p>\u2013 Nyt poikkeusaikoina toistemme kannustaminen on erityisen t\u00e4rke\u00e4\u00e4. Hiljaisen p\u00e4iv\u00e4n kurimukseen ei pid\u00e4 j\u00e4\u00e4d\u00e4 lojumaan! Yrit\u00e4mme yhdess\u00e4 selvit\u00e4, iloitsemme my\u00f6s naapuriyritt\u00e4j\u00e4n menestyksest\u00e4 ja ohjaamme asiakkaita toinen toisillemme, Tuula Sir\u00e9n-M\u00e4kel\u00e4 sanoo.<\/p>\n\n\n\n<h3 class=\"wp-block-heading\">Sitkeys kannatti<\/h3>\n\n\n\n<p>Oma naisten \u2013 ja kohta my\u00f6s miesten \u2013 vaatteita myyv\u00e4 puoti on Sir\u00e9n-M\u00e4kel\u00e4lle etappi pitk\u00e4ll\u00e4 ty\u00f6uralla. Nuoresta asti palveluammateissa ty\u00f6skennelleell\u00e4 h\u00e4nell\u00e4 on kokemusta niin apteekin kuin silm\u00e4lasiliikkeen ty\u00f6st\u00e4. Ty\u00f6skennelty\u00e4\u00e4n vaatealalla puolitoista vuotta h\u00e4n sai kipin\u00e4n: t\u00e4m\u00e4 voisi olla oma juttu.<\/p>\n\n\n\n<p>\u2013 Perustin oman yritykseni Loimaalle vuonna 2008. L\u00f6ysin mieluisan liiketilan, jonka sitkeydell\u00e4 puhuin itselleni toisten vuokralaistarjokkaiden j\u00e4\u00e4dess\u00e4 nuolemaan n\u00e4ppej\u00e4\u00e4n. Niin syntyi Bello Mondo, naisten laatuvaatteisiin keskittyv\u00e4 yritykseni, Sir\u00e9n-M\u00e4kel\u00e4 kertoo.<\/p>\n\n\n\n<p>H\u00e4n arvelee perineens\u00e4 \u00e4idilt\u00e4\u00e4n karjalaisen el\u00e4m\u00e4nilon ja is\u00e4lt\u00e4\u00e4n h\u00e4m\u00e4l\u00e4isen harkitsevuuden \u2013 y\u00f6n yli nukkumisen taidon. Molemmat ovat olleet t\u00e4rkeit\u00e4 avuja yritt\u00e4j\u00e4n taipaleella.<\/p>\n\n\n\n<h3 class=\"wp-block-heading\">Uutta luomassa<\/h3>\n\n\n\n<p>Koronan ensimm\u00e4isen aallon aikana Tuula Sir\u00e9n-M\u00e4kel\u00e4 joutui sulkemaan liikkeen puoleksitoista kuukaudeksi. Jo aiemmin perustetun nettikaupan avulla h\u00e4n pystyi onneksi palvelemaan asiakkaitaan. Kaupassa on h\u00e4nen lis\u00e4kseen kaksi puolikasta ty\u00f6p\u00e4iv\u00e4\u00e4 tekev\u00e4\u00e4 ty\u00f6ntekij\u00e4\u00e4, ja my\u00f6s harjoittelijoita on jatkuvasti oppimassa alaa.<\/p>\n\n\n\n<p>Bello Mondossa kokeillaan l\u00e4hiaikoina my\u00f6s miesten muodin pieni\u00e4 sarjoja. Yritt\u00e4j\u00e4 kuuntelee tarkasti asiakkaiden toiveita.<\/p>\n\n\n\n<p>\u2013 Olen kouluttanut itse\u00e4ni jatkuvasti muun muassa pukeutumisneuvonnan ja digimarkkinoinnin kursseilla. Varsinkin vaikeina aikoina pit\u00e4\u00e4 luoda uutta eik\u00e4 panna p\u00e4\u00e4t\u00e4 pensaaseen. Kun kaikkensa yritt\u00e4\u00e4, on ainakin itse tehnyt parhaansa!<\/p>\n","protected":false},"excerpt":{"rendered":"<p>\u201dHiljaisen p\u00e4iv\u00e4n kurimukseen ei pid\u00e4 j\u00e4\u00e4d\u00e4 lojumaan!\u201d Loimaan Bello Mondossa asiakas saa tutkiskella vaatteita avarissa tiloissa ja vaikka kahvikupillisen samalla nauttien. Tuula Sir\u00e9n-M\u00e4kel\u00e4 auttaa jokaista l\u00f6yt\u00e4m\u00e4\u00e4n juuri oikean asun, sill\u00e4 yksil\u00f6llinen palvelu on pienyritt\u00e4j\u00e4n valtti. Loimaalla Yritt\u00e4jien yhteisty\u00f6ll\u00e4 on pitk\u00e4t perinteet: siell\u00e4 osataan antaa apua toinen toisilleen. Heti yritt\u00e4j\u00e4ksi ryhtyess\u00e4\u00e4n Tuula Sir\u00e9n-M\u00e4kel\u00e4lle oli selv\u00e4\u00e4, ett\u00e4 &hellip; <a href=\"https:\/\/me.yrittajat.fi\/yhdessa-eteenpain\/etusivu\/yrittajatarinoita\/tuula-siren-makela\/\">Lue lis\u00e4\u00e4<\/a><\/p>\n","protected":false},"author":4,"featured_media":93,"parent":107,"menu_order":100,"comment_status":"closed","ping_status":"closed","template":"","meta":{"_acf_changed":false,"footnotes":""},"class_list":["post-193","page","type-page","status-publish","has-post-thumbnail","hentry"],"acf":[],"_links":{"self":[{"href":"https:\/\/me.yrittajat.fi\/yhdessa-eteenpain\/wp-json\/wp\/v2\/pages\/193","targetHints":{"allow":["GET"]}}],"collection":[{"href":"https:\/\/me.yrittajat.fi\/yhdessa-eteenpain\/wp-json\/wp\/v2\/pages"}],"about":[{"href":"https:\/\/me.yrittajat.fi\/yhdessa-eteenpain\/wp-json\/wp\/v2\/types\/page"}],"author":[{"embeddable":true,"href":"https:\/\/me.yrittajat.fi\/yhdessa-eteenpain\/wp-json\/wp\/v2\/users\/4"}],"replies":[{"embeddable":true,"href":"https:\/\/me.yrittajat.fi\/yhdessa-eteenpain\/wp-json\/wp\/v2\/comments?post=193"}],"version-history":[{"count":4,"href":"https:\/\/me.yrittajat.fi\/yhdessa-eteenpain\/wp-json\/wp\/v2\/pages\/193\/revisions"}],"predecessor-version":[{"id":198,"href":"https:\/\/me.yrittajat.fi\/yhdessa-eteenpain\/wp-json\/wp\/v2\/pages\/193\/revisions\/198"}],"up":[{"embeddable":true,"href":"https:\/\/me.yrittajat.fi\/yhdessa-eteenpain\/wp-json\/wp\/v2\/pages\/107"}],"wp:featuredmedia":[{"embeddable":true,"href":"https:\/\/me.yrittajat.fi\/yhdessa-eteenpain\/wp-json\/wp\/v2\/media\/93"}],"wp:attachment":[{"href":"https:\/\/me.yrittajat.fi\/yhdessa-eteenpain\/wp-json\/wp\/v2\/media?parent=193"}],"curies":[{"name":"wp","href":"https:\/\/api.w.org\/{rel}","templated":true}]}}