{"id":3,"date":"2021-10-06T12:17:11","date_gmt":"2021-10-06T09:17:11","guid":{"rendered":"https:\/\/me.yrittajat.fi\/yhdessa-eteenpain\/etusivu\/"},"modified":"2022-10-06T10:15:02","modified_gmt":"2022-10-06T07:15:02","slug":"etusivu","status":"publish","type":"page","link":"https:\/\/me.yrittajat.fi\/yhdessa-eteenpain\/","title":{"rendered":"Yhdess\u00e4 eteenp\u00e4in"},"content":{"rendered":"\n<h2 class=\"has-text-align-center wp-block-heading\">JOKAINEN SANKARI ANSAITSEE TAUSTATUKEA<\/h2>\n\n\n\n<p>Yritt\u00e4jyyteen mahtuu haasteita ja iloa, menetyksi\u00e4 ja menestyst\u00e4. Me Yritt\u00e4j\u00e4t olemme tukenasi \u2013 olit sitten yksinyritt\u00e4j\u00e4, ty\u00f6nantaja, vasta-alkaja tai vanha konkari.<\/p>\n\n\n\n<p>Jokainen tarvitsee joskus apua. Neuvomme, koulutamme ja opastamme. Koko Suomen kattavasta verkostostamme l\u00f6yd\u00e4t yhteisty\u00f6kumppaneita ja asiakkaita.<\/p>\n\n\n\n<p>Ja koska kukaan ei yksin pysty valvomaan etujaan lains\u00e4\u00e4d\u00e4nn\u00f6n kehityksess\u00e4, teemme sen kaikkien yritt\u00e4jien puolesta.<\/p>\n\n\n\n<p>Liity j\u00e4seneksi!<\/p>\n\n\n\n<figure class=\"wp-block-pullquote\"><blockquote><p><strong>J\u00c4SENEN\u00c4 SAAT ENEMM\u00c4N<\/strong><\/p><\/blockquote><\/figure>\n\n\n\n\t<section id=\"gb-several-lifts-block_615d6cb2413d8\"\n\t         class=\"gb-several-lifts gb-several-lifts-block_615d6cb2413d8\">\n\t\t<div class=\"gb-several-lifts__row\">\n\n\t\t\t\t\t\t\t<div class=\"gb-several-lifts__item\">\n\t\t\t\t\t\n<div class=\"b-lift-item\">\n\t<div class=\"b-lift-item__inner\">\n\t\t\t\t\t<img decoding=\"async\" class=\"b-lift-item__image\"\n\t\t\t     src=\"https:\/\/me.yrittajat.fi\/app\/uploads\/sites\/12\/2021\/10\/SY_ikoni_sin_lakipalvelut_vaaka.png\"\n\t\t\t     alt=\"Lakipalvelua kuvaava ikoni\">\n\t\t\n\t\t\n<div class=\"b-metas-title-content\">\n\t\n\t\t\t<h3 class=\"b-metas-title-content__title b-metas-title-content__title--size-m\">\n\t\t\t\t\t\t\tMAKSUTON NEUVONTAPALVELU\t\t\t\t\t\t<\/h3>\n\t\n\t\n\t\t\t<div class=\"b-metas-title-content__content readmore-container\">\n\t\t\t\t\t\t\t<p>Ongelmia?<br \/>\r\nSaat avun nopeasti asiantuntijoiltamme.<\/p>\n\n\t\t\t\t\t\t<\/div>\n\t<\/div>\n\t<\/div>\n<\/div>\n\t\t\t\t<\/div>\n\t\t\t\t\t\t\t<div class=\"gb-several-lifts__item\">\n\t\t\t\t\t\n<div class=\"b-lift-item\">\n\t<div class=\"b-lift-item__inner\">\n\t\t\t\t\t<img decoding=\"async\" class=\"b-lift-item__image\"\n\t\t\t     src=\"https:\/\/me.yrittajat.fi\/app\/uploads\/sites\/12\/2021\/10\/SY_ikoni_sin_jasenedut_vaaka.png\"\n\t\t\t     alt=\"Ikoni rahanarvoisista j\u00e4seneduista\">\n\t\t\n\t\t\n<div class=\"b-metas-title-content\">\n\t\n\t\t\t<h3 class=\"b-metas-title-content__title b-metas-title-content__title--size-m\">\n\t\t\t\t\t\t\tRAHANARVOISET J\u00c4SENEDUT\t\t\t\t\t\t<\/h3>\n\t\n\t\n\t\t\t<div class=\"b-metas-title-content__content readmore-container\">\n\t\t\t\t\t\t\t<p>J\u00e4senen\u00e4 saat alennusta kumppaneiltammeja s\u00e4\u00e4st\u00e4t selv\u00e4\u00e4 rahaa.<\/p>\n\n\t\t\t\t\t\t<\/div>\n\t<\/div>\n\t<\/div>\n<\/div>\n\t\t\t\t<\/div>\n\t\t\t\t\t\t\t<div class=\"gb-several-lifts__item\">\n\t\t\t\t\t\n<div class=\"b-lift-item\">\n\t<div class=\"b-lift-item__inner\">\n\t\t\t\t\t<img decoding=\"async\" class=\"b-lift-item__image\"\n\t\t\t     src=\"https:\/\/me.yrittajat.fi\/app\/uploads\/sites\/12\/2021\/10\/SY_ikoni_sin_verkosto_vaaka.png\"\n\t\t\t     alt=\"Ikuni verkostosta\">\n\t\t\n\t\t\n<div class=\"b-metas-title-content\">\n\t\n\t\t\t<h3 class=\"b-metas-title-content__title b-metas-title-content__title--size-m\">\n\t\t\t\t\t\t\tVERKOSTOT JA YHTEIS\u00d6 TUKENASI\t\t\t\t\t\t<\/h3>\n\t\n\t\n\t\t\t<div class=\"b-metas-title-content__content readmore-container\">\n\t\t\t\t\t\t\t<p>Saat verkostomme k\u00e4ytt\u00f6\u00f6si. L\u00f6yd\u00e4 kumppaneita tai asiakkaita.<\/p>\n\n\t\t\t\t\t\t<\/div>\n\t<\/div>\n\t<\/div>\n<\/div>\n\t\t\t\t<\/div>\n\t\t\t\n\t\t<\/div>\n\t<\/section>\n\n\n\n\n\t<section id=\"gb-several-lifts-block_615d6d2a835c8\"\n\t         class=\"gb-several-lifts gb-several-lifts-block_615d6d2a835c8\">\n\t\t<div class=\"gb-several-lifts__row\">\n\n\t\t\t\t\t\t\t<div class=\"gb-several-lifts__item\">\n\t\t\t\t\t\n<div class=\"b-lift-item\">\n\t<div class=\"b-lift-item__inner\">\n\t\t\t\t\t<img decoding=\"async\" class=\"b-lift-item__image\"\n\t\t\t     src=\"https:\/\/me.yrittajat.fi\/app\/uploads\/sites\/12\/2021\/10\/SY_ikoni_sin_koulutus_vaaka.png\"\n\t\t\t     alt=\"Koulutusta kuvaava ikoni\">\n\t\t\n\t\t\n<div class=\"b-metas-title-content\">\n\t\n\t\t\t<h3 class=\"b-metas-title-content__title b-metas-title-content__title--size-m\">\n\t\t\t\t\t\t\tJ\u00c4SENHINTAISET KOULUTUKSET\t\t\t\t\t\t<\/h3>\n\t\n\t\n\t\t\t<div class=\"b-metas-title-content__content readmore-container\">\n\t\t\t\t\t\t\t<p>Kanssamme p\u00e4ivit\u00e4t osaamisesi huippukuntoon j\u00e4senetuhinnoilla.<\/p>\n\n\t\t\t\t\t\t<\/div>\n\t<\/div>\n\t<\/div>\n<\/div>\n\t\t\t\t<\/div>\n\t\t\t\t\t\t\t<div class=\"gb-several-lifts__item\">\n\t\t\t\t\t\n<div class=\"b-lift-item\">\n\t<div class=\"b-lift-item__inner\">\n\t\t\t\t\t<img decoding=\"async\" class=\"b-lift-item__image\"\n\t\t\t     src=\"https:\/\/me.yrittajat.fi\/app\/uploads\/sites\/12\/2021\/10\/SY_ikoni_sin_tietokone_vaaka.png\"\n\t\t\t     alt=\"Tietokoneen kuva\">\n\t\t\n\t\t\n<div class=\"b-metas-title-content\">\n\t\n\t\t\t<h3 class=\"b-metas-title-content__title b-metas-title-content__title--size-m\">\n\t\t\t\t\t\t\tYRITT\u00c4J\u00c4LLE T\u00c4RKE\u00c4 TIETO\t\t\t\t\t\t<\/h3>\n\t\n\t\n\t\t\t<div class=\"b-metas-title-content__content readmore-container\">\n\t\t\t\t\t\t\t<p>Yritt\u00e4j\u00e4t.fist\u00e4 luotettavaa tietoa, neuvoa, oppaita ja asiakirjapankki.<\/p>\n\n\t\t\t\t\t\t<\/div>\n\t<\/div>\n\t<\/div>\n<\/div>\n\t\t\t\t<\/div>\n\t\t\t\t\t\t\t<div class=\"gb-several-lifts__item\">\n\t\t\t\t\t\n<div class=\"b-lift-item\">\n\t<div class=\"b-lift-item__inner\">\n\t\t\t\t\t<img decoding=\"async\" class=\"b-lift-item__image\"\n\t\t\t     src=\"https:\/\/me.yrittajat.fi\/app\/uploads\/sites\/12\/2021\/10\/SY_ikoni_sin_peukku_vaaka.png\"\n\t\t\t     alt=\"Vaikutamme puolestasi\">\n\t\t\n\t\t\n<div class=\"b-metas-title-content\">\n\t\n\t\t\t<h3 class=\"b-metas-title-content__title b-metas-title-content__title--size-m\">\n\t\t\t\t\t\t\tVAIKUTAMME PUOLESTASI\t\t\t\t\t\t<\/h3>\n\t\n\t\n\t\t\t<div class=\"b-metas-title-content__content readmore-container\">\n\t\t\t\t\t\t\t<p>Yksin on vaikea saada \u00e4\u00e4nt\u00e4ns\u00e4 kuulumaan.Me pid\u00e4mme puoliasi.<\/p>\n\n\t\t\t\t\t\t<\/div>\n\t<\/div>\n\t<\/div>\n<\/div>\n\t\t\t\t<\/div>\n\t\t\t\n\t\t<\/div>\n\t<\/section>\n\n\n\n\n\t<div id=\"gb-background-block_615d939c77205\" class=\"gb-background gb-background-block_615d939c77205 bg-white\">\n\t\t<div class=\"container\">\n\t\t\t<div class=\"gutenberg-content\">\n\t\t\t\t\t\t\t\t\n\n<div class=\"wp-block-columns is-layout-flex wp-container-core-columns-is-layout-1 wp-block-columns-is-layout-flex\">\n<div class=\"wp-block-column is-layout-flow wp-block-column-is-layout-flow\" style=\"flex-basis:100%\"><\/div>\n<\/div>\n\n\n\n<h2 class=\"has-text-align-center wp-block-heading\">VALTAKUNNALLISTA JA PAIKALLISTA VAIKUTTAMISTA PK-YRITT\u00c4JIEN PUOLESTA.<\/h2>\n\n\n\t\t\t<\/div>\n\t\t<\/div>\n\t<\/div>\n\n\n\n\n\t<div id=\"gb-price-lift-block_615d94baf3fbc\" class=\"gb-price-lift gb-price-lift-block_615d94baf3fbc\">\n\t\t\t\t\t<div class=\"gb-price-lift__items\">\n\t\t\t\t\t\t\t\t\t\t<div class=\"gb-price-lift__item\">\n\t\t\t\t\t\t\t<div class=\"gb-price-lift__item-wrap\">\n\t\t\t\t\t\t\t\t\t\t\t\t\t\t\t\t\t<div class=\"gb-price-lift__item-icon\">\n\t\t\t\t\t\t\t\t\t\t<svg xmlns=\"http:\/\/www.w3.org\/2000\/svg\" viewBox=\"0 0 70 64\"><path fill=\"#937c4f\" d=\"M9.63 63.63a4.375 4.375 0 01-4.375-4.375V43.942A4.375 4.375 0 01.88 39.569V26.443a6.563 6.563 0 016.563-6.563h13.125a6.562 6.562 0 016.562 6.563v13.125a4.375 4.375 0 01-4.375 4.375v15.312a4.375 4.375 0 01-4.375 4.375zM7.442 24.255a2.056 2.056 0 00-2.187 2.188v13.125H9.63v19.687h8.75V39.567h4.375V26.444a2.057 2.057 0 00-2.188-2.188zM14 17.69a8.75 8.75 0 110-17.5 8.75 8.75 0 010 17.5zm0-13.125a4.375 4.375 0 100 8.75 4.375 4.375 0 000-8.75zM51.63 63.63a4.375 4.375 0 01-4.375-4.375V43.942a4.375 4.375 0 01-4.375-4.374V26.443a6.563 6.563 0 016.562-6.563h13.125a6.562 6.562 0 016.563 6.563v13.125a4.375 4.375 0 01-4.375 4.375v15.312a4.375 4.375 0 01-4.375 4.375zm-2.188-39.375a2.056 2.056 0 00-2.187 2.188v13.125h4.375v19.687h8.75V39.567h4.375V26.444a2.057 2.057 0 00-2.187-2.188zM56 17.69a8.75 8.75 0 110-17.5 8.75 8.75 0 010 17.5zm0-13.125a4.375 4.375 0 100 8.75 4.375 4.375 0 000-8.75z\"\/><\/svg>\t\t\t\t\t\t\t\t\t<\/div>\n\t\t\t\t\t\t\t\t\t\t\t\t\t\t\t\t\t<p class=\"gb-price-lift__item-pre-price\">HY\u00d6DYNN\u00c4 EDUT JA LIITY J\u00c4SENEKSI!<\/p>\n\t\t\t\t\t\t\t\t\t<a class=\"b-button b-button--color-white b-button--style-\"\n\t   href=\"https:\/\/www.yrittajat.fi\/\"\n\t   target=\"\">\n\n\t\t<span class=\"b-button__title\">\n\t\t\tLiity j\u00e4seneksi!\t\t<\/span>\n\n\t\t\t\t\t<span class=\"b-button__icon\">\n\t\t\t\t<svg xmlns=\"http:\/\/www.w3.org\/2000\/svg\" viewBox=\"0 0 9 14\"><path d=\"M2.001 13.664a1.333 1.333 0 01-.954-2.272l.007-.008 4.414-4.386-4.24-4.414A1.333 1.333 0 113.12.704l5.147 5.334a1.333 1.333 0 010 1.866l-5.334 5.334a1.333 1.333 0 01-.933.426z\"\/><\/svg>\t\t\t<\/span>\n\t\t\t<\/a>\n\t\t\t\t\t\t\t<\/div>\n\t\t\t\t\t\t<\/div>\n\t\t\t\t\t\t\t\t\t<\/div>\n\t\t\t<\/div>\n\n\n\n\n<h2 class=\"has-text-align-center wp-block-heading\">YRITT\u00c4JYYS ON ENEMM\u00c4N KUIN YRITT\u00c4MIST\u00c4, SE ON EL\u00c4M\u00c4NTAPA<\/h2>\n\n\n\n<p><strong>J\u00e4senemme kertovat innostavia yritt\u00e4j\u00e4tarinoita monenlaisista haasteista ja menestyksen hetkist\u00e4.<\/strong><\/p>\n\n\n\n<div class=\"wp-block-columns is-layout-flex wp-container-core-columns-is-layout-2 wp-block-columns-is-layout-flex\">\n<div class=\"wp-block-column is-layout-flow wp-block-column-is-layout-flow\">\n<figure class=\"wp-block-embed is-type-video is-provider-youtube wp-block-embed-youtube\"><div class=\"wp-block-embed__wrapper\">\n<iframe loading=\"lazy\" title=\"Yritt\u00e4j\u00e4t - \u00c4l\u00e4 j\u00e4\u00e4 yksin\" width=\"500\" height=\"281\" src=\"https:\/\/www.youtube.com\/embed\/fYP6qqpKjW0?feature=oembed\" frameborder=\"0\" allow=\"accelerometer; autoplay; clipboard-write; encrypted-media; gyroscope; picture-in-picture; web-share\" referrerpolicy=\"strict-origin-when-cross-origin\" allowfullscreen><\/iframe>\n<\/div><\/figure>\n<\/div>\n\n\n\n<div class=\"wp-block-column is-layout-flow wp-block-column-is-layout-flow\">\n<h3 class=\"wp-block-heading\">KAIUS GESTRANIUS<\/h3>\n\n\n\n<p><em>\u201dIdeoiden pallottelu on valtavan t\u00e4rke\u00e4\u00e4\u201d<\/em><br><a href=\"https:\/\/me.yrittajat.fi\/yhdessa-eteenpain\/yrittajatarinoita\/kaius-gestranius\/\" data-type=\"page\" data-id=\"143\">Lue Kaiuksen tarina<\/a><\/p>\n\n\n\n<h3 class=\"wp-block-heading\">TUULIKKI CASTR\u00c9N<\/h3>\n\n\n\n<p><em>&#8220;Jonkun on syyt\u00e4 pit\u00e4\u00e4 meteli\u00e4 meist\u00e4kin!\u201d<\/em><br><a href=\"https:\/\/me.yrittajat.fi\/yhdessa-eteenpain\/yrittajatarinoita\/tuulikki-castren\/\" data-type=\"page\" data-id=\"132\">Lue Tuulikin tarina<\/a><\/p>\n<\/div>\n\n\n\n<div class=\"wp-block-column is-layout-flow wp-block-column-is-layout-flow\">\n<h3 class=\"wp-block-heading\">SAIMI HOYER<\/h3>\n\n\n\n<p><em>&#8220;Vuodet ovat olleet myrskyisi\u00e4.&#8221;<\/em><br><a href=\"https:\/\/me.yrittajat.fi\/yhdessa-eteenpain\/yrittajatarinoita\/saimi-hoyer\/\" data-type=\"page\" data-id=\"148\">Lue Saimin tarina<\/a><\/p>\n\n\n\n<h3 class=\"wp-block-heading\">OUTI KY\u00d6STIL\u00c4<\/h3>\n\n\n\n<p><em>\u201dHaluan edist\u00e4\u00e4 oman kunnan elinvoimaa kaikin keinoin.\u201d<\/em><br><a href=\"https:\/\/me.yrittajat.fi\/yhdessa-eteenpain\/yrittajatarinoita\/outi-kyostila\/\" data-type=\"page\" data-id=\"161\">Lue Outin tarina<\/a><\/p>\n<\/div>\n<\/div>\n\n\n\n<p><\/p>\n","protected":false},"excerpt":{"rendered":"<p>JOKAINEN SANKARI ANSAITSEE TAUSTATUKEA Yritt\u00e4jyyteen mahtuu haasteita ja iloa, menetyksi\u00e4 ja menestyst\u00e4. Me Yritt\u00e4j\u00e4t olemme tukenasi \u2013 olit sitten yksinyritt\u00e4j\u00e4, ty\u00f6nantaja, vasta-alkaja tai vanha konkari. Jokainen tarvitsee joskus apua. Neuvomme, koulutamme ja opastamme. Koko Suomen kattavasta verkostostamme l\u00f6yd\u00e4t yhteisty\u00f6kumppaneita ja asiakkaita. Ja koska kukaan ei yksin pysty valvomaan etujaan lains\u00e4\u00e4d\u00e4nn\u00f6n kehityksess\u00e4, teemme sen kaikkien yritt\u00e4jien &hellip; <a href=\"https:\/\/me.yrittajat.fi\/yhdessa-eteenpain\/\">Lue lis\u00e4\u00e4<\/a><\/p>\n","protected":false},"author":4,"featured_media":93,"parent":0,"menu_order":0,"comment_status":"closed","ping_status":"closed","template":"page-template-wide.php","meta":{"_acf_changed":false,"footnotes":""},"class_list":["post-3","page","type-page","status-publish","has-post-thumbnail","hentry"],"acf":[],"_links":{"self":[{"href":"https:\/\/me.yrittajat.fi\/yhdessa-eteenpain\/wp-json\/wp\/v2\/pages\/3","targetHints":{"allow":["GET"]}}],"collection":[{"href":"https:\/\/me.yrittajat.fi\/yhdessa-eteenpain\/wp-json\/wp\/v2\/pages"}],"about":[{"href":"https:\/\/me.yrittajat.fi\/yhdessa-eteenpain\/wp-json\/wp\/v2\/types\/page"}],"author":[{"embeddable":true,"href":"https:\/\/me.yrittajat.fi\/yhdessa-eteenpain\/wp-json\/wp\/v2\/users\/4"}],"replies":[{"embeddable":true,"href":"https:\/\/me.yrittajat.fi\/yhdessa-eteenpain\/wp-json\/wp\/v2\/comments?post=3"}],"version-history":[{"count":86,"href":"https:\/\/me.yrittajat.fi\/yhdessa-eteenpain\/wp-json\/wp\/v2\/pages\/3\/revisions"}],"predecessor-version":[{"id":262,"href":"https:\/\/me.yrittajat.fi\/yhdessa-eteenpain\/wp-json\/wp\/v2\/pages\/3\/revisions\/262"}],"wp:featuredmedia":[{"embeddable":true,"href":"https:\/\/me.yrittajat.fi\/yhdessa-eteenpain\/wp-json\/wp\/v2\/media\/93"}],"wp:attachment":[{"href":"https:\/\/me.yrittajat.fi\/yhdessa-eteenpain\/wp-json\/wp\/v2\/media?parent=3"}],"curies":[{"name":"wp","href":"https:\/\/api.w.org\/{rel}","templated":true}]}}