{"id":3,"date":"2021-12-16T11:19:19","date_gmt":"2021-12-16T09:19:19","guid":{"rendered":"https:\/\/me.yrittajat.fi\/yrittajaplus\/etusivu\/"},"modified":"2025-10-13T16:27:09","modified_gmt":"2025-10-13T13:27:09","slug":"etusivu","status":"publish","type":"page","link":"https:\/\/me.yrittajat.fi\/yrittajaplus\/","title":{"rendered":"Etusivu"},"content":{"rendered":"\n<div class=\"wp-block-media-text alignwide is-stacked-on-mobile\" style=\"grid-template-columns:54% auto\"><figure class=\"wp-block-media-text__media\"><a href=\"https:\/\/link.webropolsurveys.com\/Participation\/Public\/6e6e2c57-2e67-4970-b272-49b99cc9568f?displayId=Fin1890860\"><img loading=\"lazy\" decoding=\"async\" width=\"1024\" height=\"536\" src=\"https:\/\/me.yrittajat.fi\/app\/uploads\/sites\/30\/2025\/10\/yrittaja-plus_tilaus_2025_1200x628-1024x536.png\" alt=\"\" class=\"wp-image-180 size-full\" srcset=\"https:\/\/me.yrittajat.fi\/app\/uploads\/sites\/30\/2025\/10\/yrittaja-plus_tilaus_2025_1200x628-1024x536.png 1024w, https:\/\/me.yrittajat.fi\/app\/uploads\/sites\/30\/2025\/10\/yrittaja-plus_tilaus_2025_1200x628-300x157.png 300w, https:\/\/me.yrittajat.fi\/app\/uploads\/sites\/30\/2025\/10\/yrittaja-plus_tilaus_2025_1200x628-768x402.png 768w, https:\/\/me.yrittajat.fi\/app\/uploads\/sites\/30\/2025\/10\/yrittaja-plus_tilaus_2025_1200x628-1536x803.png 1536w, https:\/\/me.yrittajat.fi\/app\/uploads\/sites\/30\/2025\/10\/yrittaja-plus_tilaus_2025_1200x628.png 1667w\" sizes=\"auto, (max-width: 1024px) 100vw, 1024px\" \/><\/a><\/figure><div class=\"wp-block-media-text__content\">\n<p><strong>Pysy kartalla yritt\u00e4jyyden ilmi\u00f6ist\u00e4 &#8211; tilaa  Yritt\u00e4j\u00e4 Plus<\/strong> <strong>-lehti!<\/strong><\/p>\n\n\n\n<p>Yritt\u00e4j\u00e4 Plus on ainoa aikakauslehti, joka on tehty juuri yritt\u00e4jille \u2013 yrityksen kokoon katsomatta. Se taustoittaa sinulle ajankohtaisimmat yritt\u00e4jyyden muutokset, puhuu kielt\u00e4si ja antaa modernia n\u00e4k\u00f6kulmaa yritt\u00e4miseen. Lehti kulkee mukana arjessasi, antaa inspiraatiota ja auttaa menestym\u00e4\u00e4n.<\/p>\n\n\n\t<div id=\"gb-button-block_707ff15fc49ef33bdfc8c98e8ce023b8\" class=\"gb-button gb-button-block_707ff15fc49ef33bdfc8c98e8ce023b8\">\n\t\t\t\t\t\t<a class=\"b-button b-button--color- b-button--style-\"\n\t   href=\"https:\/\/link.webropolsurveys.com\/Participation\/Public\/6e6e2c57-2e67-4970-b272-49b99cc9568f?displayId=Fin1890860\"\n\t   target=\"_self\">\n\n\t\t<span class=\"b-button__title\">\n\t\t\tTilaa lehti\t\t<\/span>\n\n\t\t\t\t\t<span class=\"b-button__icon\">\n\t\t\t\t<svg xmlns=\"http:\/\/www.w3.org\/2000\/svg\" viewBox=\"0 0 9 14\"><path d=\"M2.001 13.664a1.333 1.333 0 01-.954-2.272l.007-.008 4.414-4.386-4.24-4.414A1.333 1.333 0 113.12.704l5.147 5.334a1.333 1.333 0 010 1.866l-5.334 5.334a1.333 1.333 0 01-.933.426z\"\/><\/svg>\t\t\t<\/span>\n\t\t\t<\/a>\n\t\t\t<\/div>\n<\/div><\/div>\n\n\n\n<h2 class=\"wp-block-heading\">Mit\u00e4 Yritt\u00e4j\u00e4 Plus tarjoaa?<\/h2>\n\n\n\n<p><strong>Kiinnostavat kollegayritt\u00e4j\u00e4t: <\/strong>Tarinoita tuoreista, omaper\u00e4isist\u00e4 ja kehutuista yritt\u00e4jist\u00e4 sek\u00e4 syv\u00e4sukelluksia pys\u00e4ytt\u00e4viin k\u00e4\u00e4nnekohtiin, jotka muuttivat yritt\u00e4j\u00e4n el\u00e4m\u00e4n. <\/p>\n\n\n\n<p><strong>Onnistujat:<\/strong> Menestystarinoita pk-yrityksist\u00e4, jotka ovat kasvoivat isoiksi. Miten se tapahtui ja mit\u00e4 onnenkantamoisia tai haasteita matkan varrelle osui? Inspiroidu ja nappaa askelmerkit talteen heid\u00e4n menestyksest\u00e4\u00e4n!<\/p>\n\n\n\n<p><strong>Kumppanit:<\/strong> Kukaan ei osaa kaikkea yksin. Lue, miten monipuolisia ty\u00f6pareja yritt\u00e4jyyden ymp\u00e4rill\u00e4 syntyy ja miten erilaiset yritt\u00e4j\u00e4kaksikot ovat saaneet yhteisty\u00f6ns\u00e4 pelaamaan.<\/p>\n\n\n\n<p><strong>Startup-p\u00f6hin\u00e4\u00e4: <\/strong>Startup-kent\u00e4ll\u00e4 tapahtuu ja kovaa. Joka numerossa kurkistamme yhden startup-yritt\u00e4j\u00e4n arkeen.<\/p>\n\n\n\n<p><strong>Ilmi\u00f6t:<\/strong> Mik\u00e4 ilmi\u00f6 yritt\u00e4jyyden ymp\u00e4rill\u00e4 puhuttaa nyt? Onko se digitalisaatio, yksinyritt\u00e4jyys vai ehk\u00e4 alustatalous? Avaamme yritt\u00e4jyyden pelikentt\u00e4\u00e4 v\u00e4ritt\u00e4v\u00e4t ja yritt\u00e4j\u00e4n arkea muokkaavat ilmi\u00f6t helposti hahmotettaviksi kokonaisuuksiksi. Lue ja tied\u00e4t, mist\u00e4 nyt puhutaan!<\/p>\n\n\n\n<p>Yritt\u00e4j\u00e4 Plus -aikakauslehti ilmestyy kuusi kertaa vuodessa.<\/p>\n\n\n\t<div id=\"gb-button-block_42bae970caf46fe8eedd9248a4265eaf\" class=\"gb-button gb-button-block_42bae970caf46fe8eedd9248a4265eaf\">\n\t\t\t\t\t\t<a class=\"b-button b-button--color- b-button--style-\"\n\t   href=\"https:\/\/link.webropolsurveys.com\/Participation\/Public\/6e6e2c57-2e67-4970-b272-49b99cc9568f?displayId=Fin1890860\"\n\t   target=\"_self\">\n\n\t\t<span class=\"b-button__title\">\n\t\t\tTilaa t\u00e4st\u00e4\t\t<\/span>\n\n\t\t\t\t\t<span class=\"b-button__icon\">\n\t\t\t\t<svg xmlns=\"http:\/\/www.w3.org\/2000\/svg\" viewBox=\"0 0 9 14\"><path d=\"M2.001 13.664a1.333 1.333 0 01-.954-2.272l.007-.008 4.414-4.386-4.24-4.414A1.333 1.333 0 113.12.704l5.147 5.334a1.333 1.333 0 010 1.866l-5.334 5.334a1.333 1.333 0 01-.933.426z\"\/><\/svg>\t\t\t<\/span>\n\t\t\t<\/a>\n\t\t\t<\/div>\n\n\n\n<p>Jos olet kiinnostanut Yritt\u00e4j\u00e4medioissa mainostamisesta, siirry Yritt\u00e4j\u00e4medioiden sivuille\u00a0<a href=\"https:\/\/www.yrittajat.fi\/tietoa-meista\/yrittajamediat\/ilmoitukset-ja-mediakortit\/\" data-type=\"link\" data-id=\"https:\/\/www.yrittajat.fi\/tietoa-meista\/yrittajamediat\/ilmoitukset-ja-mediakortit\/\">t\u00e4\u00e4lt\u00e4<\/a>.<\/p>\n\n\n\n<figure class=\"wp-block-image size-large\"><img loading=\"lazy\" decoding=\"async\" width=\"1024\" height=\"236\" src=\"https:\/\/me.yrittajat.fi\/app\/uploads\/sites\/30\/2025\/10\/yrittaja-plus-kannet-2025_1536x354-1024x236.jpg\" alt=\"\" class=\"wp-image-179\" srcset=\"https:\/\/me.yrittajat.fi\/app\/uploads\/sites\/30\/2025\/10\/yrittaja-plus-kannet-2025_1536x354-1024x236.jpg 1024w, https:\/\/me.yrittajat.fi\/app\/uploads\/sites\/30\/2025\/10\/yrittaja-plus-kannet-2025_1536x354-300x69.jpg 300w, https:\/\/me.yrittajat.fi\/app\/uploads\/sites\/30\/2025\/10\/yrittaja-plus-kannet-2025_1536x354-768x177.jpg 768w, https:\/\/me.yrittajat.fi\/app\/uploads\/sites\/30\/2025\/10\/yrittaja-plus-kannet-2025_1536x354-1536x354.jpg 1536w, https:\/\/me.yrittajat.fi\/app\/uploads\/sites\/30\/2025\/10\/yrittaja-plus-kannet-2025_1536x354.jpg 2000w\" sizes=\"auto, (max-width: 1024px) 100vw, 1024px\" \/><\/figure>\n","protected":false},"excerpt":{"rendered":"<p>Mit\u00e4 Yritt\u00e4j\u00e4 Plus tarjoaa? Kiinnostavat kollegayritt\u00e4j\u00e4t: Tarinoita tuoreista, omaper\u00e4isist\u00e4 ja kehutuista yritt\u00e4jist\u00e4 sek\u00e4 syv\u00e4sukelluksia pys\u00e4ytt\u00e4viin k\u00e4\u00e4nnekohtiin, jotka muuttivat yritt\u00e4j\u00e4n el\u00e4m\u00e4n. Onnistujat: Menestystarinoita pk-yrityksist\u00e4, jotka ovat kasvoivat isoiksi. Miten se tapahtui ja mit\u00e4 onnenkantamoisia tai haasteita matkan varrelle osui? Inspiroidu ja nappaa askelmerkit talteen heid\u00e4n menestyksest\u00e4\u00e4n! Kumppanit: Kukaan ei osaa kaikkea yksin. Lue, miten monipuolisia ty\u00f6pareja &hellip; <a href=\"https:\/\/me.yrittajat.fi\/yrittajaplus\/\">Lue lis\u00e4\u00e4<\/a><\/p>\n","protected":false},"author":4,"featured_media":60,"parent":0,"menu_order":0,"comment_status":"closed","ping_status":"closed","template":"","meta":{"_acf_changed":false,"footnotes":""},"class_list":["post-3","page","type-page","status-publish","has-post-thumbnail","hentry"],"acf":[],"_links":{"self":[{"href":"https:\/\/me.yrittajat.fi\/yrittajaplus\/wp-json\/wp\/v2\/pages\/3","targetHints":{"allow":["GET"]}}],"collection":[{"href":"https:\/\/me.yrittajat.fi\/yrittajaplus\/wp-json\/wp\/v2\/pages"}],"about":[{"href":"https:\/\/me.yrittajat.fi\/yrittajaplus\/wp-json\/wp\/v2\/types\/page"}],"author":[{"embeddable":true,"href":"https:\/\/me.yrittajat.fi\/yrittajaplus\/wp-json\/wp\/v2\/users\/4"}],"replies":[{"embeddable":true,"href":"https:\/\/me.yrittajat.fi\/yrittajaplus\/wp-json\/wp\/v2\/comments?post=3"}],"version-history":[{"count":5,"href":"https:\/\/me.yrittajat.fi\/yrittajaplus\/wp-json\/wp\/v2\/pages\/3\/revisions"}],"predecessor-version":[{"id":183,"href":"https:\/\/me.yrittajat.fi\/yrittajaplus\/wp-json\/wp\/v2\/pages\/3\/revisions\/183"}],"wp:featuredmedia":[{"embeddable":true,"href":"https:\/\/me.yrittajat.fi\/yrittajaplus\/wp-json\/wp\/v2\/media\/60"}],"wp:attachment":[{"href":"https:\/\/me.yrittajat.fi\/yrittajaplus\/wp-json\/wp\/v2\/media?parent=3"}],"curies":[{"name":"wp","href":"https:\/\/api.w.org\/{rel}","templated":true}]}}